{"id":9644,"date":"2006-09-27T16:25:00","date_gmt":"2006-09-27T14:25:00","guid":{"rendered":"https:\/\/www.dbu.de\/termine\/dwa-bundestagung\/"},"modified":"2023-04-03T13:40:00","modified_gmt":"2023-04-03T11:40:00","slug":"dwa-bundestagung","status":"publish","type":"termine","link":"https:\/\/www.dbu.de\/en\/termine\/dwa-bundestagung\/","title":{"rendered":"DWA-Bundestagung"},"content":{"rendered":"<p>2353<\/p>\n","protected":false},"excerpt":{"rendered":"<p>Die Deutsche Vereinigung f\u00fcr Wasserwirtschaft, Abwasser und Abfall e. V. (DWA) l\u00e4dt am 27. und 28. September 2006 zur Bundestagung in der Stadthalle Osnabr\u00fcck ein.<\/p>\n","protected":false},"author":1,"featured_media":0,"template":"","meta":{"footnotes":""},"categories":[12,13],"tags":[64],"class_list":["post-9644","termine","type-termine","status-publish","hentry","category-dbu","category-zuk","tag-niedersachsen"],"meta_box":{"dbu_termin_start":"2006-09-27 16:25:00","dbu_termin_end":"2006-09-28 16:25:00","dbu_termin_veranstalter":"","dbu_headerimage_cover":"","dbu_submenu":"","dbu_submenu_position":"","dbu_submenu_entry":[]},"_links":{"self":[{"href":"https:\/\/www.dbu.de\/en\/wp-json\/wp\/v2\/termine\/9644","targetHints":{"allow":["GET"]}}],"collection":[{"href":"https:\/\/www.dbu.de\/en\/wp-json\/wp\/v2\/termine"}],"about":[{"href":"https:\/\/www.dbu.de\/en\/wp-json\/wp\/v2\/types\/termine"}],"author":[{"embeddable":true,"href":"https:\/\/www.dbu.de\/en\/wp-json\/wp\/v2\/users\/1"}],"version-history":[{"count":1,"href":"https:\/\/www.dbu.de\/en\/wp-json\/wp\/v2\/termine\/9644\/revisions"}],"predecessor-version":[{"id":16573,"href":"https:\/\/www.dbu.de\/en\/wp-json\/wp\/v2\/termine\/9644\/revisions\/16573"}],"wp:attachment":[{"href":"https:\/\/www.dbu.de\/en\/wp-json\/wp\/v2\/media?parent=9644"}],"wp:term":[{"taxonomy":"category","embeddable":true,"href":"https:\/\/www.dbu.de\/en\/wp-json\/wp\/v2\/categories?post=9644"},{"taxonomy":"post_tag","embeddable":true,"href":"https:\/\/www.dbu.de\/en\/wp-json\/wp\/v2\/tags?post=9644"}],"curies":[{"name":"wp","href":"https:\/\/api.w.org\/{rel}","templated":true}]}}

<p>Die Deutsche Vereinigung für Wasserwirtschaft, Abwasser und Abfall e. V. (DWA) lädt am 27. und 28. September 2006 zur Bundestagung in der Stadthalle Osnabrück ein.</p>
