{"id":9633,"date":"2004-06-21T08:00:00","date_gmt":"2004-06-21T06:00:00","guid":{"rendered":"https:\/\/www.dbu.de\/termine\/zukunft-der-windenergie\/"},"modified":"2023-04-03T13:40:00","modified_gmt":"2023-04-03T11:40:00","slug":"zukunft-der-windenergie","status":"publish","type":"termine","link":"https:\/\/www.dbu.de\/en\/termine\/zukunft-der-windenergie\/","title":{"rendered":"Zukunft der Windenergie"},"content":{"rendered":"<p>630<\/p>\n","protected":false},"excerpt":{"rendered":"<p>Konflikte, Perspektiven und L\u00f6sungen in Sachen Windenergie er\u00f6rterten zahlreiche Fachleute am 21. Juni 2004 anl\u00e4sslich einer DBU-Fachtagung im Zentrum f\u00fcr Umweltkommunikation (ZUK\/Osnabr\u00fcck).<\/p>\n","protected":false},"author":1,"featured_media":0,"template":"","meta":{"footnotes":""},"categories":[12,13],"tags":[331],"class_list":["post-9633","termine","type-termine","status-publish","hentry","category-dbu","category-zuk","tag-331"],"meta_box":{"dbu_termin_start":"2004-06-21 08:00:00","dbu_termin_end":"2004-06-21 18:00:00","dbu_termin_veranstalter":"","dbu_headerimage_cover":"","dbu_submenu":"","dbu_submenu_position":"","dbu_submenu_entry":[]},"_links":{"self":[{"href":"https:\/\/www.dbu.de\/en\/wp-json\/wp\/v2\/termine\/9633","targetHints":{"allow":["GET"]}}],"collection":[{"href":"https:\/\/www.dbu.de\/en\/wp-json\/wp\/v2\/termine"}],"about":[{"href":"https:\/\/www.dbu.de\/en\/wp-json\/wp\/v2\/types\/termine"}],"author":[{"embeddable":true,"href":"https:\/\/www.dbu.de\/en\/wp-json\/wp\/v2\/users\/1"}],"version-history":[{"count":1,"href":"https:\/\/www.dbu.de\/en\/wp-json\/wp\/v2\/termine\/9633\/revisions"}],"predecessor-version":[{"id":16584,"href":"https:\/\/www.dbu.de\/en\/wp-json\/wp\/v2\/termine\/9633\/revisions\/16584"}],"wp:attachment":[{"href":"https:\/\/www.dbu.de\/en\/wp-json\/wp\/v2\/media?parent=9633"}],"wp:term":[{"taxonomy":"category","embeddable":true,"href":"https:\/\/www.dbu.de\/en\/wp-json\/wp\/v2\/categories?post=9633"},{"taxonomy":"post_tag","embeddable":true,"href":"https:\/\/www.dbu.de\/en\/wp-json\/wp\/v2\/tags?post=9633"}],"curies":[{"name":"wp","href":"https:\/\/api.w.org\/{rel}","templated":true}]}}

<p>Konflikte, Perspektiven und Lösungen in Sachen Windenergie erörterten zahlreiche Fachleute am 21. Juni 2004 anlässlich einer DBU-Fachtagung im Zentrum für Umweltkommunikation (ZUK/Osnabrück).</p>
