{"id":27533,"date":"2024-11-27T10:48:06","date_gmt":"2024-11-27T09:48:06","guid":{"rendered":"https:\/\/www.dbu.de\/projektdatenbank\/35861-01\/"},"modified":"2024-11-27T10:48:10","modified_gmt":"2024-11-27T09:48:10","slug":"35861-01","status":"publish","type":"projektdatenbank","link":"https:\/\/www.dbu.de\/en\/projektdatenbank\/35861-01\/","title":{"rendered":"Milieuschutz versus Klimaschutz? &#8211; Strategien zur Vereinbarung von klimagerechter mit sozialvertr\u00e4glicher Quartiersentwicklung (Vorphase)"},"content":{"rendered":"<p>Zielsetzung und Anlass des Vorhabens<\/p>\n<p>In Milieuschutzgebieten wird ein Zielkonflikt zwischen sozialer Stadt und Klimaneutralita?t deutlich, wenn durch die Kosten von energetischen Modernisierungen die soziale Erhaltung gef\u00e4hrdet ist. Damit ist die Anpassung des Geba?udebestandes an die Anforderungen des Klimaschutzes derzeit schwer m\u00f6glich. Energetische Sanierungen unterbleiben oder m\u00fcssen im Falle versagt werden, um die Umlage der Kosten auf die Mieter*innen und damit soziale Folgen und Verdr\u00e4ngung auszuschlie\u00dfen. Mit den aktuellen Voraussetzungen und Interessenlagen wie auch Anreiz-Strukturen entsteht damit ein praktischer Widerspruch zwischen Milieu- und Klimaschutz. Das Projekt hat zum Ziel diese komplexe Problemstellung zu erschlie\u00dfen, um innovative, wissenschaftlich fundierte und umsetzungsfa?hige sowie quartiersbezogene Strategien zu erarbeiten, die den Zielkonflikt, der insbesondere in Milieuschutzgebieten exemplarisch hervortritt, beilegen zu k\u00f6nnen \u0096 sprich f\u00fcr eine sozialvertr\u00e4gliche energetische Quartiersentwicklung.<\/p>\n<p>Darstellung der Arbeitsschritte und der angewandten MethodenDas Vorhaben gliedert sich insgesamt in zwei Phasen, die aufbauend und formativ die komplexe Materie aufbereiten und L\u00f6sungswege aufzeigen helfen. Gegenstand dieses Projekts ist die Phase EINS (Vorphase), die auf die Fortf\u00fchrung in einer Phase ZWEI zielt. Im Gesamt-Ergebnis soll ein \u0084Werkzeugkasten\u0093 mit Orientierungs- und Handlungsoptionen f\u00fcr Verwaltung, Eigentu?mer*innen, Mie-ter*innen, Planung und Bauwesen entstehen. Das Projekt wird anhand von zwei Referenz-Quartieren in Berlin Charlottenburg-Wilmersdorf und Berlin Neuk\u00f6lln mit lokalen und \u00fcbergeordneten Akteur*innen durchgef\u00fchrt.<br \/>\nIn Phase EINS werden daf\u00fcr die Grundlagen gelegt. Die Arbeitspakete der Phase EINS sind entlang der Kompetenzen der beteiligten Partner*innen FG BES, insar, FG BB und zkg strukturiert. In einem partizipativen Ansatz werden zun\u00e4chst Stakeholder*innen identifiziert, um einen kollaborativen und ko-kreativen Zugang zu den Problemstellungen zu erschlie\u00dfen. Eingef\u00fchrt wird dieser Prozess mit der am FG BES entwickelten und von insar in der Praxis vertieften Methode \u0084Urban Design Thinking\u0093, im Workshop-Format mit zwei \u0084MvK-Labs\u0093. Parallel dazu wird ein Rechenmodell f\u00fcr eine integrierte CO2-\u00e4quivalente Quartiers-Bilanzierung durch das FG BB aufgestellt, um Wirkungen von bisherigen und zuk\u00fcnftigen Ma\u00dfnahmen, insbesondere in Kombination und auf Quartiersebene, \u00fcberpr\u00fcfen zu k\u00f6nnen. Zudem bietet die Bilanzierung eine Grundlage zur digitalen Anwendung f\u00fcr Evaluation und Monitoring, die als Entscheidungshilfe die Partizipationsfa?higkeit unterst\u00fctzen kann. Die Aufgaben von zkg liegen in der Projektsteuerung, der Umsetzung des transdisziplina?ren Dialogs und Arbeitsprozesses, die f\u00fcr sich eine durchg\u00e4ngige S\u00e4ule des Projekts darstellen, sowie im Stakeholder*innen-Approach und in der digitalen Entwicklung.<\/p>\n<p>Wesentliches Ziel der Phase ZWEI wird es sein, auf den Grundlagen der Phase EINS aufbauend, innovative Lo?sungsstrategien sowie konkrete Ma\u00dfnahmen zu entwickeln, deren \u00f6kologische und soziale Wirkungen zu erfassen und kontextuell zu bewerten, und diese Modellvorhaben in den Quartieren zuzuordnen.<\/p>\n<p>Ergebnisse und Diskussion<\/p>\n<p>Die erste Projektphase hat im Spiegel der klima- und energiepolitischen Aktualit\u00e4t eindr\u00fccklich die Relevanz der Thematik best\u00e4tigt, die anhand von Milieuschutzgebieten zugespitzt zu beobachten und untersuchen ist. Zun\u00e4chst offenbarte der Stakeholder*innen-Approach ein differenziertes Feld von sachlichen und interessenseitigen Faktoren sowie strukturellen H\u00fcrden. Positiv dabei ist, dass ein \u00fcbergeordnetes Verst\u00e4ndnis f\u00fcr die dringliche Notwendigkeit, die klimatischen und sozialen Ziele zu vereinbaren, zu bestehen scheint \u0096 anhand der beteiligten Stakeholder*innen, die repr\u00e4sentativ die unterschiedlichen Interessen abbilden. Dies zeigte sich in den Ergebnissen der \u0084MvK-Labs\u0093 und der Diskussion, im Bericht anhand der Statements wiedergegeben. Ebenso zeigte sich jedoch, dass auch die Beteiligung noch essenzielle Grenzen aufweist. Wesentlich sind die Beteiligung und die Bereitschaft sowie auch M\u00f6glichkeiten auf Eigent\u00fcmer*innenseite zur sozialvertr\u00e4glichen energetischen Sanierung. Herausforderungen sind unter anderem die heterogene Einzeleigent\u00fcmer*innenschaft, die f\u00fcr viele innerst\u00e4dtische Lagen gegeben ist, womit der Untersuchung in den Referenzquartieren eine exemplarisch Relevanz zukommt. Andere strukturelle H\u00fcrden, wie in der Kommunikation und Information sowie in der Dynamik, Klarheit und Anwendbarkeit von Regelungen wirken verst\u00e4rkend. Die ko-kreative Methode best\u00e4tigte sich als zielf\u00fchrend zur konsequenten Beteiligung, vor allem Identifikation von komplexen Problemstellung bzw. Erarbeitung kollaborativer Ma\u00dfnahmen. Gleichzeitig sind breite Erschlie\u00dfung und Bewertung von bestehenden und zuk\u00fcnftig m\u00f6glichen Ma\u00dfnahmen essenziell. F\u00fcr die klimatische Bewertung von Ma\u00dfnahmen, erfolgte eine Bestands- und Datenerfassung und wurde eine CO2-\u00e4quivalente Berechnungsbasis geschaffen, bei der zun\u00e4chst die ma\u00dfgeblich beeinflussbaren emittierenden Sektoren Geb\u00e4ude und Verkehr auf Quartiersebene betrachtet wurden. Dem folgt die Betrachtung weiterer einwirkender bzw. mindernder Faktoren sowie die CO2-Bilanzierung auf die in einem Haushalt bzw. Quartier lebenden Personen abzustellen. Zur digitalen Umsetzung sowie Anwendung wurden die Grundlagen gelegt. Demgegen\u00fcber, f\u00fcr die ganzheitliche Betrachtung der sozialen bzw. gesellschaftlichen Wirkungen, ist eine transdisziplin\u00e4re Bewertung von N\u00f6ten, basierend auf der Stakeholder*innen-Beteiligung sowie daf\u00fcr eine systematische Erfassung im Kontext von Quartiers- sowie \u00fcbergeordneten Faktoren. Wobei wechselseitig Einflussgr\u00f6\u00dfen sozio-kultureller und \u00f6konomischer, politischer und regulativer Art sowohl die sozialen als auch klimatischen Wirkungen betreffen. Die Grundlagen und Zug\u00e4nge wurden mit den beteiligten Bezirks\u00e4mtern f\u00fcr die Praxis reflektiert und dienten folglich der fortlaufenden Konzeption f\u00fcr die zweite Projektphase.<\/p>\n<p>\u00d6ffentlichkeitsarbeit und Pr\u00e4sentation<\/p>\n<p>Mit der konsequenten Stakeholder*innen-Arbeit sowie den ko-kreativen \u0084MvK-Labs\u0093 waren die \u00d6ffentlichkeitsarbeit und Pr\u00e4sentation des Vorhabens methodisch und inhaltlich integrierte und wesentliche Bestandteile der Projektarbeit. Die Stakeholder*innen wirkten dabei als Vertreter*innen und Multiplikator*innen bez\u00fcglich ihrer Interessen- und Zielgruppen. Hierdurch wurde das Projekt in den amtlichen und \u00f6ffentlichen Gremien der Bezirke vermittelt, ebenso auf Landesebene sowie im fachlichen Kreis der Verb\u00e4nde und im wissenschaftlichen Umfeld \u00fcber die Dissemination an der TU Berlin. Hierf\u00fcr wurden zur Vermittlung digitale Inhalte bilateral, online sowie auch \u00fcber soziale Medien zur Verf\u00fcgung gestellt und verwendet.<\/p>\n<p>Fazit<\/p>\n<p>Die Phase EINS des MvK-Projekts hat einen multiperspektivischen und transdisziplin\u00e4ren Zugang zu der komplexen Problemstellung geschaffen und damit wesentliche Grundlagen gelegt, f\u00fcr die Entwicklung von L\u00f6sungsstrategien und die Umsetzbarkeit in Form von Ma\u00dfnahmen und anhand von Modellvorhaben in der Phase ZWEI. Die Aktualit\u00e4t und Beispielhaftigkeit zur Vereinbarung der Zielstellungen, die zwischen Milieu- und Klimaschutz pointiert zum Ausdruck kommen, wurden w\u00e4hrend der Projektlaufzeit durch die klima-, geo-, energie- und gesellschaftlich-politischen Entwicklungen deutlich vor Augen gef\u00fchrt. Offensichtlich wurde zudem, dass energetische Modernisierungsma\u00dfnahmen mit dem Ziel der Klimaneutralit\u00e4t wesentlich abh\u00e4ngig von der Nutzung erneuerbaren Energien sind und die Betrachtung und L\u00f6sungen auf Quartiersebene gegen\u00fcber der Geb\u00e4udeebene gr\u00f6\u00dfere Notwendigkeit besitzen. Dabei sind f\u00fcr die Konfliktmoderation insbesondere die geschaffenen M\u00f6glichkeiten zur ko-kreativen Beteiligung der Stakeholder*innen sowie zur Einordnung und Bewertung von Ma\u00dfnahmen relevant. Bei der Einbindung von Stakeholder*innen werden identifizierte H\u00fcrden, wie bzgl. Eigent\u00fcmer*innen, weiteren Entwicklungsbedarf erfordern. Zur Erfassung und Bewertung der klimatischen wie auch ganzheitlichen sozialen Wirkungen \u0096 und um diese zur Anwendung zu bringen \u0096 ist der Ausbau, f\u00fcr erstere, formativ auf der Quartiersebene und, f\u00fcr letztere, der wissenschaftlichen und methodischen Verfasstheit ein Gegenstand der Phase ZWEI.<\/p>\n","protected":false},"excerpt":{"rendered":"<p>Zielsetzung und Anlass des Vorhabens In Milieuschutzgebieten wird ein Zielkonflikt zwischen sozialer Stadt und Klimaneutralita?t deutlich, wenn durch die Kosten von energetischen Modernisierungen die soziale Erhaltung gef\u00e4hrdet ist. Damit ist die Anpassung des Geba?udebestandes an die Anforderungen des Klimaschutzes derzeit schwer m\u00f6glich. Energetische Sanierungen unterbleiben oder m\u00fcssen im Falle versagt werden, um die Umlage der [&hellip;]<\/p>\n","protected":false},"author":0,"featured_media":0,"template":"","meta":{"footnotes":""},"categories":[],"tags":[58,47,2425,52],"class_list":["post-27533","projektdatenbank","type-projektdatenbank","status-publish","hentry","tag-berlin","tag-klimaschutz","tag-kulturgueter","tag-umweltforschung"],"meta_box":{"dbu_projektdatenbank_az_ges":"35861\/01","dbu_projektdatenbank_medien":"","dbu_projektdatenbank_pdfdatei":"","dbu_projektdatenbank_bsumme":"124.969,00","dbu_projektdatenbank_firma":"zukunftsgeraeusche GbR\nc\/o Projektb\u00fcro TU Berlin\nFG Bauphysik und Baukonstruktionen\nSekr. TIB1-B3","dbu_projektdatenbank_strasse":"Gustav-Meyer-Allee 25 \/\/ Geb. 13 b","dbu_projektdatenbank_plz_str":"13355","dbu_projektdatenbank_ort_str":"Berlin","dbu_projektdatenbank_p_von":"2020-12-14 00:00:00","dbu_projektdatenbank_p_bis":"2022-05-31 00:00:00","dbu_projektdatenbank_laufzeit":"1 Jahr und 6 Monate","dbu_projektdatenbank_telefon":"030-314 722 02","dbu_projektdatenbank_inet":"","dbu_projektdatenbank_bundesland":"Berlin","dbu_projektdatenbank_foerderber":"167","dbu_projektdatenbank_ab_bericht":"DBU-Abschlussbericht-AZ-35861_01-Hauptbericht.pdf","dbu_projektdatenbank_ist_nachbewilligung_von":"","dbu_projektdatenbank_hat_nachbewilligung":"","dbu_headerimage_cover":"","dbu_submenu":"","dbu_submenu_position":"","dbu_submenu_entry":[]},"_links":{"self":[{"href":"https:\/\/www.dbu.de\/en\/wp-json\/wp\/v2\/projektdatenbank\/27533","targetHints":{"allow":["GET"]}}],"collection":[{"href":"https:\/\/www.dbu.de\/en\/wp-json\/wp\/v2\/projektdatenbank"}],"about":[{"href":"https:\/\/www.dbu.de\/en\/wp-json\/wp\/v2\/types\/projektdatenbank"}],"version-history":[{"count":1,"href":"https:\/\/www.dbu.de\/en\/wp-json\/wp\/v2\/projektdatenbank\/27533\/revisions"}],"predecessor-version":[{"id":40536,"href":"https:\/\/www.dbu.de\/en\/wp-json\/wp\/v2\/projektdatenbank\/27533\/revisions\/40536"}],"wp:attachment":[{"href":"https:\/\/www.dbu.de\/en\/wp-json\/wp\/v2\/media?parent=27533"}],"wp:term":[{"taxonomy":"category","embeddable":true,"href":"https:\/\/www.dbu.de\/en\/wp-json\/wp\/v2\/categories?post=27533"},{"taxonomy":"post_tag","embeddable":true,"href":"https:\/\/www.dbu.de\/en\/wp-json\/wp\/v2\/tags?post=27533"}],"curies":[{"name":"wp","href":"https:\/\/api.w.org\/{rel}","templated":true}]}}

Milieuschutz versus Klimaschutz? &#8211; Strategien zur Vereinbarung von klimagerechter mit sozialverträglicher Quartiersentwicklung (Vorphase)

<p>Zielsetzung und Anlass des Vorhabens</p>
<p>In Milieuschutzgebieten wird ein Zielkonflikt zwischen sozialer Stadt und Klimaneutralita?t deutlich, wenn durch die Kosten von energetischen Modernisierungen die soziale Erhaltung gefährdet ist. Damit ist die Anpassung des Geba?udebestandes an die Anforderungen des Klimaschutzes derzeit schwer möglich. Energetische Sanierungen unterbleiben oder müssen im Falle versagt werden, um die Umlage der Kosten auf die Mieter*innen und damit soziale Folgen und Verdrängung auszuschließen. Mit den aktuellen Voraussetzungen und Interessenlagen wie auch Anreiz-Strukturen entsteht damit ein praktischer Widerspruch zwischen Milieu- und Klimaschutz. Das Projekt hat zum Ziel diese komplexe Problemstellung zu erschließen, um innovative, wissenschaftlich fundierte und umsetzungsfa?hige sowie quartiersbezogene Strategien zu erarbeiten, die den Zielkonflikt, der insbesondere in Milieuschutzgebieten exemplarisch hervortritt, beilegen zu können  sprich für eine sozialverträgliche energetische Quartiersentwicklung.</p>
<p>Darstellung der Arbeitsschritte und der angewandten MethodenDas Vorhaben gliedert sich insgesamt in zwei Phasen, die aufbauend und formativ die komplexe Materie aufbereiten und Lösungswege aufzeigen helfen. Gegenstand dieses Projekts ist die Phase EINS (Vorphase), die auf die Fortführung in einer Phase ZWEI zielt. Im Gesamt-Ergebnis soll ein Werkzeugkasten mit Orientierungs- und Handlungsoptionen für Verwaltung, Eigentu?mer*innen, Mie-ter*innen, Planung und Bauwesen entstehen. Das Projekt wird anhand von zwei Referenz-Quartieren in Berlin Charlottenburg-Wilmersdorf und Berlin Neukölln mit lokalen und übergeordneten Akteur*innen durchgeführt.<br />
In Phase EINS werden dafür die Grundlagen gelegt. Die Arbeitspakete der Phase EINS sind entlang der Kompetenzen der beteiligten Partner*innen FG BES, insar, FG BB und zkg strukturiert. In einem partizipativen Ansatz werden zunächst Stakeholder*innen identifiziert, um einen kollaborativen und ko-kreativen Zugang zu den Problemstellungen zu erschließen. Eingeführt wird dieser Prozess mit der am FG BES entwickelten und von insar in der Praxis vertieften Methode Urban Design Thinking, im Workshop-Format mit zwei MvK-Labs. Parallel dazu wird ein Rechenmodell für eine integrierte CO2-äquivalente Quartiers-Bilanzierung durch das FG BB aufgestellt, um Wirkungen von bisherigen und zukünftigen Maßnahmen, insbesondere in Kombination und auf Quartiersebene, überprüfen zu können. Zudem bietet die Bilanzierung eine Grundlage zur digitalen Anwendung für Evaluation und Monitoring, die als Entscheidungshilfe die Partizipationsfa?higkeit unterstützen kann. Die Aufgaben von zkg liegen in der Projektsteuerung, der Umsetzung des transdisziplina?ren Dialogs und Arbeitsprozesses, die für sich eine durchgängige Säule des Projekts darstellen, sowie im Stakeholder*innen-Approach und in der digitalen Entwicklung.</p>
<p>Wesentliches Ziel der Phase ZWEI wird es sein, auf den Grundlagen der Phase EINS aufbauend, innovative Lo?sungsstrategien sowie konkrete Maßnahmen zu entwickeln, deren ökologische und soziale Wirkungen zu erfassen und kontextuell zu bewerten, und diese Modellvorhaben in den Quartieren zuzuordnen.</p>
<p>Ergebnisse und Diskussion</p>
<p>Die erste Projektphase hat im Spiegel der klima- und energiepolitischen Aktualität eindrücklich die Relevanz der Thematik bestätigt, die anhand von Milieuschutzgebieten zugespitzt zu beobachten und untersuchen ist. Zunächst offenbarte der Stakeholder*innen-Approach ein differenziertes Feld von sachlichen und interessenseitigen Faktoren sowie strukturellen Hürden. Positiv dabei ist, dass ein übergeordnetes Verständnis für die dringliche Notwendigkeit, die klimatischen und sozialen Ziele zu vereinbaren, zu bestehen scheint  anhand der beteiligten Stakeholder*innen, die repräsentativ die unterschiedlichen Interessen abbilden. Dies zeigte sich in den Ergebnissen der MvK-Labs und der Diskussion, im Bericht anhand der Statements wiedergegeben. Ebenso zeigte sich jedoch, dass auch die Beteiligung noch essenzielle Grenzen aufweist. Wesentlich sind die Beteiligung und die Bereitschaft sowie auch Möglichkeiten auf Eigentümer*innenseite zur sozialverträglichen energetischen Sanierung. Herausforderungen sind unter anderem die heterogene Einzeleigentümer*innenschaft, die für viele innerstädtische Lagen gegeben ist, womit der Untersuchung in den Referenzquartieren eine exemplarisch Relevanz zukommt. Andere strukturelle Hürden, wie in der Kommunikation und Information sowie in der Dynamik, Klarheit und Anwendbarkeit von Regelungen wirken verstärkend. Die ko-kreative Methode bestätigte sich als zielführend zur konsequenten Beteiligung, vor allem Identifikation von komplexen Problemstellung bzw. Erarbeitung kollaborativer Maßnahmen. Gleichzeitig sind breite Erschließung und Bewertung von bestehenden und zukünftig möglichen Maßnahmen essenziell. Für die klimatische Bewertung von Maßnahmen, erfolgte eine Bestands- und Datenerfassung und wurde eine CO2-äquivalente Berechnungsbasis geschaffen, bei der zunächst die maßgeblich beeinflussbaren emittierenden Sektoren Gebäude und Verkehr auf Quartiersebene betrachtet wurden. Dem folgt die Betrachtung weiterer einwirkender bzw. mindernder Faktoren sowie die CO2-Bilanzierung auf die in einem Haushalt bzw. Quartier lebenden Personen abzustellen. Zur digitalen Umsetzung sowie Anwendung wurden die Grundlagen gelegt. Demgegenüber, für die ganzheitliche Betrachtung der sozialen bzw. gesellschaftlichen Wirkungen, ist eine transdisziplinäre Bewertung von Nöten, basierend auf der Stakeholder*innen-Beteiligung sowie dafür eine systematische Erfassung im Kontext von Quartiers- sowie übergeordneten Faktoren. Wobei wechselseitig Einflussgrößen sozio-kultureller und ökonomischer, politischer und regulativer Art sowohl die sozialen als auch klimatischen Wirkungen betreffen. Die Grundlagen und Zugänge wurden mit den beteiligten Bezirksämtern für die Praxis reflektiert und dienten folglich der fortlaufenden Konzeption für die zweite Projektphase.</p>
<p>Öffentlichkeitsarbeit und Präsentation</p>
<p>Mit der konsequenten Stakeholder*innen-Arbeit sowie den ko-kreativen MvK-Labs waren die Öffentlichkeitsarbeit und Präsentation des Vorhabens methodisch und inhaltlich integrierte und wesentliche Bestandteile der Projektarbeit. Die Stakeholder*innen wirkten dabei als Vertreter*innen und Multiplikator*innen bezüglich ihrer Interessen- und Zielgruppen. Hierdurch wurde das Projekt in den amtlichen und öffentlichen Gremien der Bezirke vermittelt, ebenso auf Landesebene sowie im fachlichen Kreis der Verbände und im wissenschaftlichen Umfeld über die Dissemination an der TU Berlin. Hierfür wurden zur Vermittlung digitale Inhalte bilateral, online sowie auch über soziale Medien zur Verfügung gestellt und verwendet.</p>
<p>Fazit</p>
<p>Die Phase EINS des MvK-Projekts hat einen multiperspektivischen und transdisziplinären Zugang zu der komplexen Problemstellung geschaffen und damit wesentliche Grundlagen gelegt, für die Entwicklung von Lösungsstrategien und die Umsetzbarkeit in Form von Maßnahmen und anhand von Modellvorhaben in der Phase ZWEI. Die Aktualität und Beispielhaftigkeit zur Vereinbarung der Zielstellungen, die zwischen Milieu- und Klimaschutz pointiert zum Ausdruck kommen, wurden während der Projektlaufzeit durch die klima-, geo-, energie- und gesellschaftlich-politischen Entwicklungen deutlich vor Augen geführt. Offensichtlich wurde zudem, dass energetische Modernisierungsmaßnahmen mit dem Ziel der Klimaneutralität wesentlich abhängig von der Nutzung erneuerbaren Energien sind und die Betrachtung und Lösungen auf Quartiersebene gegenüber der Gebäudeebene größere Notwendigkeit besitzen. Dabei sind für die Konfliktmoderation insbesondere die geschaffenen Möglichkeiten zur ko-kreativen Beteiligung der Stakeholder*innen sowie zur Einordnung und Bewertung von Maßnahmen relevant. Bei der Einbindung von Stakeholder*innen werden identifizierte Hürden, wie bzgl. Eigentümer*innen, weiteren Entwicklungsbedarf erfordern. Zur Erfassung und Bewertung der klimatischen wie auch ganzheitlichen sozialen Wirkungen  und um diese zur Anwendung zu bringen  ist der Ausbau, für erstere, formativ auf der Quartiersebene und, für letztere, der wissenschaftlichen und methodischen Verfasstheit ein Gegenstand der Phase ZWEI.</p>

<p>Zielsetzung und Anlass des Vorhabens In Milieuschutzgebieten wird ein Zielkonflikt zwischen sozialer Stadt und Klimaneutralita?t deutlich, wenn durch die Kosten von energetischen Modernisierungen die soziale Erhaltung gefährdet ist. Damit ist die Anpassung des Geba?udebestandes an die Anforderungen des Klimaschutzes derzeit schwer möglich. Energetische Sanierungen unterbleiben oder müssen im Falle versagt werden, um die Umlage der [&hellip;]</p>

zukunftsgeraeusche GbR
c/o Projektbüro TU Berlin
FG Bauphysik und Baukonstruktionen
Sekr. TIB1-B3
