{"id":27337,"date":"2024-11-27T10:48:01","date_gmt":"2024-11-27T09:48:01","guid":{"rendered":"https:\/\/www.dbu.de\/projektdatenbank\/35810-01\/"},"modified":"2024-11-27T10:48:05","modified_gmt":"2024-11-27T09:48:05","slug":"35810-01","status":"publish","type":"projektdatenbank","link":"https:\/\/www.dbu.de\/en\/projektdatenbank\/35810-01\/","title":{"rendered":"Jung und Alt bewegt \u0096 Gemeinsam f\u00fcr eine nachhaltige Entwicklung der Alpenregion"},"content":{"rendered":"<p>Zielsetzung und Anlass des Vorhabens<\/p>\n<p>Durch die st\u00e4ndig anwachsenden Nutzungsanspr\u00fcche des Menschen sowie den anthropogenen Klimawandel geraten unsere \u00d6kosysteme zunehmend aus dem Gleichgewicht \u0096 vom empfindlichen alpinen \u00d6kosystem bis zu den Meeren. Dies kann schnell zu einer existentiellen Bedrohung sowohl f\u00fcr Pflanzen und Tiere als auch uns Menschen werden. Es gilt, unsere Nutzungsanspr\u00fcche mit unseren \u00d6kosystemen in Einklang zu bringen und die Transformation hin zu einer nachhaltigeren Zukunft voranzutreiben. Das Ersinnen und Zusammentragen von Ideen und M\u00f6glichkeiten oder auch konkreten L\u00f6sungspfaden, wie wir unsere Zukunft nicht nur \u00f6kologisch, sondern auch \u00f6konomisch und sozial vertr\u00e4glich ausgestalten k\u00f6nnen, ist Ziel der digitalen Veranstaltungsreihe und der geplanten Abschlussveranstaltung vor Ort.<\/p>\n<p>Darstellung der Arbeitsschritte und der angewandten MethodenDas Konzept haben wir coronabedingt in Absprache mit der Dr. M. Hempel (DBU) ver\u00e4ndert und deutlich erweitert: Beginnend mit einer digitalen Auftaktveranstaltung am 6. Juni 2020 planen wir eine Serie von Online-Workshops \u0096 immer dabei: Klimaforscher und DBU-Umweltpreistr\u00e4ger Prof. Dr. Hartmut Gra\u00dfl \u0096 die wir verteilt \u00fcber ein Jahr durchf\u00fchren. Zu den unterschiedlichen Schwerpunktthemen im Kontext von Klima, Umwelt, Gesellschaft und Nachhaltigkeit kommen renommierte Wissenschaftler:innen zu Wort. Gemeinsam mit den Teilnehmenden \u0096 insb. auch jungen Nachwuchswissenschaftler:innen \u0096 diskutieren wir dabei wichtige Fragen zur Gestaltung einer nachhaltigeren Zukunft intergenerationell, interdisziplin\u00e4r und zielorientiert. Damit wollen wir Impulse und Ankn\u00fcpfungspunkte f\u00fcr \u0084Jung und Alt\u0093 setzen, um in Politik, Wissenschaft, Wirtschaft und Gesellschaft den Umwelt- und Klimaschutz auch in Zeiten von Corona weiter voranzubringen und der Nachhaltigkeitstransformation Antrieb zu verleihen. Die Formate werden aufgezeichnet, um sie f\u00fcr breitere Kreise online verf\u00fcgbar zu machen und ggf. sp\u00e4ter in eine Ver\u00f6ffentlichung umzuwandeln. Durch das digitale Format sowie die Dokumentation u. a. im Web erreichen wir viele Menschen \u0096 Jung und Alt \u0096 bundesweit. Indem wir die Ergebnisse \u00fcber unterschiedliche Formate in die Gesellschaft tragen, wollen wir das Bewusstsein \u00fcber die Notwendigkeit einer Nachhaltigkeitstrans-formation st\u00e4rken und sie durch das Aufgreifen und Umsetzen von Handlungsm\u00f6glichkeit vorantreiben. Die Workshops bieten zudem die M\u00f6glichkeit, Netzwerke auf- und auszubauen sowie die Ergebnisse der Workshops aufzugreifen, um Ideen zu konkreten Initiativen\/Projekten zu ersinnen und anzusto\u00dfen.<\/p>\n<p>Ergebnisse und Diskussion<\/p>\n<p>Die Auftaktveranstaltung im Juni 2020 erm\u00f6glichte einen Einstieg in die Themengebiete Klima, Umwelt und Gesellschaft, indem Impulsvortr\u00e4ge von Prof. Dr. Martin Clau\u00dfen, Prof. Dr. Dirk Messner, Dr. Maximilian Hempel und Prof. Dr. Ulrich Bartosch die Perspektiven von Forschungs- und Bildungseinrichtungen sowie Umweltorganisationen zusammenbrachten und die Wichtigkeit einer nachhaltigen Transformation betonten. Es folgten Workshops zu den Oberthemen Energiewende, Klima, \u00f6kologische Landwirtschaft, Gesundheit und Biodiversit\u00e4t. Zur Energiewende referierten Prof. Dr. Peter Hennicke sowie Dr. Klaus Schmid und Sebastian Sladek, die Einblicke in die Mitbestimmung in der Energiewirtschaft gaben. In den Diskussionen wurden eine transparente Politik, die Dezentralisierung des Marktes und Ermutigung zur B\u00fcrgerbeteiligung gefordert. Prof. Dr. Joachim Luther und Dr. Gerd Stadermann erg\u00e4nzten zur Transformation zu einem nachhaltigen Energiesystem. Daraus ging deutlich hervor: eine Systemumstellung mit Wind- und Solarenergie muss vollzogen werden. Prof. Dr. Guy Brasseur gab Einblicke in Klimaforschung und Erdsystemanalyse. Er appellierte an die Wissenschaft, mit ihren Erkenntnissen Politik und Entscheidungstr\u00e4ger:innen zu unterst\u00fctzen. Daran schloss Prof. Dr. Antje Boetius an, die Zusammenh\u00e4nge zwischen Klima\u00e4nderungen und dem Zustand der Ozeane erkl\u00e4rte. Dies f\u00fchrte eindringlich vor Augen, dass viel st\u00e4rker auf die Politik eingewirkt werden muss, um den Kohleausstieg und die Reduktion des Erd\u00f6lverbrauchs zu beschleunigen. \u00dcber \u00f6kologische Landwirtschaft sprach zuerst Prof. Dr. Maria Finckh. Mit Blick auf die biologische Seite wurde deutlich, dass Subventionen nicht an Fl\u00e4chengr\u00f6\u00dfe, sondern an Aktivit\u00e4t gekoppelt werden sollten und \u00d6kosystemleistungen fester Bestandteil landwirtschaftlicher Produktion werden m\u00fcssen. Diese \u00dcberlegungen griffen Prof. Dr. Franz-Theo Gottwald und Prof. Dr. Hubert Weiger auf und erg\u00e4nzten in Bezug auf Land- und Lebensmittelwirtschaft sowie notwendige agrar- und umweltpolitische Ma\u00dfnahmen. Resilienz, Digitalisierung, Dezentralisierung und ein Nachhaltigkeitsbewusstsein wurden als teils m\u00f6gliche, teils n\u00f6tige Ver\u00e4nderungen festgehalten. Au\u00dferdem regt die Corona-Pandemie zum Nachdenken an und k\u00f6nnte deshalb als Katalysator f\u00fcr eine nach-haltige Transformation genutzt werden. Im Workshop zu Klima und Gesundheit diskutierten Sophie Gepp und Hannah Otto zusammen mit Prof. Dr. Johann Behrens, Max B\u00fcrck-Gemassmer, Prof. Dr. Eberhard G\u00f6pel und Dr. Dieter Korczak \u00fcber die direkten und indirekten Effekte von Klima\u00e4nderungen auf unsere Gesundheit. Sie zeigten, wo die Gefahr von Massentierhaltung und Antibiotikanutzung in der Tiermast liegt und warum Stadtplanung und Sozialpolitik einbezogen werden sollen. Diskutiert wurde, dass gesamtgesellschaftliche Bildung zu Nachhaltigkeitskompetenzen und eine Gerechtigkeitsdebatte unumg\u00e4nglich sind. Christine von Weizs\u00e4cker und Prof. Dr. Josef Settele konkretisierten die Thematik in Bezug auf Biodiversit\u00e4t und den damit einhergehenden Schutz vor Pandemien. Daraus ging hervor, dass mehr Forschung betrieben und die Biodiversit\u00e4tsdebatte Mainstream werden muss. Au\u00dferdem wurde betont, dass Austausch, Kommunikation und Kooperation essenziell sind und Wissenschaft, Politik, Wirtschaft und Gesellschaft alle aktiv werden m\u00fcssen, um der Triple-Krise aus Artensterben, Klimawandel und Pandemien entgegenzuwirken. Das Ziel, Ideen, M\u00f6glichkeiten und konkrete L\u00f6sungsvorschl\u00e4ge f\u00fcr eine \u00f6kologische Zukunft, die \u00f6konomisch und sozial vertr\u00e4glich ist, zusammenzutragen, wurde mit der Veranstaltungsreihe \u0096 besonders durch ihre Interdisziplinarit\u00e4t \u0096 erf\u00fcllt.<\/p>\n<p>\u00d6ffentlichkeitsarbeit und Pr\u00e4sentation<\/p>\n<p>Die Online-Workshops konnten live von einem interessierten Publikum aus Nachwuchswissenschaftler:innen, Expert:innen sowie Interessierten miterlebt werden. Die Beitr\u00e4ge und Ergebnisse sind auf der Webseite der VDW (www.vdw-ev.de) dokumentiert und es ist geplant, diese in einer Publikation aufzubereiten und so einem breiten Publikum zug\u00e4nglich zu machen. In diesem Zusammenhang ist es geplant, die bestehenden Online-Inhalte und Videos aktiv zu vermarkten.<\/p>\n<p>Fazit<\/p>\n<p>Aus einer einzelnen geplanten Veranstaltung ist eine lebendige Reihe geworden, die allein innerhalb der Online-Veranstaltungen mehr als 400 Interessierte zusammengebracht und vernetzt hat. Durch die Dokumentation und Publikation erreichen die wissenschaftlichen Erkenntnisse, die Einsch\u00e4tzungen von f\u00fchrenden Wissenschaftler:innen, Umweltpreistr\u00e4ger:innen und dem weltweit anerkannten Klimaforscher Prof. Dr. Hartmut Gra\u00dfl, der bei jeder Veranstaltung dabei war, und die interdisziplin\u00e4ren Diskussionen noch eine Vielzahl von weiteren Personen unterschiedlicher Generationen. So wird eine nachhaltige Transformation bewirkt, indem konkrete Beispiele angef\u00fchrt, Themenbereiche kleinteilig analysiert und Diskussion, Kooperation und Kommunikation vorgelebt werden. Die detailliert ausgearbeiteten Zukunftsvisionen haben eine gesamtgesellschaftliche Relevanz, da sie \u00f6kologische, \u00f6konomische und soziale Aspekte realistisch und ausgewogen zusammenbringen.<\/p>\n","protected":false},"excerpt":{"rendered":"<p>Zielsetzung und Anlass des Vorhabens Durch die st\u00e4ndig anwachsenden Nutzungsanspr\u00fcche des Menschen sowie den anthropogenen Klimawandel geraten unsere \u00d6kosysteme zunehmend aus dem Gleichgewicht \u0096 vom empfindlichen alpinen \u00d6kosystem bis zu den Meeren. Dies kann schnell zu einer existentiellen Bedrohung sowohl f\u00fcr Pflanzen und Tiere als auch uns Menschen werden. Es gilt, unsere Nutzungsanspr\u00fcche mit unseren [&hellip;]<\/p>\n","protected":false},"author":0,"featured_media":0,"template":"","meta":{"footnotes":""},"categories":[],"tags":[58,2422,50],"class_list":["post-27337","projektdatenbank","type-projektdatenbank","status-publish","hentry","tag-berlin","tag-landnutzung","tag-naturschutz"],"meta_box":{"dbu_projektdatenbank_az_ges":"35810\/01","dbu_projektdatenbank_medien":"","dbu_projektdatenbank_pdfdatei":"","dbu_projektdatenbank_bsumme":"15.650,00","dbu_projektdatenbank_firma":"Vereinigung Deutscher Wissenschaftler (VDW) e. V.","dbu_projektdatenbank_strasse":"Marienstr. 19 - 20","dbu_projektdatenbank_plz_str":"10117","dbu_projektdatenbank_ort_str":"Berlin","dbu_projektdatenbank_p_von":"2020-05-25 00:00:00","dbu_projektdatenbank_p_bis":"2021-05-24 00:00:00","dbu_projektdatenbank_laufzeit":"12 Monate","dbu_projektdatenbank_telefon":"+49 30 21 23 40 56","dbu_projektdatenbank_inet":"","dbu_projektdatenbank_bundesland":"Berlin","dbu_projektdatenbank_foerderber":"162","dbu_projektdatenbank_ab_bericht":"DBU-Abschlussbericht-AZ-35810_01-Hauptbericht.pdf","dbu_projektdatenbank_ist_nachbewilligung_von":"","dbu_projektdatenbank_hat_nachbewilligung":"","dbu_headerimage_cover":"","dbu_submenu":"","dbu_submenu_position":"","dbu_submenu_entry":[]},"_links":{"self":[{"href":"https:\/\/www.dbu.de\/en\/wp-json\/wp\/v2\/projektdatenbank\/27337","targetHints":{"allow":["GET"]}}],"collection":[{"href":"https:\/\/www.dbu.de\/en\/wp-json\/wp\/v2\/projektdatenbank"}],"about":[{"href":"https:\/\/www.dbu.de\/en\/wp-json\/wp\/v2\/types\/projektdatenbank"}],"version-history":[{"count":2,"href":"https:\/\/www.dbu.de\/en\/wp-json\/wp\/v2\/projektdatenbank\/27337\/revisions"}],"predecessor-version":[{"id":43814,"href":"https:\/\/www.dbu.de\/en\/wp-json\/wp\/v2\/projektdatenbank\/27337\/revisions\/43814"}],"wp:attachment":[{"href":"https:\/\/www.dbu.de\/en\/wp-json\/wp\/v2\/media?parent=27337"}],"wp:term":[{"taxonomy":"category","embeddable":true,"href":"https:\/\/www.dbu.de\/en\/wp-json\/wp\/v2\/categories?post=27337"},{"taxonomy":"post_tag","embeddable":true,"href":"https:\/\/www.dbu.de\/en\/wp-json\/wp\/v2\/tags?post=27337"}],"curies":[{"name":"wp","href":"https:\/\/api.w.org\/{rel}","templated":true}]}}

Jung und Alt bewegt  Gemeinsam für eine nachhaltige Entwicklung der Alpenregion

<p>Zielsetzung und Anlass des Vorhabens</p>
<p>Durch die ständig anwachsenden Nutzungsansprüche des Menschen sowie den anthropogenen Klimawandel geraten unsere Ökosysteme zunehmend aus dem Gleichgewicht  vom empfindlichen alpinen Ökosystem bis zu den Meeren. Dies kann schnell zu einer existentiellen Bedrohung sowohl für Pflanzen und Tiere als auch uns Menschen werden. Es gilt, unsere Nutzungsansprüche mit unseren Ökosystemen in Einklang zu bringen und die Transformation hin zu einer nachhaltigeren Zukunft voranzutreiben. Das Ersinnen und Zusammentragen von Ideen und Möglichkeiten oder auch konkreten Lösungspfaden, wie wir unsere Zukunft nicht nur ökologisch, sondern auch ökonomisch und sozial verträglich ausgestalten können, ist Ziel der digitalen Veranstaltungsreihe und der geplanten Abschlussveranstaltung vor Ort.</p>
<p>Darstellung der Arbeitsschritte und der angewandten MethodenDas Konzept haben wir coronabedingt in Absprache mit der Dr. M. Hempel (DBU) verändert und deutlich erweitert: Beginnend mit einer digitalen Auftaktveranstaltung am 6. Juni 2020 planen wir eine Serie von Online-Workshops  immer dabei: Klimaforscher und DBU-Umweltpreisträger Prof. Dr. Hartmut Graßl  die wir verteilt über ein Jahr durchführen. Zu den unterschiedlichen Schwerpunktthemen im Kontext von Klima, Umwelt, Gesellschaft und Nachhaltigkeit kommen renommierte Wissenschaftler:innen zu Wort. Gemeinsam mit den Teilnehmenden  insb. auch jungen Nachwuchswissenschaftler:innen  diskutieren wir dabei wichtige Fragen zur Gestaltung einer nachhaltigeren Zukunft intergenerationell, interdisziplinär und zielorientiert. Damit wollen wir Impulse und Anknüpfungspunkte für Jung und Alt setzen, um in Politik, Wissenschaft, Wirtschaft und Gesellschaft den Umwelt- und Klimaschutz auch in Zeiten von Corona weiter voranzubringen und der Nachhaltigkeitstransformation Antrieb zu verleihen. Die Formate werden aufgezeichnet, um sie für breitere Kreise online verfügbar zu machen und ggf. später in eine Veröffentlichung umzuwandeln. Durch das digitale Format sowie die Dokumentation u. a. im Web erreichen wir viele Menschen  Jung und Alt  bundesweit. Indem wir die Ergebnisse über unterschiedliche Formate in die Gesellschaft tragen, wollen wir das Bewusstsein über die Notwendigkeit einer Nachhaltigkeitstrans-formation stärken und sie durch das Aufgreifen und Umsetzen von Handlungsmöglichkeit vorantreiben. Die Workshops bieten zudem die Möglichkeit, Netzwerke auf- und auszubauen sowie die Ergebnisse der Workshops aufzugreifen, um Ideen zu konkreten Initiativen/Projekten zu ersinnen und anzustoßen.</p>
<p>Ergebnisse und Diskussion</p>
<p>Die Auftaktveranstaltung im Juni 2020 ermöglichte einen Einstieg in die Themengebiete Klima, Umwelt und Gesellschaft, indem Impulsvorträge von Prof. Dr. Martin Claußen, Prof. Dr. Dirk Messner, Dr. Maximilian Hempel und Prof. Dr. Ulrich Bartosch die Perspektiven von Forschungs- und Bildungseinrichtungen sowie Umweltorganisationen zusammenbrachten und die Wichtigkeit einer nachhaltigen Transformation betonten. Es folgten Workshops zu den Oberthemen Energiewende, Klima, ökologische Landwirtschaft, Gesundheit und Biodiversität. Zur Energiewende referierten Prof. Dr. Peter Hennicke sowie Dr. Klaus Schmid und Sebastian Sladek, die Einblicke in die Mitbestimmung in der Energiewirtschaft gaben. In den Diskussionen wurden eine transparente Politik, die Dezentralisierung des Marktes und Ermutigung zur Bürgerbeteiligung gefordert. Prof. Dr. Joachim Luther und Dr. Gerd Stadermann ergänzten zur Transformation zu einem nachhaltigen Energiesystem. Daraus ging deutlich hervor: eine Systemumstellung mit Wind- und Solarenergie muss vollzogen werden. Prof. Dr. Guy Brasseur gab Einblicke in Klimaforschung und Erdsystemanalyse. Er appellierte an die Wissenschaft, mit ihren Erkenntnissen Politik und Entscheidungsträger:innen zu unterstützen. Daran schloss Prof. Dr. Antje Boetius an, die Zusammenhänge zwischen Klimaänderungen und dem Zustand der Ozeane erklärte. Dies führte eindringlich vor Augen, dass viel stärker auf die Politik eingewirkt werden muss, um den Kohleausstieg und die Reduktion des Erdölverbrauchs zu beschleunigen. Über ökologische Landwirtschaft sprach zuerst Prof. Dr. Maria Finckh. Mit Blick auf die biologische Seite wurde deutlich, dass Subventionen nicht an Flächengröße, sondern an Aktivität gekoppelt werden sollten und Ökosystemleistungen fester Bestandteil landwirtschaftlicher Produktion werden müssen. Diese Überlegungen griffen Prof. Dr. Franz-Theo Gottwald und Prof. Dr. Hubert Weiger auf und ergänzten in Bezug auf Land- und Lebensmittelwirtschaft sowie notwendige agrar- und umweltpolitische Maßnahmen. Resilienz, Digitalisierung, Dezentralisierung und ein Nachhaltigkeitsbewusstsein wurden als teils mögliche, teils nötige Veränderungen festgehalten. Außerdem regt die Corona-Pandemie zum Nachdenken an und könnte deshalb als Katalysator für eine nach-haltige Transformation genutzt werden. Im Workshop zu Klima und Gesundheit diskutierten Sophie Gepp und Hannah Otto zusammen mit Prof. Dr. Johann Behrens, Max Bürck-Gemassmer, Prof. Dr. Eberhard Göpel und Dr. Dieter Korczak über die direkten und indirekten Effekte von Klimaänderungen auf unsere Gesundheit. Sie zeigten, wo die Gefahr von Massentierhaltung und Antibiotikanutzung in der Tiermast liegt und warum Stadtplanung und Sozialpolitik einbezogen werden sollen. Diskutiert wurde, dass gesamtgesellschaftliche Bildung zu Nachhaltigkeitskompetenzen und eine Gerechtigkeitsdebatte unumgänglich sind. Christine von Weizsäcker und Prof. Dr. Josef Settele konkretisierten die Thematik in Bezug auf Biodiversität und den damit einhergehenden Schutz vor Pandemien. Daraus ging hervor, dass mehr Forschung betrieben und die Biodiversitätsdebatte Mainstream werden muss. Außerdem wurde betont, dass Austausch, Kommunikation und Kooperation essenziell sind und Wissenschaft, Politik, Wirtschaft und Gesellschaft alle aktiv werden müssen, um der Triple-Krise aus Artensterben, Klimawandel und Pandemien entgegenzuwirken. Das Ziel, Ideen, Möglichkeiten und konkrete Lösungsvorschläge für eine ökologische Zukunft, die ökonomisch und sozial verträglich ist, zusammenzutragen, wurde mit der Veranstaltungsreihe  besonders durch ihre Interdisziplinarität  erfüllt.</p>
<p>Öffentlichkeitsarbeit und Präsentation</p>
<p>Die Online-Workshops konnten live von einem interessierten Publikum aus Nachwuchswissenschaftler:innen, Expert:innen sowie Interessierten miterlebt werden. Die Beiträge und Ergebnisse sind auf der Webseite der VDW (www.vdw-ev.de) dokumentiert und es ist geplant, diese in einer Publikation aufzubereiten und so einem breiten Publikum zugänglich zu machen. In diesem Zusammenhang ist es geplant, die bestehenden Online-Inhalte und Videos aktiv zu vermarkten.</p>
<p>Fazit</p>
<p>Aus einer einzelnen geplanten Veranstaltung ist eine lebendige Reihe geworden, die allein innerhalb der Online-Veranstaltungen mehr als 400 Interessierte zusammengebracht und vernetzt hat. Durch die Dokumentation und Publikation erreichen die wissenschaftlichen Erkenntnisse, die Einschätzungen von führenden Wissenschaftler:innen, Umweltpreisträger:innen und dem weltweit anerkannten Klimaforscher Prof. Dr. Hartmut Graßl, der bei jeder Veranstaltung dabei war, und die interdisziplinären Diskussionen noch eine Vielzahl von weiteren Personen unterschiedlicher Generationen. So wird eine nachhaltige Transformation bewirkt, indem konkrete Beispiele angeführt, Themenbereiche kleinteilig analysiert und Diskussion, Kooperation und Kommunikation vorgelebt werden. Die detailliert ausgearbeiteten Zukunftsvisionen haben eine gesamtgesellschaftliche Relevanz, da sie ökologische, ökonomische und soziale Aspekte realistisch und ausgewogen zusammenbringen.</p>

<p>Zielsetzung und Anlass des Vorhabens Durch die ständig anwachsenden Nutzungsansprüche des Menschen sowie den anthropogenen Klimawandel geraten unsere Ökosysteme zunehmend aus dem Gleichgewicht  vom empfindlichen alpinen Ökosystem bis zu den Meeren. Dies kann schnell zu einer existentiellen Bedrohung sowohl für Pflanzen und Tiere als auch uns Menschen werden. Es gilt, unsere Nutzungsansprüche mit unseren [&hellip;]</p>
