{"id":24706,"date":"2023-09-24T10:32:26","date_gmt":"2023-09-24T08:32:26","guid":{"rendered":"https:\/\/www.dbu.de\/projektdatenbank\/25751-01\/"},"modified":"2023-09-24T10:32:28","modified_gmt":"2023-09-24T08:32:28","slug":"25751-01","status":"publish","type":"projektdatenbank","link":"https:\/\/www.dbu.de\/en\/projektdatenbank\/25751-01\/","title":{"rendered":"Interdisziplin\u00e4res Symposium: Historische Kulturlandschaften (UNESCO-Weltkulturerbe) im globalen, anthropogenen Klimawandel"},"content":{"rendered":"<p>Zielsetzung und Anlass des Vorhabens<\/p>\n<p>Ziel des Symposiums war eine systemische Betrachtung von Kulturlandschaften, die die forma-len Kriterien als UNESCO-Weltkulturerbe erf\u00fcllen oder als UNESCO-Biosph\u00e4renreservate an-erkannt sind im Hinblick auf ihre m\u00f6glichen Ver\u00e4nderungen bzw. Beeintr\u00e4chtigungen im Zuge des globalen Klimawandels sowie bereits eingeleitete oder anzustrebende Ma\u00dfnahmen zu ih-rem Erhalt. Anhand von Beispielen aus Deutschland und L\u00e4ndern der Tropen und Subtropen wurden Kulturlandschaften aus verschiedenen Blickwinkeln beleuchtet, um auf diese Weise ei-nerseits neue Erkenntnisse f\u00fcr die mit Kulturlandschaften befassten Disziplinen und Experten, andererseits ein verst\u00e4rktes Bewusstsein hinsichtlich der Komplexit\u00e4t von Kulturlandschaften und ihrer Dynamik zu gewinnen. Zur Festlegung langfristiger Strategien zum Erhalt und Schutz von Kulturlandschaften wurden Szenarien gemeinsam von Experten des Klimawandels und der human\u00f6kologischen Systeme entwickelt und diskutiert. Als Grundlage hierf\u00fcr wurde eine Ver-netzung von Fachleuten unterschiedlicher Disziplinen zur L\u00f6sung anstehender Probleme im Umfeld von Kulturlandschaften in verschiedenen Regionen der Erde angestrebt und relevantes Wissen zusammengef\u00fchrt. Hierzu bot das Symposium eine hervorragende Plattform. Die Zu-sammenf\u00fchrung von Fachwissen verschiedener Disziplinen mit der Zielsetzung gemeinsamer Strategien wurde \u00fcber einen Tagungsband einer weiten \u00d6ffentlichkeit zug\u00e4nglich gemacht.<\/p>\n<p>Darstellung der Arbeitsschritte und der angewandten Methoden01.10.2008 bis 09.02.2009: Vorbereitung des Symposium (Einladungsmanagement, Rednerlisten,                               Buchungen, Reservierungen etc.)<br \/>\n10.2\/11.2.2009: Durchf\u00fchrung des Symposiums in Osnabr\u00fcck (ZUK)<br \/>\n12.02.2009 bis 08.10.2009: Aufbereitung der Ergebnisse in einem Tagungsband, erster Entwurf des                               Tagungsbandes mit allen Textbeitr\u00e4gen am 08.10.2009 an ZUK08.<br \/>\n10.2009 bis 15.12.2009: Abstimmung der Inhalte, Verzeichnisse, Abbildungen und Layout mit ZUK,                                             Endversion an ZUK<br \/>\n18.03.2010: Druckfreigabe erteilt<br \/>\n21.06.2010: Tagungsband erschienen<br \/>\n13.07.2010: Eingang Rechnung Tagungsband<\/p>\n<p>Ergebnisse und Diskussion<\/p>\n<p>Die Auswirkungen des globalen Klimawandels werden die Entwicklung von Kulturlandschaften ma\u00dfgeblich steuern. In vielen Regionen der Erde werden Strategien zur Vermeidung und Minderung der Folgen erforderlich sein, um die landwirtschaftlichen Produktionsstandorte und damit die Ern\u00e4hrung der Bev\u00f6lkerung sicherzustellen. In besonders stark betroffenen Regionen gilt es dar\u00fcber hinaus, Katastrophen wie \u00dcberflutungen oder D\u00fcrren, zu verhindern oder zumindest einzud\u00e4mmen. Wenig beachtet wurde bisher die Tatsache, dass auch das durch die Landschaft repr\u00e4sentierte kulturelle Erbe gef\u00e4hrdet ist, wenn etwa traditionelle Landnutzungsformen aufgegeben werden m\u00fcssen.Das ITT, gef\u00f6rdert durch die Deutsche Bundesstiftung Umwelt (DBU) und unterst\u00fctzt durch die Deutsche UNESCO-Kommission, widmete dieser Thematik ein Symposium, bei dem hochrangige Vertreter aus Wissenschaft, Politik und dem Management von Kulturlandschaften verschiedene Aspekte des klimatisch bedingten Kulturlandschaftswandels beleuchteten. An der konzeptionellen Gestaltung des Symposiums waren von Seiten des ITT Prof. Dr. Hartmut Gaese, Dr. Udo Nehren und Dipl.-Ing. Simone Sandholz beteiligt.Friedrich Gerstengarbe vom Potsdam-Institut f\u00fcr Klimafolgenforschung (PIK) betonte, dass der Klimawandel bereits Realit\u00e4t ist und es nunmehr vornehmlich darum geht, die Auswirkungen einzud\u00e4mmen. Vor diesem Hintergrund erl\u00e4uterte Mechtild Roessler vom UNESCO-Welterbezentrum in Paris die Strategie der UNESCO im Umgang mit dem Klimawandel. In Fallbeispielen aus verschiedenen Regionen der Erde wurden vielf\u00e4ltige Aspekte der Thematik aufgezeigt. So gingen Susanne von der Heide (HimaAsia Foundation) und Wolfgang-Albert Fl\u00fcgel (Universit\u00e4t Jena) auf die Bedrohungen der Bewohner in Himalajat\u00e4ler ein, w\u00e4hrend sich J\u00fcrgen Heinrich (Universit\u00e4t Leipzig) den Kulturlandschaften Westafrikas und Wolfram Lange (FH K\u00f6ln, ITT) der urbanen Kulturlandschaft Rio de Janeiro widmeten. Vier Vortr\u00e4ge befassten sich mit deutschen Landschaften. Karsten Reise vom Alfred-Wegener-Institut Sylt zeigte Schutzma\u00dfnahmen und Anpassungsstrategien bei einem Meeresspiegelanstieg an der deutschen Nordseek\u00fcste auf, w\u00e4hrend Fritz Holzwarth (BMU) auf die UNESCO Kulturlandschaft Mitterheintal einging. Mit den Vortr\u00e4gen von Norbert Sch\u00f6ndeling (FH K\u00f6ln) und Holger Daetz (Stiftung F\u00fcrst-P\u00fcckler-Park Bad Muskau) wurde die Aufmerksamkeit auf kleinere Landschaftseinheiten gelenkt: dem Rand st\u00e4dtischer Ballungsr\u00e4ume bzw. dem F\u00fcrst-P\u00fcckler-Park Bad Muskau.In der abschlie\u00dfenden, von Wolf Arntz (Alfred-Wegener-Institut Bremerhaven) geleiteten Podiumsdiskussion wurde deutlich, dass sich die globale Erw\u00e4rmung in allen Klimazonen auswirkt, jedoch Kulturlandschaften und UNESCO-Kulturst\u00e4tten auf der S\u00fcdhemisph\u00e4re st\u00e4rker gef\u00e4hrdet sind als im Norden. Die Gr\u00fcnde daf\u00fcr liegen im schnellen Wachstum der Bev\u00f6lkerung, den schlechten sozialen Bedingungen, aber auch in schwierigeren Klimaverh\u00e4ltnissen und empfindlicheren \u00d6kosystemen. Hinsichtlich m\u00f6glicher Schutzma\u00dfnahmen war sich die Runde einig, dass erhebliche Anstrengungen gemacht werden &#8211; so geht ein Drittel der BMU-Mittel f\u00fcr Mitigation und Adaptation an den Klimawandel in L\u00e4nder des S\u00fcdens, u.a. in afrikanische Welterbest\u00e4tten &#8211; aber es m\u00fcsse noch mehr geschehen. So k\u00f6nnte z.B. die Tourismusindustrie als wichtigster Nutzer von Kulturlandschaften und -st\u00e4tten einen gr\u00f6\u00dferen Beitrag zu solchen Ma\u00dfnahmen leisten. Die Ergebnisse des Symposiums sind k\u00fcrzlich in einem Tagungsband erschienen.<\/p>\n<p>\u00d6ffentlichkeitsarbeit und Pr\u00e4sentation<\/p>\n<p>Der Tagungsband Kulturlandschaften im globalen Klimawandel ist in der Reihe Initiativen zum Umweltschutz, Band 79, im Erich Schmidt Verlag erschienen. Die Bestellung ist \u00fcber den Verlag und \u00fcber das Internet m\u00f6glich. Pressetext zur Tagung sind u.a. auf den Webseiten der DBU, Deutsche UNESCO-Kommission und FH K\u00f6ln erschienen.<\/p>\n<p>Fazit<\/p>\n<p>Die Tagung wurde von Seiten des Publikums und der Referenten sehr positiv aufgenommen. Mit dem Tagungsband werden die Ergebnisse einer breiten \u00d6ffentlichkeit zug\u00e4nglich gemacht. Damit wird ein Ansto\u00df f\u00fcr weitere Forschungsaktivit\u00e4ten sowie eine Netzwerkbildung im Spannungsfeld Klimawandel und Kulturlandschaften gegeben.<\/p>\n","protected":false},"excerpt":{"rendered":"<p>Zielsetzung und Anlass des Vorhabens Ziel des Symposiums war eine systemische Betrachtung von Kulturlandschaften, die die forma-len Kriterien als UNESCO-Weltkulturerbe erf\u00fcllen oder als UNESCO-Biosph\u00e4renreservate an-erkannt sind im Hinblick auf ihre m\u00f6glichen Ver\u00e4nderungen bzw. Beeintr\u00e4chtigungen im Zuge des globalen Klimawandels sowie bereits eingeleitete oder anzustrebende Ma\u00dfnahmen zu ih-rem Erhalt. Anhand von Beispielen aus Deutschland und L\u00e4ndern [&hellip;]<\/p>\n","protected":false},"author":0,"featured_media":0,"template":"","meta":{"footnotes":""},"categories":[],"tags":[2425,2422,65],"class_list":["post-24706","projektdatenbank","type-projektdatenbank","status-publish","hentry","tag-kulturgueter","tag-landnutzung","tag-nordrhein-westfalen"],"meta_box":{"dbu_projektdatenbank_az_ges":"25751\/01","dbu_projektdatenbank_medien":"","dbu_projektdatenbank_pdfdatei":"7894075b.1ce3.4ad2.860f.3cce4a416e0a","dbu_projektdatenbank_bsumme":"33.925,00","dbu_projektdatenbank_firma":"Technische Hochschule K\u00f6ln\nInstitut f\u00fcr Tropentechnologie","dbu_projektdatenbank_strasse":"Betzdorfer Str. 2","dbu_projektdatenbank_plz_str":"50679","dbu_projektdatenbank_ort_str":"K\u00f6ln","dbu_projektdatenbank_p_von":"2008-09-17 00:00:00","dbu_projektdatenbank_p_bis":"2009-12-31 00:00:00","dbu_projektdatenbank_laufzeit":"1 Jahr und 3 Monate","dbu_projektdatenbank_telefon":"","dbu_projektdatenbank_inet":"www.tt.fh-koeln.de","dbu_projektdatenbank_bundesland":"Nordrhein-Westfalen","dbu_projektdatenbank_foerderber":"138","dbu_projektdatenbank_ab_bericht":"","dbu_projektdatenbank_ist_nachbewilligung_von":"","dbu_projektdatenbank_hat_nachbewilligung":"","dbu_headerimage_cover":"","dbu_submenu":"","dbu_submenu_position":"","dbu_submenu_entry":[]},"_links":{"self":[{"href":"https:\/\/www.dbu.de\/en\/wp-json\/wp\/v2\/projektdatenbank\/24706","targetHints":{"allow":["GET"]}}],"collection":[{"href":"https:\/\/www.dbu.de\/en\/wp-json\/wp\/v2\/projektdatenbank"}],"about":[{"href":"https:\/\/www.dbu.de\/en\/wp-json\/wp\/v2\/types\/projektdatenbank"}],"version-history":[{"count":1,"href":"https:\/\/www.dbu.de\/en\/wp-json\/wp\/v2\/projektdatenbank\/24706\/revisions"}],"predecessor-version":[{"id":37709,"href":"https:\/\/www.dbu.de\/en\/wp-json\/wp\/v2\/projektdatenbank\/24706\/revisions\/37709"}],"wp:attachment":[{"href":"https:\/\/www.dbu.de\/en\/wp-json\/wp\/v2\/media?parent=24706"}],"wp:term":[{"taxonomy":"category","embeddable":true,"href":"https:\/\/www.dbu.de\/en\/wp-json\/wp\/v2\/categories?post=24706"},{"taxonomy":"post_tag","embeddable":true,"href":"https:\/\/www.dbu.de\/en\/wp-json\/wp\/v2\/tags?post=24706"}],"curies":[{"name":"wp","href":"https:\/\/api.w.org\/{rel}","templated":true}]}}

Interdisziplinäres Symposium: Historische Kulturlandschaften (UNESCO-Weltkulturerbe) im globalen, anthropogenen Klimawandel

<p>Zielsetzung und Anlass des Vorhabens</p>
<p>Ziel des Symposiums war eine systemische Betrachtung von Kulturlandschaften, die die forma-len Kriterien als UNESCO-Weltkulturerbe erfüllen oder als UNESCO-Biosphärenreservate an-erkannt sind im Hinblick auf ihre möglichen Veränderungen bzw. Beeinträchtigungen im Zuge des globalen Klimawandels sowie bereits eingeleitete oder anzustrebende Maßnahmen zu ih-rem Erhalt. Anhand von Beispielen aus Deutschland und Ländern der Tropen und Subtropen wurden Kulturlandschaften aus verschiedenen Blickwinkeln beleuchtet, um auf diese Weise ei-nerseits neue Erkenntnisse für die mit Kulturlandschaften befassten Disziplinen und Experten, andererseits ein verstärktes Bewusstsein hinsichtlich der Komplexität von Kulturlandschaften und ihrer Dynamik zu gewinnen. Zur Festlegung langfristiger Strategien zum Erhalt und Schutz von Kulturlandschaften wurden Szenarien gemeinsam von Experten des Klimawandels und der humanökologischen Systeme entwickelt und diskutiert. Als Grundlage hierfür wurde eine Ver-netzung von Fachleuten unterschiedlicher Disziplinen zur Lösung anstehender Probleme im Umfeld von Kulturlandschaften in verschiedenen Regionen der Erde angestrebt und relevantes Wissen zusammengeführt. Hierzu bot das Symposium eine hervorragende Plattform. Die Zu-sammenführung von Fachwissen verschiedener Disziplinen mit der Zielsetzung gemeinsamer Strategien wurde über einen Tagungsband einer weiten Öffentlichkeit zugänglich gemacht.</p>
<p>Darstellung der Arbeitsschritte und der angewandten Methoden01.10.2008 bis 09.02.2009: Vorbereitung des Symposium (Einladungsmanagement, Rednerlisten,                               Buchungen, Reservierungen etc.)<br />
10.2/11.2.2009: Durchführung des Symposiums in Osnabrück (ZUK)<br />
12.02.2009 bis 08.10.2009: Aufbereitung der Ergebnisse in einem Tagungsband, erster Entwurf des                               Tagungsbandes mit allen Textbeiträgen am 08.10.2009 an ZUK08.<br />
10.2009 bis 15.12.2009: Abstimmung der Inhalte, Verzeichnisse, Abbildungen und Layout mit ZUK,                                             Endversion an ZUK<br />
18.03.2010: Druckfreigabe erteilt<br />
21.06.2010: Tagungsband erschienen<br />
13.07.2010: Eingang Rechnung Tagungsband</p>
<p>Ergebnisse und Diskussion</p>
<p>Die Auswirkungen des globalen Klimawandels werden die Entwicklung von Kulturlandschaften maßgeblich steuern. In vielen Regionen der Erde werden Strategien zur Vermeidung und Minderung der Folgen erforderlich sein, um die landwirtschaftlichen Produktionsstandorte und damit die Ernährung der Bevölkerung sicherzustellen. In besonders stark betroffenen Regionen gilt es darüber hinaus, Katastrophen wie Überflutungen oder Dürren, zu verhindern oder zumindest einzudämmen. Wenig beachtet wurde bisher die Tatsache, dass auch das durch die Landschaft repräsentierte kulturelle Erbe gefährdet ist, wenn etwa traditionelle Landnutzungsformen aufgegeben werden müssen.Das ITT, gefördert durch die Deutsche Bundesstiftung Umwelt (DBU) und unterstützt durch die Deutsche UNESCO-Kommission, widmete dieser Thematik ein Symposium, bei dem hochrangige Vertreter aus Wissenschaft, Politik und dem Management von Kulturlandschaften verschiedene Aspekte des klimatisch bedingten Kulturlandschaftswandels beleuchteten. An der konzeptionellen Gestaltung des Symposiums waren von Seiten des ITT Prof. Dr. Hartmut Gaese, Dr. Udo Nehren und Dipl.-Ing. Simone Sandholz beteiligt.Friedrich Gerstengarbe vom Potsdam-Institut für Klimafolgenforschung (PIK) betonte, dass der Klimawandel bereits Realität ist und es nunmehr vornehmlich darum geht, die Auswirkungen einzudämmen. Vor diesem Hintergrund erläuterte Mechtild Roessler vom UNESCO-Welterbezentrum in Paris die Strategie der UNESCO im Umgang mit dem Klimawandel. In Fallbeispielen aus verschiedenen Regionen der Erde wurden vielfältige Aspekte der Thematik aufgezeigt. So gingen Susanne von der Heide (HimaAsia Foundation) und Wolfgang-Albert Flügel (Universität Jena) auf die Bedrohungen der Bewohner in Himalajatäler ein, während sich Jürgen Heinrich (Universität Leipzig) den Kulturlandschaften Westafrikas und Wolfram Lange (FH Köln, ITT) der urbanen Kulturlandschaft Rio de Janeiro widmeten. Vier Vorträge befassten sich mit deutschen Landschaften. Karsten Reise vom Alfred-Wegener-Institut Sylt zeigte Schutzmaßnahmen und Anpassungsstrategien bei einem Meeresspiegelanstieg an der deutschen Nordseeküste auf, während Fritz Holzwarth (BMU) auf die UNESCO Kulturlandschaft Mitterheintal einging. Mit den Vorträgen von Norbert Schöndeling (FH Köln) und Holger Daetz (Stiftung Fürst-Pückler-Park Bad Muskau) wurde die Aufmerksamkeit auf kleinere Landschaftseinheiten gelenkt: dem Rand städtischer Ballungsräume bzw. dem Fürst-Pückler-Park Bad Muskau.In der abschließenden, von Wolf Arntz (Alfred-Wegener-Institut Bremerhaven) geleiteten Podiumsdiskussion wurde deutlich, dass sich die globale Erwärmung in allen Klimazonen auswirkt, jedoch Kulturlandschaften und UNESCO-Kulturstätten auf der Südhemisphäre stärker gefährdet sind als im Norden. Die Gründe dafür liegen im schnellen Wachstum der Bevölkerung, den schlechten sozialen Bedingungen, aber auch in schwierigeren Klimaverhältnissen und empfindlicheren Ökosystemen. Hinsichtlich möglicher Schutzmaßnahmen war sich die Runde einig, dass erhebliche Anstrengungen gemacht werden &#8211; so geht ein Drittel der BMU-Mittel für Mitigation und Adaptation an den Klimawandel in Länder des Südens, u.a. in afrikanische Welterbestätten &#8211; aber es müsse noch mehr geschehen. So könnte z.B. die Tourismusindustrie als wichtigster Nutzer von Kulturlandschaften und -stätten einen größeren Beitrag zu solchen Maßnahmen leisten. Die Ergebnisse des Symposiums sind kürzlich in einem Tagungsband erschienen.</p>
<p>Öffentlichkeitsarbeit und Präsentation</p>
<p>Der Tagungsband Kulturlandschaften im globalen Klimawandel ist in der Reihe Initiativen zum Umweltschutz, Band 79, im Erich Schmidt Verlag erschienen. Die Bestellung ist über den Verlag und über das Internet möglich. Pressetext zur Tagung sind u.a. auf den Webseiten der DBU, Deutsche UNESCO-Kommission und FH Köln erschienen.</p>
<p>Fazit</p>
<p>Die Tagung wurde von Seiten des Publikums und der Referenten sehr positiv aufgenommen. Mit dem Tagungsband werden die Ergebnisse einer breiten Öffentlichkeit zugänglich gemacht. Damit wird ein Anstoß für weitere Forschungsaktivitäten sowie eine Netzwerkbildung im Spannungsfeld Klimawandel und Kulturlandschaften gegeben.</p>

<p>Zielsetzung und Anlass des Vorhabens Ziel des Symposiums war eine systemische Betrachtung von Kulturlandschaften, die die forma-len Kriterien als UNESCO-Weltkulturerbe erfüllen oder als UNESCO-Biosphärenreservate an-erkannt sind im Hinblick auf ihre möglichen Veränderungen bzw. Beeinträchtigungen im Zuge des globalen Klimawandels sowie bereits eingeleitete oder anzustrebende Maßnahmen zu ih-rem Erhalt. Anhand von Beispielen aus Deutschland und Ländern [&hellip;]</p>

Technische Hochschule Köln
Institut für Tropentechnologie

Köln
