{"id":23924,"date":"2025-08-03T10:32:02","date_gmt":"2025-08-03T08:32:02","guid":{"rendered":"https:\/\/www.dbu.de\/projektdatenbank\/23117-01\/"},"modified":"2025-08-03T10:32:03","modified_gmt":"2025-08-03T08:32:03","slug":"23117-01","status":"publish","type":"projektdatenbank","link":"https:\/\/www.dbu.de\/en\/projektdatenbank\/23117-01\/","title":{"rendered":"Interdisziplin\u00e4re Fachtagung in Osnabr\u00fcck: Alleen in Deutschland &#8211; Bedeutung, Pflege und Entwicklung"},"content":{"rendered":"<p>Zielsetzung und Anlass des Vorhabens<\/p>\n<p>Obwohl seit 1990 Alleen als Natur- und Kulturdenkmale wieder in das Bewusstsein von Gesellschaft und Politik r\u00fccken, fehlte es in Deutschland bislang an einer fach\u00fcbergreifenden Betrachtung. Erstmalig wird daher mit der o. g. Fachtagung nebst Publikation versucht, interdisziplin\u00e4res Wissen zu b\u00fcndeln und f\u00fcr die \u00d6ffentlichkeit darzustellen z. B. zur Alleenvielfalt in der Gartengeschichte, Stadt und Landschaft; zu Schutz- und Pflegema\u00dfnahmen fr\u00fcher wie heute; zu Gef\u00e4hrdungen; zum Potential aus der Sicht des Na-tur- und Denkmalschutzes und des Tourismus. Im Rahmen der rechtlichen M\u00f6glichkeiten sollen Wege dargestellt und diskutiert werden, sich f\u00fcr die Erhaltung alter und die F\u00f6rderung neuer Alleen als privates und \u00f6ffentliches Anliegen einzusetzen.<\/p>\n<p>Darstellung der Arbeitsschritte und der angewandten MethodenDie beiden Leiter des Projektes verf\u00fcgen \u00fcber langj\u00e4hrige Erfahrungen im Alleenschutz. In Absprache mit dem Verlag Edition Leipzig, Seemann Henschel GmbH und Co. KG (Leipzig), wurde der Inhalt der Publikation konzipiert und verfeinert. Im Anschluss wurden 47 fachkompetente Autorinnen und Autoren unterschiedlicher Disziplinen und Bundesl\u00e4nder an dem Projekt beteiligt. Dadurch sollten nicht nur Beispiele aufgezeigt, sondern gleicherma\u00dfen auf die \u00f6ffentliche Relevanz unterschiedlicher Blickrichtungen Bezug genommen werden. F\u00fcr Deutschland sowie insbesondere f\u00fcr sieben Bundesl\u00e4nder sollte sichtbar werden, welche vielf\u00e4ltige Wohlfahrtswirkung  Alleen in Stadt und Landschaft besitzen. Im Vorfeld wurde erstmals eine Bestandsaufnahme f\u00fcr alle Bundesl\u00e4nder vorgenommen sowie seltene, bekannte und in Vergessenheit geratene Literatur aufbereitet und neu gewertet. Dadurch sollen mehrere Zielgruppen angesprochen und f\u00fcr einen umfassenden Alleenschutz sensibilisiert werden.<\/p>\n<p>Ergebnisse und Diskussion<\/p>\n<p>Sowohl auf der zweit\u00e4gigen Fachtagung am 16. und 17. November 2006 in Osnabr\u00fcck als auch in der dazugeh\u00f6rigen Publikation Alleen in Deutschland &#8211; Bedeutung, Pflege, Entwicklung besprechen namhafte Experten erstmals umfangreich und in interdisziplin\u00e4rer Betrachtung die \u00f6ffentliche Relevanz unterschiedlicher Aspekte wie z. B. die r\u00e4umlich-k\u00fcnstlerische Wirkung von Alleen, ihre weitreichende Nutzungsgeschichte, ihre Bedeutung innerhalb der bildenden K\u00fcnste, ihren \u00f6kologischen Wert f\u00fcr die Um-welt wie auch ihren Wert f\u00fcr Heimatkunde und Erholung, den aktuellen Alleenbestand in Deutschland und deren Bewertung, Schutzm\u00f6glichkeiten von Alleen aufgrund unterschiedlicher Rechtsgrundlagen sowie die fachlichen Anforderungen an die Pflege und Erhaltung alter Alleebaumbest\u00e4nde. Die 110 Teilnehmer\/innen der Fachtagung &#8211; die aus dem In- und Ausland anreisten &#8211; sowie die Berichterstattung in meh-reren gro\u00dfen und regionalen Tageszeitungen (z.B. Neue Osnabr\u00fccker Zeitung vom 15.11. S. 26; S\u00fcd-deutsche Zeitung vom 16.11. S. 10, M\u00fcnstersche Zeitung vom 17.11.; Westf\u00e4lische Nachrichten vom 17.11.; N\u00fcrnberger Nachrichten vom 18.\/19.11.) sowie in bundesweiten Fachzeitschriften ( z. B. Stadt und Gr\u00fcn 12\/2006 S. 5; AFZ-DerWald 24\/2006 S. 1324-1325; Landes- und Kommunalverwaltung Heft 2 2007 S. 73-75 u. a.) belegen deutlich das gro\u00dfe \u00f6ffentliche Interesse zu Fragen des Schutzes der Alleen innerhalb unterschiedlichster Bev\u00f6lkerungs- und Berufsgruppen. Dies zeigte auch die zu Beginn der Ta-gung erfolgte Alleenpflanzung im Landkreis Steinfurt bei H\u00f6rstel an einer Landes- und Kreisstra\u00dfe gemeinsam mit Vertretern aus dem Bundesumweltministerium (BMU), der Landes- und Kommunalpolitik NRW, der DBU sowie der ASG und etwa 70 G\u00e4sten. Die Pflanzung fand im Rahmen der BMU-ASG Kampagne Deutsche Alleen &#8211; durch nichts zu ersetzen (www.alleen-fan.de) sowie der Initiative zur Pflanzung von 100 Alleen in ganz Nordrhein-Westfalen statt und sollte abermals ein Zeichen setzen, dass Alleen auch an Stra\u00dfen geh\u00f6ren und die Belange von Alleenschutz und Verkehrssicherungspflicht miteinander vereinbar sind. Anl\u00e4sslich der Tagung verabschiedeten die ASG, SPSG und die For-schungsgesellschaft Landschaftsentwicklung und Landschaftsbau (FLL) eine Resolution. Diese spricht sich gegen die Einf\u00fchrung der k\u00fcrzlich publizierten Fassung der ESAB (Empfehlungen zum Schutz vor Unf\u00e4llen mit Aufprall auf B\u00e4ume) f\u00fcr Landesstra\u00dfen aus (und damit gegen die Einf\u00fchrung von Mindestpflanzabst\u00e4nden zum befestigten Fahrbahnrand von 4,50 m); sie fordert zudem dazu auf, die Alleenbest\u00e4nde in den Bundesl\u00e4ndern zu aktualisieren und zu bewerten sowie weiter \u00fcber die Bedeutungsvielfalt der Alleen zu informieren. Bemerkenswert ist, dass die Fachtagung wie Publikation positive Resonanzen bei Privatpersonen in Frankreich, Lettland und Polen ausgel\u00f6st hat und dort zu ganz aktuellen Bem\u00fchun-gen f\u00fchrt, Alleen besser zu sch\u00fctzen. Ein aktiver Erfahrungsaustausch ist seitdem entstanden. \u00c4hnliche Entwicklungen waren zuvor bereits innerhalb Deutschlands in den Bundesl\u00e4ndern Nordrhein-Westfalen und Schleswig-Holstein zu beobachten, wo insbesondere die o. g. BMU-ASG Kampagne Einfluss auf aktuelle Bem\u00fchungen hatte, die Alleen zu erfassen und besser zu sch\u00fctzen und in Konsequenz zu einem verbesserten gesetzlichen Schutz von Alleen f\u00fchrte (in NRW 2005; in S-H im Jahr 2007). Hervorzuheben ist auch, dass in Fachkreisen in den Vereinigten Staaten von Amerika die o. g. Kampagne k\u00fcrzlich aus-f\u00fchrliche Beachtung fand.<\/p>\n<p>\u00d6ffentlichkeitsarbeit und Pr\u00e4sentation<\/p>\n<p>Die Ergebnisse der Fachtagung werden in dem Fachbuch Alleen in Deutschland &#8211; Bedeutung, Pflege, Entwicklung ausf\u00fchrlich dargestellt und diskutiert (Edition Leipzig, 248 S., 165 Abb. (f.) und 32 Abb. (s w).<\/p>\n<p>Fazit<\/p>\n<p>An etwa 12 % oder 23.200 km der \u00fcber\u00f6rtlichen Stra\u00dfen, davon 18.000 km in den neuen Bundesl\u00e4ndern, befinden sich noch Alleen. Diese sind durch Stra\u00dfenbau, Abgase, Streusalz, Krankheiten, vor allem aber durch \u00dcberalterung und falsche Pflege stark gef\u00e4hrdet. Allein das Fehlen einer mittelalten Alleengenera-tion in den neuen Bundesl\u00e4ndern wird hier zu einer dramatischen Abnahme der Alleen in den n\u00e4chsten 30 Jahren f\u00fchren. Neu- und Nachanpflanzungen sind deshalb dringend an Stra\u00dfen und Wegen notwen-dig, sofern dieses mehrere Jahrhunderte alte Kultur- und Naturgut erhalten werden soll. Nennenswerte Neuanpflanzungen gibt es aber bisher nur in Mecklenburg-Vorpommern (ca. 1.500 km seit 1990) und in deutlich geringerem Ausma\u00df in Brandenburg. Es ist daher auch zuk\u00fcnftig notwendig, die breite \u00d6ffentlichkeit und Politiker davon zu \u00fcberzeugen, das Anliegen des Alleenschutzes bundesweit zu unterst\u00fctzen. Dies k\u00f6nnte auch vor einem drohenden Klimawandel von Bedeutung sein. Der gesetzliche Schutz der Alleen nach dem neuen Bundesnaturschutzgesetz von 2002 (vgl. \u00a7 29) sowie der strenge gesetzliche Schutz der Alleen in Mecklenburg-Vorpommern, Brandenburg, Schleswig-Holstein und Nordrhein-Westfalen bieten f\u00fcr entsprechende Verwaltungsvorschriften zu Pflege alter Alleen und zur Anpflanzung neuer Alleen eine hervorragende Ausgangssituation.<\/p>\n","protected":false},"excerpt":{"rendered":"<p>Zielsetzung und Anlass des Vorhabens Obwohl seit 1990 Alleen als Natur- und Kulturdenkmale wieder in das Bewusstsein von Gesellschaft und Politik r\u00fccken, fehlte es in Deutschland bislang an einer fach\u00fcbergreifenden Betrachtung. Erstmalig wird daher mit der o. g. Fachtagung nebst Publikation versucht, interdisziplin\u00e4res Wissen zu b\u00fcndeln und f\u00fcr die \u00d6ffentlichkeit darzustellen z. B. zur Alleenvielfalt [&hellip;]<\/p>\n","protected":false},"author":0,"featured_media":0,"template":"","meta":{"footnotes":""},"categories":[],"tags":[2422,50,64,2423],"class_list":["post-23924","projektdatenbank","type-projektdatenbank","status-publish","hentry","tag-landnutzung","tag-naturschutz","tag-niedersachsen","tag-umweltkommunikation"],"meta_box":{"dbu_projektdatenbank_az_ges":"23117\/01","dbu_projektdatenbank_medien":"Sonstige Publikationen - Programm: Alleen in Deutschland","dbu_projektdatenbank_pdfdatei":"A-23117.pdf","dbu_projektdatenbank_bsumme":"27.000,00","dbu_projektdatenbank_firma":"Ingo Lehmann","dbu_projektdatenbank_strasse":"","dbu_projektdatenbank_plz_str":"22047","dbu_projektdatenbank_ort_str":"Hamburg","dbu_projektdatenbank_p_von":"2005-07-01 00:00:00","dbu_projektdatenbank_p_bis":"2007-01-01 00:00:00","dbu_projektdatenbank_laufzeit":"1 Jahr und 6 Monate","dbu_projektdatenbank_telefon":"","dbu_projektdatenbank_inet":"","dbu_projektdatenbank_bundesland":"Niedersachsen","dbu_projektdatenbank_foerderber":"139","dbu_projektdatenbank_ab_bericht":"","dbu_projektdatenbank_ist_nachbewilligung_von":"","dbu_projektdatenbank_hat_nachbewilligung":"","dbu_headerimage_cover":"","dbu_submenu":"","dbu_submenu_position":"","dbu_submenu_entry":[]},"_links":{"self":[{"href":"https:\/\/www.dbu.de\/en\/wp-json\/wp\/v2\/projektdatenbank\/23924","targetHints":{"allow":["GET"]}}],"collection":[{"href":"https:\/\/www.dbu.de\/en\/wp-json\/wp\/v2\/projektdatenbank"}],"about":[{"href":"https:\/\/www.dbu.de\/en\/wp-json\/wp\/v2\/types\/projektdatenbank"}],"version-history":[{"count":1,"href":"https:\/\/www.dbu.de\/en\/wp-json\/wp\/v2\/projektdatenbank\/23924\/revisions"}],"predecessor-version":[{"id":36927,"href":"https:\/\/www.dbu.de\/en\/wp-json\/wp\/v2\/projektdatenbank\/23924\/revisions\/36927"}],"wp:attachment":[{"href":"https:\/\/www.dbu.de\/en\/wp-json\/wp\/v2\/media?parent=23924"}],"wp:term":[{"taxonomy":"category","embeddable":true,"href":"https:\/\/www.dbu.de\/en\/wp-json\/wp\/v2\/categories?post=23924"},{"taxonomy":"post_tag","embeddable":true,"href":"https:\/\/www.dbu.de\/en\/wp-json\/wp\/v2\/tags?post=23924"}],"curies":[{"name":"wp","href":"https:\/\/api.w.org\/{rel}","templated":true}]}}

Interdisziplinäre Fachtagung in Osnabrück: Alleen in Deutschland &#8211; Bedeutung, Pflege und Entwicklung

<p>Zielsetzung und Anlass des Vorhabens</p>
<p>Obwohl seit 1990 Alleen als Natur- und Kulturdenkmale wieder in das Bewusstsein von Gesellschaft und Politik rücken, fehlte es in Deutschland bislang an einer fachübergreifenden Betrachtung. Erstmalig wird daher mit der o. g. Fachtagung nebst Publikation versucht, interdisziplinäres Wissen zu bündeln und für die Öffentlichkeit darzustellen z. B. zur Alleenvielfalt in der Gartengeschichte, Stadt und Landschaft; zu Schutz- und Pflegemaßnahmen früher wie heute; zu Gefährdungen; zum Potential aus der Sicht des Na-tur- und Denkmalschutzes und des Tourismus. Im Rahmen der rechtlichen Möglichkeiten sollen Wege dargestellt und diskutiert werden, sich für die Erhaltung alter und die Förderung neuer Alleen als privates und öffentliches Anliegen einzusetzen.</p>
<p>Darstellung der Arbeitsschritte und der angewandten MethodenDie beiden Leiter des Projektes verfügen über langjährige Erfahrungen im Alleenschutz. In Absprache mit dem Verlag Edition Leipzig, Seemann Henschel GmbH und Co. KG (Leipzig), wurde der Inhalt der Publikation konzipiert und verfeinert. Im Anschluss wurden 47 fachkompetente Autorinnen und Autoren unterschiedlicher Disziplinen und Bundesländer an dem Projekt beteiligt. Dadurch sollten nicht nur Beispiele aufgezeigt, sondern gleichermaßen auf die öffentliche Relevanz unterschiedlicher Blickrichtungen Bezug genommen werden. Für Deutschland sowie insbesondere für sieben Bundesländer sollte sichtbar werden, welche vielfältige Wohlfahrtswirkung  Alleen in Stadt und Landschaft besitzen. Im Vorfeld wurde erstmals eine Bestandsaufnahme für alle Bundesländer vorgenommen sowie seltene, bekannte und in Vergessenheit geratene Literatur aufbereitet und neu gewertet. Dadurch sollen mehrere Zielgruppen angesprochen und für einen umfassenden Alleenschutz sensibilisiert werden.</p>
<p>Ergebnisse und Diskussion</p>
<p>Sowohl auf der zweitägigen Fachtagung am 16. und 17. November 2006 in Osnabrück als auch in der dazugehörigen Publikation Alleen in Deutschland &#8211; Bedeutung, Pflege, Entwicklung besprechen namhafte Experten erstmals umfangreich und in interdisziplinärer Betrachtung die öffentliche Relevanz unterschiedlicher Aspekte wie z. B. die räumlich-künstlerische Wirkung von Alleen, ihre weitreichende Nutzungsgeschichte, ihre Bedeutung innerhalb der bildenden Künste, ihren ökologischen Wert für die Um-welt wie auch ihren Wert für Heimatkunde und Erholung, den aktuellen Alleenbestand in Deutschland und deren Bewertung, Schutzmöglichkeiten von Alleen aufgrund unterschiedlicher Rechtsgrundlagen sowie die fachlichen Anforderungen an die Pflege und Erhaltung alter Alleebaumbestände. Die 110 Teilnehmer/innen der Fachtagung &#8211; die aus dem In- und Ausland anreisten &#8211; sowie die Berichterstattung in meh-reren großen und regionalen Tageszeitungen (z.B. Neue Osnabrücker Zeitung vom 15.11. S. 26; Süd-deutsche Zeitung vom 16.11. S. 10, Münstersche Zeitung vom 17.11.; Westfälische Nachrichten vom 17.11.; Nürnberger Nachrichten vom 18./19.11.) sowie in bundesweiten Fachzeitschriften ( z. B. Stadt und Grün 12/2006 S. 5; AFZ-DerWald 24/2006 S. 1324-1325; Landes- und Kommunalverwaltung Heft 2 2007 S. 73-75 u. a.) belegen deutlich das große öffentliche Interesse zu Fragen des Schutzes der Alleen innerhalb unterschiedlichster Bevölkerungs- und Berufsgruppen. Dies zeigte auch die zu Beginn der Ta-gung erfolgte Alleenpflanzung im Landkreis Steinfurt bei Hörstel an einer Landes- und Kreisstraße gemeinsam mit Vertretern aus dem Bundesumweltministerium (BMU), der Landes- und Kommunalpolitik NRW, der DBU sowie der ASG und etwa 70 Gästen. Die Pflanzung fand im Rahmen der BMU-ASG Kampagne Deutsche Alleen &#8211; durch nichts zu ersetzen (www.alleen-fan.de) sowie der Initiative zur Pflanzung von 100 Alleen in ganz Nordrhein-Westfalen statt und sollte abermals ein Zeichen setzen, dass Alleen auch an Straßen gehören und die Belange von Alleenschutz und Verkehrssicherungspflicht miteinander vereinbar sind. Anlässlich der Tagung verabschiedeten die ASG, SPSG und die For-schungsgesellschaft Landschaftsentwicklung und Landschaftsbau (FLL) eine Resolution. Diese spricht sich gegen die Einführung der kürzlich publizierten Fassung der ESAB (Empfehlungen zum Schutz vor Unfällen mit Aufprall auf Bäume) für Landesstraßen aus (und damit gegen die Einführung von Mindestpflanzabständen zum befestigten Fahrbahnrand von 4,50 m); sie fordert zudem dazu auf, die Alleenbestände in den Bundesländern zu aktualisieren und zu bewerten sowie weiter über die Bedeutungsvielfalt der Alleen zu informieren. Bemerkenswert ist, dass die Fachtagung wie Publikation positive Resonanzen bei Privatpersonen in Frankreich, Lettland und Polen ausgelöst hat und dort zu ganz aktuellen Bemühun-gen führt, Alleen besser zu schützen. Ein aktiver Erfahrungsaustausch ist seitdem entstanden. Ähnliche Entwicklungen waren zuvor bereits innerhalb Deutschlands in den Bundesländern Nordrhein-Westfalen und Schleswig-Holstein zu beobachten, wo insbesondere die o. g. BMU-ASG Kampagne Einfluss auf aktuelle Bemühungen hatte, die Alleen zu erfassen und besser zu schützen und in Konsequenz zu einem verbesserten gesetzlichen Schutz von Alleen führte (in NRW 2005; in S-H im Jahr 2007). Hervorzuheben ist auch, dass in Fachkreisen in den Vereinigten Staaten von Amerika die o. g. Kampagne kürzlich aus-führliche Beachtung fand.</p>
<p>Öffentlichkeitsarbeit und Präsentation</p>
<p>Die Ergebnisse der Fachtagung werden in dem Fachbuch Alleen in Deutschland &#8211; Bedeutung, Pflege, Entwicklung ausführlich dargestellt und diskutiert (Edition Leipzig, 248 S., 165 Abb. (f.) und 32 Abb. (s w).</p>
<p>Fazit</p>
<p>An etwa 12 % oder 23.200 km der überörtlichen Straßen, davon 18.000 km in den neuen Bundesländern, befinden sich noch Alleen. Diese sind durch Straßenbau, Abgase, Streusalz, Krankheiten, vor allem aber durch Überalterung und falsche Pflege stark gefährdet. Allein das Fehlen einer mittelalten Alleengenera-tion in den neuen Bundesländern wird hier zu einer dramatischen Abnahme der Alleen in den nächsten 30 Jahren führen. Neu- und Nachanpflanzungen sind deshalb dringend an Straßen und Wegen notwen-dig, sofern dieses mehrere Jahrhunderte alte Kultur- und Naturgut erhalten werden soll. Nennenswerte Neuanpflanzungen gibt es aber bisher nur in Mecklenburg-Vorpommern (ca. 1.500 km seit 1990) und in deutlich geringerem Ausmaß in Brandenburg. Es ist daher auch zukünftig notwendig, die breite Öffentlichkeit und Politiker davon zu überzeugen, das Anliegen des Alleenschutzes bundesweit zu unterstützen. Dies könnte auch vor einem drohenden Klimawandel von Bedeutung sein. Der gesetzliche Schutz der Alleen nach dem neuen Bundesnaturschutzgesetz von 2002 (vgl. § 29) sowie der strenge gesetzliche Schutz der Alleen in Mecklenburg-Vorpommern, Brandenburg, Schleswig-Holstein und Nordrhein-Westfalen bieten für entsprechende Verwaltungsvorschriften zu Pflege alter Alleen und zur Anpflanzung neuer Alleen eine hervorragende Ausgangssituation.</p>

<p>Zielsetzung und Anlass des Vorhabens Obwohl seit 1990 Alleen als Natur- und Kulturdenkmale wieder in das Bewusstsein von Gesellschaft und Politik rücken, fehlte es in Deutschland bislang an einer fachübergreifenden Betrachtung. Erstmalig wird daher mit der o. g. Fachtagung nebst Publikation versucht, interdisziplinäres Wissen zu bündeln und für die Öffentlichkeit darzustellen z. B. zur Alleenvielfalt [&hellip;]</p>
