{"id":23729,"date":"2023-07-13T15:24:03","date_gmt":"2023-07-13T13:24:03","guid":{"rendered":"https:\/\/www.dbu.de\/projektdatenbank\/22503-01\/"},"modified":"2023-07-13T15:24:04","modified_gmt":"2023-07-13T13:24:04","slug":"22503-01","status":"publish","type":"projektdatenbank","link":"https:\/\/www.dbu.de\/en\/projektdatenbank\/22503-01\/","title":{"rendered":"Fachwirt f\u00fcr nachhaltiges Wirtschaften in Werkst\u00e4tten f\u00fcr Behinderte"},"content":{"rendered":"<p>Zielsetzung und Anlass des Vorhabens<\/p>\n<p>Zentrale Zielsetzung des Vorhabens ist es, in Werkst\u00e4tten f\u00fcr behinderte Menschen deutliche Umweltentlastungen in den verschiedenen Produktgruppen und Dienstleistungsangeboten zu realisieren. Der Blickwinkel der Mitarbeitenden im Bereich der technischen Leitung und Arbeitsvorbereitung soll so erweitert werden, dass sie ihre Aufgabengebiete sowohl im Umgang mit den eigenen Ressourcen als auch den \u00f6kologischen und betriebswirtschaftlichen Notwendigkeiten der Einrichtungen effektiver und nachhaltiger gestalten. Die im Projekt geschulten Multiplikatoren k\u00f6nnen im Nachahmungseffekt die Ergebnisse auf die Werkst\u00e4tten im gesamten Bundesgebiet \u00fcbertragen.<\/p>\n<p>Darstellung der Arbeitsschritte und der angewandten MethodenW\u00e4hrend der Laufzeit des Projektes fallen insgesamt 2 x 3 Wochenbl\u00f6cke Seminararbeit an, jeweils von Montag bis Freitag. Daneben finden regionale Treffen statt. Die zu vermittelnden Werkzeuge des Nachhaltigkeitsmanagements sind Schwerpunkt der 3. Kurswoche des Pilotprojekts. Widmen sich die ersten beiden Wochen dem Schwerpunkt Akquisition und Vertrieb, sowie Selbstorganisation und Mitarbeiterf\u00fchrung, so beinhaltet die 3. Woche die Auseinandersetzung mit \u00d6konomie und \u00d6kologie, Umwelt und Ressourcenmanagement. Unter dem Titel Nachhaltiges Wirtschaften und Umweltentlastung stehen neben dem Anspruch, nachhaltiges Wirtschaften mental im Betrieb zu verankern, anwendungsorientierte und praxisbezogene Grundlagen im Vordergrund. Das Programm, dass mit der target GmbH durchgef\u00fchrt wird, beinhaltet die Themen Umweltmanagementsysteme, Energieeffizienz, Anwendungsm\u00f6glichkeiten erneuerbarer Energien, Ressourcen schonen und Kosten senken durch produktionsintegrierten Umweltschutz und die nachhaltige Verwertung von Abfallstr\u00f6men.<\/p>\n<p>Ergebnisse und Diskussion<\/p>\n<p>Vom 10.01.2005 bis 31.05.2006 wurden zwei Seminarreihen \u00e1 drei Wochen des Kurses Fachwirt\/in f\u00fcr nachhaltiges Wirtschaften in Werkst\u00e4tten f\u00fcr behinderte Menschen mit insgesamt 37 Teilnehmenden aus Niedersachsen, Nordrhein-Westfalen und Bayern mit insgesamt 140 Stunden durchgef\u00fchrt.<br \/>\nDie beiden Seminarreihen setzten sich aus folgenden Programmschwerpunkten zusammen:<br \/>\n&#8211;\tNachhaltige Akquisition und Vertrieb<br \/>\n&#8211;\tSelbstorganisation und Nachhaltigkeit<br \/>\n&#8211;\tNachhaltiges Wirtschaften<br \/>\nDer Block Nachhaltiges Wirtschaften war folgenderma\u00dfen aufgebaut:<br \/>\n&#8211;\tNachhaltigkeitsmanagement in mittelst\u00e4ndische Unternehmen<br \/>\n&#8211;\tRessourcenschonung und Effizienzsteigerung im Produktionsprozess<br \/>\n&#8211;\tEnergiemanagement f\u00fcr mittelst\u00e4ndische Unternehmen<br \/>\n&#8211;\tNachhaltige Verwertung von Abfallstr\u00f6men<br \/>\n&#8211;\tDie KLVHS Oesede als praxisnahes Anschauungsobjekt<br \/>\n&#8211;\tPraxis\u00fcbungen an ausgew\u00e4hlten Beispielen<br \/>\nIn den Praxis\u00fcbungen und im Abschlusskolloquium wurden die vermittelten Inhalte mit den erlernten Kompetenzen verkn\u00fcpft und so konkrete Vorschl\u00e4ge f\u00fcr die Verbesserung der Nachhaltigkeit in den Werkst\u00e4tten geschaffen. Themen waren z.B. die Umstellung einer veralteten Gas-Heizung auf eine Pellets Heizung und ein  exemplarisches Beratungsgespr\u00e4ch zur Nutzung einer Photovoltaikanlage.<br \/>\nDar\u00fcber hinaus kn\u00fcpften die Teilnehmenden ein kollegiales Netzwerk, um in anschlie\u00dfenden Gespr\u00e4chen und Treffen das Erlernte langfristig im Arbeitsalltag implementieren zu k\u00f6nnen. In der Werkstatt f\u00fcr behinderte Menschen Altenoythe ist es beispielsweise bereits gelungen, den Stromverbrauch von 212 Kilowatt auf 182 Kilowatt zu reduzieren und ein System zu installieren, dass automatisch Lampen abschaltet, wenn ausreichendes Au\u00dfenlicht vorhanden ist.<br \/>\nIm Bereich der Entsorgung werden die anfallenden Holzreststoffe nicht nur in der Sozialen Arbeitsst\u00e4tte (WfbM) Altenoythe, sondern auch in anderen Einrichtungen der Weiterverwertung zur\u00fcckgef\u00fchrt.<br \/>\nWeiterhin hat es Gespr\u00e4che mit den hiesigen Entsorgungsunternehmen gegeben, Alternativen zum heutigen System zu finden. Diese Erfahrungen sollen dann auch von anderen Einrichtungen genutzt werden.<br \/>\nWichtige Erkenntnisse aus der Seminararbeit in Oesede konnten Mitarbeitende der Freckenhorster Werkst\u00e4tten mit nach Hause nehmen, die seit 2004 den Hof Lohmann aufbauen, der 30 Arbeitspl\u00e4tze f\u00fcr Menschen mit Behinderungen bietet. Hier werden nach den Bio-Richtlinien des Naturland-Verbundes etwa 16 ha Acker- und Weidefl\u00e4chen bewirtschaftet. H\u00fchner, Schafe und Schweine in artgerechter Nutztierhaltung und die entsprechende Direktvermarktung der eigenen Produkte bieten ebenfalls ein gro\u00dfes Arbeitsfeld. F\u00fcr die konzeptionellen \u00dcberlegungen der 3. Seminarreihe sollte dieser Betrieb eine noch gr\u00f6\u00dfere Rolle als gutes praktisches Beispiel darstellen.<\/p>\n<p>\u00d6ffentlichkeitsarbeit und Pr\u00e4sentation<\/p>\n<p>Die \u00d6ffentlichkeitsarbeit richtete sich nach Durchf\u00fchrung der Kurse auf Berichte in Tageszeitungen, Kirchenzeitungen und Fachbl\u00e4tter. Pr\u00e4sentiert wurde das Projekt auf der Bundestagung der Werkst\u00e4tten f\u00fcr Behinderte aus dem Caritasbereich im M\u00e4rz 2006.<\/p>\n<p>Fazit<\/p>\n<p>Hohe Zufriedenheit mit dem Projekt ist sowohl bei den Teilnehmenden als auch in den Werkst\u00e4tten selbst zu registrieren. Die begonnene Arbeit wird fortgesetzt.<br \/>\nAm 30.\/31. Oktober werden sich die Teilnehmenden der 1. Seminarreihe in Oesede zu einem Nachtreffen einfinden, um die weitere Netzwerkarbeit zu koordinieren und weitere Impulse f\u00fcr das Nachhaltige Wirtschaften zu geben.<br \/>\nDer Erfolg des Projektes ist nicht zuletzt daraus abzulesen, dass die im Oktober 2006 beginnende 3. Seminarreihe mit 20 Teilnehmenden aus Niedersachsen, Nordrhein-Westfalen, den s\u00fcddeutschen Bundesl\u00e4ndern und erstmalig auch aus den neuen Bundesl\u00e4ndern vollst\u00e4ndig ausgebucht ist.<\/p>\n","protected":false},"excerpt":{"rendered":"<p>Zielsetzung und Anlass des Vorhabens Zentrale Zielsetzung des Vorhabens ist es, in Werkst\u00e4tten f\u00fcr behinderte Menschen deutliche Umweltentlastungen in den verschiedenen Produktgruppen und Dienstleistungsangeboten zu realisieren. Der Blickwinkel der Mitarbeitenden im Bereich der technischen Leitung und Arbeitsvorbereitung soll so erweitert werden, dass sie ihre Aufgabengebiete sowohl im Umgang mit den eigenen Ressourcen als auch den [&hellip;]<\/p>\n","protected":false},"author":1,"featured_media":0,"template":"","meta":{"footnotes":""},"categories":[],"tags":[64,2423],"class_list":["post-23729","projektdatenbank","type-projektdatenbank","status-publish","hentry","tag-niedersachsen","tag-umweltkommunikation"],"meta_box":{"dbu_projektdatenbank_az_ges":"22503\/01","dbu_projektdatenbank_medien":"Innovationen f\u00fcr die Umwelt - Behindertenwerkst\u00e4tten nachhaltig in den Wettbewerb f\u00fchren","dbu_projektdatenbank_pdfdatei":"A-22503.pdf","dbu_projektdatenbank_bsumme":"14.300,00","dbu_projektdatenbank_firma":"Kath. Landvolkhochschule Oesede","dbu_projektdatenbank_strasse":"Gartbrink 5","dbu_projektdatenbank_plz_str":"49124","dbu_projektdatenbank_ort_str":"Georgsmarienh\u00fctte","dbu_projektdatenbank_p_von":"2005-01-10 00:00:00","dbu_projektdatenbank_p_bis":"2006-05-31 00:00:00","dbu_projektdatenbank_laufzeit":"1 Jahr und 5 Monate","dbu_projektdatenbank_telefon":"05401\/8668-0","dbu_projektdatenbank_inet":"www.klvhs-oesede.de","dbu_projektdatenbank_bundesland":"Niedersachsen","dbu_projektdatenbank_foerderber":"136","dbu_projektdatenbank_ab_bericht":"","dbu_projektdatenbank_ist_nachbewilligung_von":"","dbu_projektdatenbank_hat_nachbewilligung":"","dbu_headerimage_cover":"","dbu_submenu":"","dbu_submenu_position":"","dbu_submenu_entry":[]},"_links":{"self":[{"href":"https:\/\/www.dbu.de\/en\/wp-json\/wp\/v2\/projektdatenbank\/23729","targetHints":{"allow":["GET"]}}],"collection":[{"href":"https:\/\/www.dbu.de\/en\/wp-json\/wp\/v2\/projektdatenbank"}],"about":[{"href":"https:\/\/www.dbu.de\/en\/wp-json\/wp\/v2\/types\/projektdatenbank"}],"author":[{"embeddable":true,"href":"https:\/\/www.dbu.de\/en\/wp-json\/wp\/v2\/users\/1"}],"version-history":[{"count":1,"href":"https:\/\/www.dbu.de\/en\/wp-json\/wp\/v2\/projektdatenbank\/23729\/revisions"}],"predecessor-version":[{"id":36732,"href":"https:\/\/www.dbu.de\/en\/wp-json\/wp\/v2\/projektdatenbank\/23729\/revisions\/36732"}],"wp:attachment":[{"href":"https:\/\/www.dbu.de\/en\/wp-json\/wp\/v2\/media?parent=23729"}],"wp:term":[{"taxonomy":"category","embeddable":true,"href":"https:\/\/www.dbu.de\/en\/wp-json\/wp\/v2\/categories?post=23729"},{"taxonomy":"post_tag","embeddable":true,"href":"https:\/\/www.dbu.de\/en\/wp-json\/wp\/v2\/tags?post=23729"}],"curies":[{"name":"wp","href":"https:\/\/api.w.org\/{rel}","templated":true}]}}

Fachwirt für nachhaltiges Wirtschaften in Werkstätten für Behinderte

<p>Zielsetzung und Anlass des Vorhabens</p>
<p>Zentrale Zielsetzung des Vorhabens ist es, in Werkstätten für behinderte Menschen deutliche Umweltentlastungen in den verschiedenen Produktgruppen und Dienstleistungsangeboten zu realisieren. Der Blickwinkel der Mitarbeitenden im Bereich der technischen Leitung und Arbeitsvorbereitung soll so erweitert werden, dass sie ihre Aufgabengebiete sowohl im Umgang mit den eigenen Ressourcen als auch den ökologischen und betriebswirtschaftlichen Notwendigkeiten der Einrichtungen effektiver und nachhaltiger gestalten. Die im Projekt geschulten Multiplikatoren können im Nachahmungseffekt die Ergebnisse auf die Werkstätten im gesamten Bundesgebiet übertragen.</p>
<p>Darstellung der Arbeitsschritte und der angewandten MethodenWährend der Laufzeit des Projektes fallen insgesamt 2 x 3 Wochenblöcke Seminararbeit an, jeweils von Montag bis Freitag. Daneben finden regionale Treffen statt. Die zu vermittelnden Werkzeuge des Nachhaltigkeitsmanagements sind Schwerpunkt der 3. Kurswoche des Pilotprojekts. Widmen sich die ersten beiden Wochen dem Schwerpunkt Akquisition und Vertrieb, sowie Selbstorganisation und Mitarbeiterführung, so beinhaltet die 3. Woche die Auseinandersetzung mit Ökonomie und Ökologie, Umwelt und Ressourcenmanagement. Unter dem Titel Nachhaltiges Wirtschaften und Umweltentlastung stehen neben dem Anspruch, nachhaltiges Wirtschaften mental im Betrieb zu verankern, anwendungsorientierte und praxisbezogene Grundlagen im Vordergrund. Das Programm, dass mit der target GmbH durchgeführt wird, beinhaltet die Themen Umweltmanagementsysteme, Energieeffizienz, Anwendungsmöglichkeiten erneuerbarer Energien, Ressourcen schonen und Kosten senken durch produktionsintegrierten Umweltschutz und die nachhaltige Verwertung von Abfallströmen.</p>
<p>Ergebnisse und Diskussion</p>
<p>Vom 10.01.2005 bis 31.05.2006 wurden zwei Seminarreihen á drei Wochen des Kurses Fachwirt/in für nachhaltiges Wirtschaften in Werkstätten für behinderte Menschen mit insgesamt 37 Teilnehmenden aus Niedersachsen, Nordrhein-Westfalen und Bayern mit insgesamt 140 Stunden durchgeführt.<br />
Die beiden Seminarreihen setzten sich aus folgenden Programmschwerpunkten zusammen:<br />
&#8211;	Nachhaltige Akquisition und Vertrieb<br />
&#8211;	Selbstorganisation und Nachhaltigkeit<br />
&#8211;	Nachhaltiges Wirtschaften<br />
Der Block Nachhaltiges Wirtschaften war folgendermaßen aufgebaut:<br />
&#8211;	Nachhaltigkeitsmanagement in mittelständische Unternehmen<br />
&#8211;	Ressourcenschonung und Effizienzsteigerung im Produktionsprozess<br />
&#8211;	Energiemanagement für mittelständische Unternehmen<br />
&#8211;	Nachhaltige Verwertung von Abfallströmen<br />
&#8211;	Die KLVHS Oesede als praxisnahes Anschauungsobjekt<br />
&#8211;	Praxisübungen an ausgewählten Beispielen<br />
In den Praxisübungen und im Abschlusskolloquium wurden die vermittelten Inhalte mit den erlernten Kompetenzen verknüpft und so konkrete Vorschläge für die Verbesserung der Nachhaltigkeit in den Werkstätten geschaffen. Themen waren z.B. die Umstellung einer veralteten Gas-Heizung auf eine Pellets Heizung und ein  exemplarisches Beratungsgespräch zur Nutzung einer Photovoltaikanlage.<br />
Darüber hinaus knüpften die Teilnehmenden ein kollegiales Netzwerk, um in anschließenden Gesprächen und Treffen das Erlernte langfristig im Arbeitsalltag implementieren zu können. In der Werkstatt für behinderte Menschen Altenoythe ist es beispielsweise bereits gelungen, den Stromverbrauch von 212 Kilowatt auf 182 Kilowatt zu reduzieren und ein System zu installieren, dass automatisch Lampen abschaltet, wenn ausreichendes Außenlicht vorhanden ist.<br />
Im Bereich der Entsorgung werden die anfallenden Holzreststoffe nicht nur in der Sozialen Arbeitsstätte (WfbM) Altenoythe, sondern auch in anderen Einrichtungen der Weiterverwertung zurückgeführt.<br />
Weiterhin hat es Gespräche mit den hiesigen Entsorgungsunternehmen gegeben, Alternativen zum heutigen System zu finden. Diese Erfahrungen sollen dann auch von anderen Einrichtungen genutzt werden.<br />
Wichtige Erkenntnisse aus der Seminararbeit in Oesede konnten Mitarbeitende der Freckenhorster Werkstätten mit nach Hause nehmen, die seit 2004 den Hof Lohmann aufbauen, der 30 Arbeitsplätze für Menschen mit Behinderungen bietet. Hier werden nach den Bio-Richtlinien des Naturland-Verbundes etwa 16 ha Acker- und Weideflächen bewirtschaftet. Hühner, Schafe und Schweine in artgerechter Nutztierhaltung und die entsprechende Direktvermarktung der eigenen Produkte bieten ebenfalls ein großes Arbeitsfeld. Für die konzeptionellen Überlegungen der 3. Seminarreihe sollte dieser Betrieb eine noch größere Rolle als gutes praktisches Beispiel darstellen.</p>
<p>Öffentlichkeitsarbeit und Präsentation</p>
<p>Die Öffentlichkeitsarbeit richtete sich nach Durchführung der Kurse auf Berichte in Tageszeitungen, Kirchenzeitungen und Fachblätter. Präsentiert wurde das Projekt auf der Bundestagung der Werkstätten für Behinderte aus dem Caritasbereich im März 2006.</p>
<p>Fazit</p>
<p>Hohe Zufriedenheit mit dem Projekt ist sowohl bei den Teilnehmenden als auch in den Werkstätten selbst zu registrieren. Die begonnene Arbeit wird fortgesetzt.<br />
Am 30./31. Oktober werden sich die Teilnehmenden der 1. Seminarreihe in Oesede zu einem Nachtreffen einfinden, um die weitere Netzwerkarbeit zu koordinieren und weitere Impulse für das Nachhaltige Wirtschaften zu geben.<br />
Der Erfolg des Projektes ist nicht zuletzt daraus abzulesen, dass die im Oktober 2006 beginnende 3. Seminarreihe mit 20 Teilnehmenden aus Niedersachsen, Nordrhein-Westfalen, den süddeutschen Bundesländern und erstmalig auch aus den neuen Bundesländern vollständig ausgebucht ist.</p>

<p>Zielsetzung und Anlass des Vorhabens Zentrale Zielsetzung des Vorhabens ist es, in Werkstätten für behinderte Menschen deutliche Umweltentlastungen in den verschiedenen Produktgruppen und Dienstleistungsangeboten zu realisieren. Der Blickwinkel der Mitarbeitenden im Bereich der technischen Leitung und Arbeitsvorbereitung soll so erweitert werden, dass sie ihre Aufgabengebiete sowohl im Umgang mit den eigenen Ressourcen als auch den [&hellip;]</p>

Innovationen für die Umwelt - Behindertenwerkstätten nachhaltig in den Wettbewerb führen

Georgsmarienhütte
