{"id":22056,"date":"2023-07-13T15:21:00","date_gmt":"2023-07-13T13:21:00","guid":{"rendered":"https:\/\/www.dbu.de\/projektdatenbank\/18151-01\/"},"modified":"2023-07-13T15:21:01","modified_gmt":"2023-07-13T13:21:01","slug":"18151-01","status":"publish","type":"projektdatenbank","link":"https:\/\/www.dbu.de\/en\/projektdatenbank\/18151-01\/","title":{"rendered":"Fledermauszentrum am Kalkberg"},"content":{"rendered":"<p>Zielsetzung und Anlass des Vorhabens<\/p>\n<p>Das Fledermaus-Zentrum verfolgt inhaltlich das Ziel, bei m\u00f6glichst vielen Besucherinnen und Besuchern Sympathie f\u00fcr Flederm\u00e4use und Verst\u00e4ndnis f\u00fcr unsere Lebenswelt zu wecken. Es zeigt die Vernetzung in der Natur, speziell zwischen Flederm\u00e4usen und Mensch ebenso wie Schutzm\u00f6glichkeiten auf. Flederm\u00e4use werden als faszinierende Wesen pr\u00e4sentiert und die Nacht und ihre Wesen erlebbar gemacht. Die Themenpr\u00e4sentationen erfolgt anhand der interaktiven, erlebnisreichen Ausstellung unter Einbeziehung der unmittelbar umgebenden Natur, d. h. der Originalschaupl\u00e4tze. Umweltp\u00e4dagogische Begleitma\u00dfnahmen vertiefen die Erkenntnisse \u00fcber die geheimnisvolle Welt der Flederm\u00e4use und geben Hilfestellung f\u00fcr praktischen Fledermausschutz an die Hand. Der besondere Wert des Fledermaus-Zentrums liegt zudem in seiner Innovationskraft, seiner Bedeutung f\u00fcr den Tourismus, seiner Entwicklung zum Kompetenz-Zentrum und der intensiven Zusammenarbeit mit Partnern.<\/p>\n<p>Darstellung der Arbeitsschritte und der angewandten MethodenDie Konzeption der Ausstellung beruht auf den Leitlinien der Ausstellungsdidaktik des Biologie-Didaktikers Prof. Dr. Willfried Jan\u00dfen, der ausdr\u00fccklich die gute Eignung der Fledermaus als Leit-Tierart im didaktischen Sinne betont. Danach sind Flederm\u00e4use stellvertretend f\u00fcr andere Tierarten besonders geeignet, emotionale Zuwendung zu erreichen und auf dieser Basis Wissen zu vermitteln. Das Ausstellungs-Design im Zentrum ber\u00fccksichtigt diese Pr\u00e4misse, in dem es die emotionalen und kognitiven Aspekte zum Thema Fledermaus beleuchtet, um Einstellungen zu ver\u00e4ndern und mehr Verst\u00e4ndnis f\u00fcr diese Tierart und f\u00fcr \u00f6kologische Vernetzungen zu f\u00f6rdern.<\/p>\n<p>Ergebnisse und Diskussion<\/p>\n<p>Das Ausstellungs-Design im Fledermaus-Zentrum verfolgt wesentlich den Auftrag, anhand einzelner Stationen auf 560 qm Ausstellungsfl\u00e4che Informationsgehalte erlebnisreich und verst\u00e4ndlich zu transportieren.<br \/>\nBegleitung und Unterst\u00fctzung findet die Ausstellung durch ein erg\u00e4nzendes Bildungs- und Veranstaltungsprogramm. Dialoggruppen sind Kinder, Jugendliche, Familien und Berufsgruppen, die mit ihrer Arbeit direkten Einfluss auf den Fledermausschutz haben. Mit Hilfe von Seminaren, Exkursionen und praktischen Anleitungen werden den Teilnehmern Hilfestellungen f\u00fcr einen konkreten Fledermausschutz an die Hand gegeben, Berufsgruppen zu umweltverantwortlichen Planen und Bauen animiert. Das Bildungsprogramm tr\u00e4gt gerade durch den praktischen Bezug und dem engen Kontakt mit den Wissenschaftlern am Kalkberg und ihren Forschungsergebnissen zum Verst\u00e4ndnis f\u00fcr die \u00f6kologischen Gesamtzusammenh\u00e4nge zum Thema Flederm\u00e4use und somit zur Zielerreichung bei.<br \/>\nDie Forschung<br \/>\nMit den S\u00e4ulen Ausstellung, Fledermausforschung und -schutz sowie Vermittlung entsteht mittelfristig ein Kompetenz-Zentrum f\u00fcr den norddeutschen Raum. Eines der wesentlichen Ziele des Fledermaus-Zentrums ist dabei die Kooperation mit anderen Einrichtungen (Landesstelle Fledermausschutz und Fledermausforschung des NABU, Verb\u00e4nde, Forschungsinstitute, Museen). Bereits seit vielen Jahren wer-den am Kalkberg Forschungsarbeiten betrieben, die vornehmlich vom Land Schleswig-Holstein finanziell gef\u00f6rdert wurden und werden. Auch das Fledermaus &#8211; Zentrum selbst wird Forschungsaktivit\u00e4ten entwi-ckeln sowie aktuelle Forschungsergebnisse aufbereiten und einem breiten Publikum zug\u00e4nglich machen. Dieses Anliegen wird durch die Einrichtung eines Forscherraumes, in dem die Besucherinnen und Besu-cher beispielsweise Diplomanden und Doktorranden bei ihrer Forschungst\u00e4tigkeit \u00fcber die Schulter schauen k\u00f6nnen, unterst\u00fctzt.<\/p>\n<p>\u00d6ffentlichkeitsarbeit und Pr\u00e4sentation<\/p>\n<p>Das Projekt wird dokumentiert und evaluiert. Dar\u00fcber hinaus bestehen f\u00fcr Marketing und \u00d6ffentlichkeitsarbeit durch die enge Verbindung mit der Kalkberg GmbH hervorragende Bedingungen. Die Konzerte und Karl-May-Auff\u00fchrungen ziehen j\u00e4hrlich \u00fcber 300.000 Besucher, darunter viele junge Menschen und Familien, aus dem ganzen Bundesgebiet an den Kalkberg. Eine viel versprechende Konstellation, um wir-kungsvoll f\u00fcr den Umweltschutz zu werben. Die Kooperation mit anderen Umweltbildungseinrichtungen und Verb\u00e4nden stellt eine wichtige weitere M\u00f6glichkeit der \u00d6ffentlichkeitsarbeit dar. Angebote f\u00fcr Vertreterinnen und Vertreter aus dem Bereich der umweltp\u00e4dagogischen Bildung entfalten zudem Multiplikatorenwirkung.<\/p>\n<p>Fazit<\/p>\n<p>In dem Fledermaus-Zentrum am Kalkberg tauchen die Menschen an einem unsichtbaren roten Faden in die Lebenswelt der Flederm\u00e4use und damit beispielhaft auch in ihre eigene Umwelt ein. Mit seiner erlebnisreich konzipierten Ausstellung, den wechselnden Angeboten und Attraktionen sowie den weitl\u00e4ufig gestalteten Lern- und Erlebnispfaden wird das Fledermaus-Zentrum das gesellschaftliche und kulturelle Leben Bad Segebergs als auch der gesamten Region bereichern. Es ist eine in Europa bisher einzigartige Einrichtung, die Informationen \u00fcber die faszinierende Welt der Flederm\u00e4use direkt an Originalschaupl\u00e4tzen in Natur und Landschaft einem breiten Publikum vermittelt. Zudem tr\u00e4gt das Zentrum dazu bei, das hohe Forschungspotential des Segeberger Raumes f\u00fcr allgemeine und spezielle Fragen zur \u00d6kologie heimischer Fledermausarten auszusch\u00f6pfen.<br \/>\nSo f\u00f6rdert das Zentrum bereits jetzt die Zusammenarbeit mit den Universit\u00e4ten unter anderem in Kiel und Hamburg, f\u00fchrt Kooperationsgespr\u00e4che mit verschiedenen Ausstellungsh\u00e4usern und hat den Einstieg in die Lehrerfortbildung in Schleswig-Holstein gefunden. Die Arbeit mit Kooperationspartner wird auch in Zukunft stetig fortentwickelt.<br \/>\nDie Ergebnisse der summativen Evaluation zeigen, dass die mit der Errichtung des Fledermaus-Zentrums vorgegebene Zielsetzung erreicht wurde. Die Besucherinnen und Besucher best\u00e4tigen der Ausstellung einen hohen Informationsgehalt, sie stufen sie \u00fcberwiegend als informativ, unterhaltsam, ansprechend gestaltet, einladend, \u00fcbersichtlich, au\u00dfergew\u00f6hnlich und kinderfreundlich ein. Dabei sch\u00e4tzen die Besucherinnen und Besucher neben Einzelaspekten insbesondere das Gesamtkonzept der Ausstel-lung, die Gestaltung, die Ausstellungsdidaktik, die gute Eignung f\u00fcr Kinder, aber auch f\u00fcr Erwachsene sowie das Informationsangebot. Es gelingt der Ausstellung, Flederm\u00e4use als faszinierende Lebewesen zu pr\u00e4sentieren und wichtige Aspekte wie die Vernetzung in der Natur, die Beziehung zwischen Fledermaus und Mensch sowie Schutzma\u00dfnahmen f\u00fcr Flederm\u00e4use zu vermitteln.<\/p>\n","protected":false},"excerpt":{"rendered":"<p>Zielsetzung und Anlass des Vorhabens Das Fledermaus-Zentrum verfolgt inhaltlich das Ziel, bei m\u00f6glichst vielen Besucherinnen und Besuchern Sympathie f\u00fcr Flederm\u00e4use und Verst\u00e4ndnis f\u00fcr unsere Lebenswelt zu wecken. Es zeigt die Vernetzung in der Natur, speziell zwischen Flederm\u00e4usen und Mensch ebenso wie Schutzm\u00f6glichkeiten auf. Flederm\u00e4use werden als faszinierende Wesen pr\u00e4sentiert und die Nacht und ihre Wesen [&hellip;]<\/p>\n","protected":false},"author":1,"featured_media":0,"template":"","meta":{"footnotes":""},"categories":[],"tags":[50,70,2423],"class_list":["post-22056","projektdatenbank","type-projektdatenbank","status-publish","hentry","tag-naturschutz","tag-schleswig-holstein","tag-umweltkommunikation"],"meta_box":{"dbu_projektdatenbank_az_ges":"18151\/01","dbu_projektdatenbank_medien":"","dbu_projektdatenbank_pdfdatei":"A-18151.pdf","dbu_projektdatenbank_bsumme":"600.000,00","dbu_projektdatenbank_firma":"Stadt Bad Segeberg","dbu_projektdatenbank_strasse":"L\u00fcbecker Str. 9","dbu_projektdatenbank_plz_str":"23795","dbu_projektdatenbank_ort_str":"Bad Segeberg","dbu_projektdatenbank_p_von":"2003-05-26 00:00:00","dbu_projektdatenbank_p_bis":"2004-11-26 00:00:00","dbu_projektdatenbank_laufzeit":"1 Jahr und 6 Monate","dbu_projektdatenbank_telefon":"04551\/964-400","dbu_projektdatenbank_inet":"","dbu_projektdatenbank_bundesland":"Schleswig-Holstein","dbu_projektdatenbank_foerderber":"52","dbu_projektdatenbank_ab_bericht":"","dbu_projektdatenbank_ist_nachbewilligung_von":"","dbu_projektdatenbank_hat_nachbewilligung":"","dbu_headerimage_cover":"","dbu_submenu":"","dbu_submenu_position":"","dbu_submenu_entry":[]},"_links":{"self":[{"href":"https:\/\/www.dbu.de\/en\/wp-json\/wp\/v2\/projektdatenbank\/22056","targetHints":{"allow":["GET"]}}],"collection":[{"href":"https:\/\/www.dbu.de\/en\/wp-json\/wp\/v2\/projektdatenbank"}],"about":[{"href":"https:\/\/www.dbu.de\/en\/wp-json\/wp\/v2\/types\/projektdatenbank"}],"author":[{"embeddable":true,"href":"https:\/\/www.dbu.de\/en\/wp-json\/wp\/v2\/users\/1"}],"version-history":[{"count":1,"href":"https:\/\/www.dbu.de\/en\/wp-json\/wp\/v2\/projektdatenbank\/22056\/revisions"}],"predecessor-version":[{"id":35059,"href":"https:\/\/www.dbu.de\/en\/wp-json\/wp\/v2\/projektdatenbank\/22056\/revisions\/35059"}],"wp:attachment":[{"href":"https:\/\/www.dbu.de\/en\/wp-json\/wp\/v2\/media?parent=22056"}],"wp:term":[{"taxonomy":"category","embeddable":true,"href":"https:\/\/www.dbu.de\/en\/wp-json\/wp\/v2\/categories?post=22056"},{"taxonomy":"post_tag","embeddable":true,"href":"https:\/\/www.dbu.de\/en\/wp-json\/wp\/v2\/tags?post=22056"}],"curies":[{"name":"wp","href":"https:\/\/api.w.org\/{rel}","templated":true}]}}

<p>Zielsetzung und Anlass des Vorhabens</p>
<p>Das Fledermaus-Zentrum verfolgt inhaltlich das Ziel, bei möglichst vielen Besucherinnen und Besuchern Sympathie für Fledermäuse und Verständnis für unsere Lebenswelt zu wecken. Es zeigt die Vernetzung in der Natur, speziell zwischen Fledermäusen und Mensch ebenso wie Schutzmöglichkeiten auf. Fledermäuse werden als faszinierende Wesen präsentiert und die Nacht und ihre Wesen erlebbar gemacht. Die Themenpräsentationen erfolgt anhand der interaktiven, erlebnisreichen Ausstellung unter Einbeziehung der unmittelbar umgebenden Natur, d. h. der Originalschauplätze. Umweltpädagogische Begleitmaßnahmen vertiefen die Erkenntnisse über die geheimnisvolle Welt der Fledermäuse und geben Hilfestellung für praktischen Fledermausschutz an die Hand. Der besondere Wert des Fledermaus-Zentrums liegt zudem in seiner Innovationskraft, seiner Bedeutung für den Tourismus, seiner Entwicklung zum Kompetenz-Zentrum und der intensiven Zusammenarbeit mit Partnern.</p>
<p>Darstellung der Arbeitsschritte und der angewandten MethodenDie Konzeption der Ausstellung beruht auf den Leitlinien der Ausstellungsdidaktik des Biologie-Didaktikers Prof. Dr. Willfried Janßen, der ausdrücklich die gute Eignung der Fledermaus als Leit-Tierart im didaktischen Sinne betont. Danach sind Fledermäuse stellvertretend für andere Tierarten besonders geeignet, emotionale Zuwendung zu erreichen und auf dieser Basis Wissen zu vermitteln. Das Ausstellungs-Design im Zentrum berücksichtigt diese Prämisse, in dem es die emotionalen und kognitiven Aspekte zum Thema Fledermaus beleuchtet, um Einstellungen zu verändern und mehr Verständnis für diese Tierart und für ökologische Vernetzungen zu fördern.</p>
<p>Ergebnisse und Diskussion</p>
<p>Das Ausstellungs-Design im Fledermaus-Zentrum verfolgt wesentlich den Auftrag, anhand einzelner Stationen auf 560 qm Ausstellungsfläche Informationsgehalte erlebnisreich und verständlich zu transportieren.<br />
Begleitung und Unterstützung findet die Ausstellung durch ein ergänzendes Bildungs- und Veranstaltungsprogramm. Dialoggruppen sind Kinder, Jugendliche, Familien und Berufsgruppen, die mit ihrer Arbeit direkten Einfluss auf den Fledermausschutz haben. Mit Hilfe von Seminaren, Exkursionen und praktischen Anleitungen werden den Teilnehmern Hilfestellungen für einen konkreten Fledermausschutz an die Hand gegeben, Berufsgruppen zu umweltverantwortlichen Planen und Bauen animiert. Das Bildungsprogramm trägt gerade durch den praktischen Bezug und dem engen Kontakt mit den Wissenschaftlern am Kalkberg und ihren Forschungsergebnissen zum Verständnis für die ökologischen Gesamtzusammenhänge zum Thema Fledermäuse und somit zur Zielerreichung bei.<br />
Die Forschung<br />
Mit den Säulen Ausstellung, Fledermausforschung und -schutz sowie Vermittlung entsteht mittelfristig ein Kompetenz-Zentrum für den norddeutschen Raum. Eines der wesentlichen Ziele des Fledermaus-Zentrums ist dabei die Kooperation mit anderen Einrichtungen (Landesstelle Fledermausschutz und Fledermausforschung des NABU, Verbände, Forschungsinstitute, Museen). Bereits seit vielen Jahren wer-den am Kalkberg Forschungsarbeiten betrieben, die vornehmlich vom Land Schleswig-Holstein finanziell gefördert wurden und werden. Auch das Fledermaus &#8211; Zentrum selbst wird Forschungsaktivitäten entwi-ckeln sowie aktuelle Forschungsergebnisse aufbereiten und einem breiten Publikum zugänglich machen. Dieses Anliegen wird durch die Einrichtung eines Forscherraumes, in dem die Besucherinnen und Besu-cher beispielsweise Diplomanden und Doktorranden bei ihrer Forschungstätigkeit über die Schulter schauen können, unterstützt.</p>
<p>Öffentlichkeitsarbeit und Präsentation</p>
<p>Das Projekt wird dokumentiert und evaluiert. Darüber hinaus bestehen für Marketing und Öffentlichkeitsarbeit durch die enge Verbindung mit der Kalkberg GmbH hervorragende Bedingungen. Die Konzerte und Karl-May-Aufführungen ziehen jährlich über 300.000 Besucher, darunter viele junge Menschen und Familien, aus dem ganzen Bundesgebiet an den Kalkberg. Eine viel versprechende Konstellation, um wir-kungsvoll für den Umweltschutz zu werben. Die Kooperation mit anderen Umweltbildungseinrichtungen und Verbänden stellt eine wichtige weitere Möglichkeit der Öffentlichkeitsarbeit dar. Angebote für Vertreterinnen und Vertreter aus dem Bereich der umweltpädagogischen Bildung entfalten zudem Multiplikatorenwirkung.</p>
<p>Fazit</p>
<p>In dem Fledermaus-Zentrum am Kalkberg tauchen die Menschen an einem unsichtbaren roten Faden in die Lebenswelt der Fledermäuse und damit beispielhaft auch in ihre eigene Umwelt ein. Mit seiner erlebnisreich konzipierten Ausstellung, den wechselnden Angeboten und Attraktionen sowie den weitläufig gestalteten Lern- und Erlebnispfaden wird das Fledermaus-Zentrum das gesellschaftliche und kulturelle Leben Bad Segebergs als auch der gesamten Region bereichern. Es ist eine in Europa bisher einzigartige Einrichtung, die Informationen über die faszinierende Welt der Fledermäuse direkt an Originalschauplätzen in Natur und Landschaft einem breiten Publikum vermittelt. Zudem trägt das Zentrum dazu bei, das hohe Forschungspotential des Segeberger Raumes für allgemeine und spezielle Fragen zur Ökologie heimischer Fledermausarten auszuschöpfen.<br />
So fördert das Zentrum bereits jetzt die Zusammenarbeit mit den Universitäten unter anderem in Kiel und Hamburg, führt Kooperationsgespräche mit verschiedenen Ausstellungshäusern und hat den Einstieg in die Lehrerfortbildung in Schleswig-Holstein gefunden. Die Arbeit mit Kooperationspartner wird auch in Zukunft stetig fortentwickelt.<br />
Die Ergebnisse der summativen Evaluation zeigen, dass die mit der Errichtung des Fledermaus-Zentrums vorgegebene Zielsetzung erreicht wurde. Die Besucherinnen und Besucher bestätigen der Ausstellung einen hohen Informationsgehalt, sie stufen sie überwiegend als informativ, unterhaltsam, ansprechend gestaltet, einladend, übersichtlich, außergewöhnlich und kinderfreundlich ein. Dabei schätzen die Besucherinnen und Besucher neben Einzelaspekten insbesondere das Gesamtkonzept der Ausstel-lung, die Gestaltung, die Ausstellungsdidaktik, die gute Eignung für Kinder, aber auch für Erwachsene sowie das Informationsangebot. Es gelingt der Ausstellung, Fledermäuse als faszinierende Lebewesen zu präsentieren und wichtige Aspekte wie die Vernetzung in der Natur, die Beziehung zwischen Fledermaus und Mensch sowie Schutzmaßnahmen für Fledermäuse zu vermitteln.</p>

<p>Zielsetzung und Anlass des Vorhabens Das Fledermaus-Zentrum verfolgt inhaltlich das Ziel, bei möglichst vielen Besucherinnen und Besuchern Sympathie für Fledermäuse und Verständnis für unsere Lebenswelt zu wecken. Es zeigt die Vernetzung in der Natur, speziell zwischen Fledermäusen und Mensch ebenso wie Schutzmöglichkeiten auf. Fledermäuse werden als faszinierende Wesen präsentiert und die Nacht und ihre Wesen [&hellip;]</p>

Lübecker Str. 9
