{"id":21751,"date":"2023-07-13T15:20:37","date_gmt":"2023-07-13T13:20:37","guid":{"rendered":"https:\/\/www.dbu.de\/projektdatenbank\/17503-01\/"},"modified":"2023-07-13T15:20:38","modified_gmt":"2023-07-13T13:20:38","slug":"17503-01","status":"publish","type":"projektdatenbank","link":"https:\/\/www.dbu.de\/en\/projektdatenbank\/17503-01\/","title":{"rendered":"Veranstaltung Zuk\u00fcnftige Konflikte um die Verteilung Nat\u00fcrlicher Ressourcen (Auftaktveranstaltung Global Dialogue auf der EXPO 2000)"},"content":{"rendered":"<p>Zielsetzung und Anlass des Vorhabens<\/p>\n<p>Bei der Veranstaltung handelte es sich um die erste von insgesamt 10 Veranstaltungen der Reihe Global Dialogue, die anl\u00e4sslich der Weltausstellung EXPO 2000 stattfand.<br \/>\nIm Mittelpunkt der Veranstaltung standen die wachsenden Konflikte und Auseinandersetzungen um die Verteilung nat\u00fcrlicher Ressourcen auf globaler, regionaler und lokaler Ebene.<br \/>\nFolgende Zielsetzungen standen dabei im Mittelpunkt des Projektes: Darstellung der international wichtigsten Herausforderungen und Chancen, die sich aus der gegenw\u00e4rtigen und zuk\u00fcnftigen Nutzung nat\u00fcrlicher Ressourcen ergeben; Erarbeitung m\u00f6glicher Optionen f\u00fcr eine effektivere Nutzung, Verteilung und Bewahrung nat\u00fcrlicher Ressourcen; Pr\u00e4sentation innovativer technologischer M\u00f6glichkeiten f\u00fcr eine verbesserte Nutzung nat\u00fcrlicher Ressourcen; Pr\u00e4sentation erfolgreicher Fallbeispiel nachhaltiger Ressourcenbewirtschaftung, insbesondere aus weniger entwickelten Regionen der Erde; konkrete Vorschl\u00e4ge f\u00fcr Entscheidungstr\u00e4ger  aus Wirtschaft und Gesellschaft, sich st\u00e4rker f\u00fcr eine an Kriterien nachhaltiger Entwicklung orientierte Politik einzusetzen; Aufbau von nationalen und internationalen Interessensge-meinschaften, die sich \u00fcber Verbands- und Landesgrenzen hinaus um die Umsetzung der Agenda 21 bem\u00fchen.<\/p>\n<p>Darstellung der Arbeitsschritte und der angewandten MethodenWesentliches Element der Konferenz bildete die Veranstaltungsreihe Workshop 21. Hier wurden &#8211; von internationalen Experten aus Wirtschaft, Regierung, Wissenschaft und Verb\u00e4nden &#8211; die zuk\u00fcnftigen Chancen und Risiken der weltweiten Nutzung nat\u00fcrlicher Ressourcen und die dadurch verursachten Kon-flikte und Problemstellungen detaillierter herausgearbeitet.<br \/>\nDie Plenarveranstaltung Talk around the World diente dazu, die Ergebnisse der Workshop-Veranstaltungen in Zusammenhang mit der Auftakt-Veranstaltung Global Focus zu diskutieren.<br \/>\nEin weiteres wichtiges Element der Konferenz stellte die Platform for the Future dar, auf der acht bekannte Pers\u00f6nlichkeiten unter der Moderation von Sabine Christiansen ihre pers\u00f6nlichen Zukunftserwartungen vorstellen und eine glaubw\u00fcrdige Botschaft f\u00fcr eine konflikt\u00e4rmere Zukunft formulieren sollten. Das Angebot Go Basic bot der interessierten \u00d6ffentlichkeit, Nichtregierungsorganisationen und Verb\u00e4nden die M\u00f6glichkeit, im Rahmen der Konferenz ihre Sicht der Thematik darzustellen. In Verbindung mit Go Basic hatten die Besucher w\u00e4hrend des abschlie\u00dfenden Veranstaltungsteils Speakers Corner eine zus\u00e4tzliche M\u00f6glichkeit \u00fcber das Internet an einem Kommunikationsforum zur Thematik aktiv teilzunehmen.<\/p>\n<p>Ergebnisse und Diskussion<\/p>\n<p>Im Rahmen des Projektes kamen insgesamt mehr als 150 aktive Umwelt- und Entwicklungsexperten aus aller Welt sowie etwa 1500 G\u00e4ste zusammen. Als wesentliche Ergebnisse sind folgende Punkte festzuhalten: Die wichtigsten &#8211; mit dem Verbrauch nat\u00fcrlicher Ressourcen verbundenen &#8211; Risiken und Chancen wurden identifiziert. Optionen zur Optimierung des Verbrauches, der Verteilung und der Konservierung nat\u00fcrlicher Ressourcen wurden unter dem Leitmotiv einer dauerhaft umweltgerechten Entwicklung vor-gestellt und diskutiert. \u00d6koeffiziente technologische L\u00f6sungen und Umweltinnovationen wurden pr\u00e4sentiert, mit dem Ziel, der steigenden Nachfrage nach nat\u00fcrlichen Ressourcen praxisnahe L\u00f6sungen gegen\u00fcberzustellen. Sogenannte best practice Fallbeispiele und erfolgreiche Umsetzungsmodelle nachhaltiger Entwicklung auf lokaler und regionaler Ebene wurden vorgestellt. Die Ergebnisse der Veranstaltung flie\u00dfen in die Vorbereitungen des World Summit for Sustainable Development in Johannesburg (August\/September 2002) ein. Dies geschieht im Rahmen der Vorbereitungstreffen des Weltgipfels (Prep-Com-Meetings) der CSD. (Mehrere Teilnehmer und Partner des vorliegenden Projektes sind in diesen wichtigen &#8211; von den Vereinten Nationen einberufenen &#8211; Treffen vertreten).<\/p>\n<p>\u00d6ffentlichkeitsarbeit und Pr\u00e4sentation<\/p>\n<p>W\u00e4hrend der Veranstaltung wurde eine Ausstellung mit konventioneller Ausstellungstechnik und Multi-media Elementen mit folgenden Partnerinstitutionen organisiert: SEI, eco2000, UNEP, Tschechisches Umweltministerium, World Commission on Forests and Sustainable Development, Volvo, Welt Forum Wald, Earth Council, Global Environment Facility, WWF, Natural Resources Institute, International Institute for Sustainable Development, World Resources Institute, IUCN, International Herald Tribune.<br \/>\nDie International Herald Tribune brachte eine Sonderbeilage \u00fcber die Veranstaltung &#8211; zudem berichtete die lokale Presse ausf\u00fchrlich (HAZ, 20. Juni und 22. Juni 2000). T\u00e4glich wurden Nachrichtenbulletins und Zusammenfassungen der einzelnen Veranstaltungstage im Internet ver\u00f6ffentlicht (diese Berichte sind archiviert unter www.sei.se\/gdarchive). Drei Plenarveranstaltungen &#8211; davon eine moderiert durch Sabine Christiansen &#8211; wurden live im Fernsehen \u00fcbertragen. Alle 15 Workshop-Veranstaltungen sind auf der oben angegebenen Internetseite dokumentiert. Die Pr\u00e4sentation ist nach folgenden f\u00fcnf Kriterien gegliedert: \u00d6kosysteme, Wasser, Energie, Wald und M\u00e4rkte. Ein ausf\u00fchrlicher schriftlicher Abschlussbericht wurde der Umweltstiftung im August 2001 \u00fcbergeben.<\/p>\n<p>Fazit<\/p>\n<p>Die schwierige Kooperation mit der EXPO-Gesch\u00e4ftsf\u00fchrung (unklare und lange Entscheidungswege, wenig inhaltliche Kompetenz bei gleichzeitig hohem kommerziellen Interesse) und den &#8211; st\u00e4ndig wechselnden &#8211; Ansprechpartnern f\u00fcr die Global Dialogue Veranstaltung beeinflusste das Projekt negativ. Bis heute ist &#8211; trotz vollmundiger Ank\u00fcndigungen der EXPO-Leitung &#8211; unklar, ob und wie die Gesamtergebnisse der Global Dialogues in die Gestaltung zuk\u00fcnftiger Weltausstellungen einflie\u00dfen k\u00f6nnen. Gleichzei-tig entwickelte sich allerdings ein hervorragender und bis heute andauernder Dialog zwischen den Projektpartnern, der zu einer fruchtbaren inhaltlichen Kooperation f\u00fchrte. Als ein Beispiel sei genannt, dass aus diesem Projekt die Grundlagen f\u00fcr ein &#8211; vom Bellagio Forum koordiniertes &#8211; internationales Forschungsvorhaben zum Thema Environment and Security hervorgegangen ist. Auch eine von der UN-Umweltorganisation UNEP im Vorfeld des Global Dialogs organisierte Weltjugendkonferenz war erfolgreich und verabschiedete ein konkretes Aktionsprogramm.<br \/>\nAls Fazit l\u00e4sst sich festhalten, dass das Projekt &#8211; trotz schwieriger institutioneller Rahmenbedingungen &#8211; seine Ziele erreicht hat und &#8211; wichtig f\u00fcr jede Kommunikationsveranstaltung &#8211; einige der wesentlichen Projektergebnisse auch in Folgeinitiativen umgesetzt werden.<\/p>\n","protected":false},"excerpt":{"rendered":"<p>Zielsetzung und Anlass des Vorhabens Bei der Veranstaltung handelte es sich um die erste von insgesamt 10 Veranstaltungen der Reihe Global Dialogue, die anl\u00e4sslich der Weltausstellung EXPO 2000 stattfand. Im Mittelpunkt der Veranstaltung standen die wachsenden Konflikte und Auseinandersetzungen um die Verteilung nat\u00fcrlicher Ressourcen auf globaler, regionaler und lokaler Ebene. Folgende Zielsetzungen standen dabei im [&hellip;]<\/p>\n","protected":false},"author":1,"featured_media":0,"template":"","meta":{"footnotes":""},"categories":[],"tags":[64,2423],"class_list":["post-21751","projektdatenbank","type-projektdatenbank","status-publish","hentry","tag-niedersachsen","tag-umweltkommunikation"],"meta_box":{"dbu_projektdatenbank_az_ges":"17503\/01","dbu_projektdatenbank_medien":"","dbu_projektdatenbank_pdfdatei":"A-17503-ki.pdf","dbu_projektdatenbank_bsumme":"97.145,46","dbu_projektdatenbank_firma":"Bellagio Forum for Sustainable Development e. V.","dbu_projektdatenbank_strasse":"An der Bornau 2","dbu_projektdatenbank_plz_str":"49090","dbu_projektdatenbank_ort_str":"Osnabr\u00fcck","dbu_projektdatenbank_p_von":"2000-04-25 00:00:00","dbu_projektdatenbank_p_bis":"2001-08-21 00:00:00","dbu_projektdatenbank_laufzeit":"1 Jahr und 4 Monate","dbu_projektdatenbank_telefon":"0541\/9633-490","dbu_projektdatenbank_inet":"www.bfsd.org","dbu_projektdatenbank_bundesland":"Niedersachsen","dbu_projektdatenbank_foerderber":"56","dbu_projektdatenbank_ab_bericht":"","dbu_projektdatenbank_ist_nachbewilligung_von":"","dbu_projektdatenbank_hat_nachbewilligung":"","dbu_headerimage_cover":"","dbu_submenu":"","dbu_submenu_position":"","dbu_submenu_entry":[]},"_links":{"self":[{"href":"https:\/\/www.dbu.de\/en\/wp-json\/wp\/v2\/projektdatenbank\/21751","targetHints":{"allow":["GET"]}}],"collection":[{"href":"https:\/\/www.dbu.de\/en\/wp-json\/wp\/v2\/projektdatenbank"}],"about":[{"href":"https:\/\/www.dbu.de\/en\/wp-json\/wp\/v2\/types\/projektdatenbank"}],"author":[{"embeddable":true,"href":"https:\/\/www.dbu.de\/en\/wp-json\/wp\/v2\/users\/1"}],"version-history":[{"count":1,"href":"https:\/\/www.dbu.de\/en\/wp-json\/wp\/v2\/projektdatenbank\/21751\/revisions"}],"predecessor-version":[{"id":34754,"href":"https:\/\/www.dbu.de\/en\/wp-json\/wp\/v2\/projektdatenbank\/21751\/revisions\/34754"}],"wp:attachment":[{"href":"https:\/\/www.dbu.de\/en\/wp-json\/wp\/v2\/media?parent=21751"}],"wp:term":[{"taxonomy":"category","embeddable":true,"href":"https:\/\/www.dbu.de\/en\/wp-json\/wp\/v2\/categories?post=21751"},{"taxonomy":"post_tag","embeddable":true,"href":"https:\/\/www.dbu.de\/en\/wp-json\/wp\/v2\/tags?post=21751"}],"curies":[{"name":"wp","href":"https:\/\/api.w.org\/{rel}","templated":true}]}}

Veranstaltung Zukünftige Konflikte um die Verteilung Natürlicher Ressourcen (Auftaktveranstaltung Global Dialogue auf der EXPO 2000)

<p>Zielsetzung und Anlass des Vorhabens</p>
<p>Bei der Veranstaltung handelte es sich um die erste von insgesamt 10 Veranstaltungen der Reihe Global Dialogue, die anlässlich der Weltausstellung EXPO 2000 stattfand.<br />
Im Mittelpunkt der Veranstaltung standen die wachsenden Konflikte und Auseinandersetzungen um die Verteilung natürlicher Ressourcen auf globaler, regionaler und lokaler Ebene.<br />
Folgende Zielsetzungen standen dabei im Mittelpunkt des Projektes: Darstellung der international wichtigsten Herausforderungen und Chancen, die sich aus der gegenwärtigen und zukünftigen Nutzung natürlicher Ressourcen ergeben; Erarbeitung möglicher Optionen für eine effektivere Nutzung, Verteilung und Bewahrung natürlicher Ressourcen; Präsentation innovativer technologischer Möglichkeiten für eine verbesserte Nutzung natürlicher Ressourcen; Präsentation erfolgreicher Fallbeispiel nachhaltiger Ressourcenbewirtschaftung, insbesondere aus weniger entwickelten Regionen der Erde; konkrete Vorschläge für Entscheidungsträger  aus Wirtschaft und Gesellschaft, sich stärker für eine an Kriterien nachhaltiger Entwicklung orientierte Politik einzusetzen; Aufbau von nationalen und internationalen Interessensge-meinschaften, die sich über Verbands- und Landesgrenzen hinaus um die Umsetzung der Agenda 21 bemühen.</p>
<p>Darstellung der Arbeitsschritte und der angewandten MethodenWesentliches Element der Konferenz bildete die Veranstaltungsreihe Workshop 21. Hier wurden &#8211; von internationalen Experten aus Wirtschaft, Regierung, Wissenschaft und Verbänden &#8211; die zukünftigen Chancen und Risiken der weltweiten Nutzung natürlicher Ressourcen und die dadurch verursachten Kon-flikte und Problemstellungen detaillierter herausgearbeitet.<br />
Die Plenarveranstaltung Talk around the World diente dazu, die Ergebnisse der Workshop-Veranstaltungen in Zusammenhang mit der Auftakt-Veranstaltung Global Focus zu diskutieren.<br />
Ein weiteres wichtiges Element der Konferenz stellte die Platform for the Future dar, auf der acht bekannte Persönlichkeiten unter der Moderation von Sabine Christiansen ihre persönlichen Zukunftserwartungen vorstellen und eine glaubwürdige Botschaft für eine konfliktärmere Zukunft formulieren sollten. Das Angebot Go Basic bot der interessierten Öffentlichkeit, Nichtregierungsorganisationen und Verbänden die Möglichkeit, im Rahmen der Konferenz ihre Sicht der Thematik darzustellen. In Verbindung mit Go Basic hatten die Besucher während des abschließenden Veranstaltungsteils Speakers Corner eine zusätzliche Möglichkeit über das Internet an einem Kommunikationsforum zur Thematik aktiv teilzunehmen.</p>
<p>Ergebnisse und Diskussion</p>
<p>Im Rahmen des Projektes kamen insgesamt mehr als 150 aktive Umwelt- und Entwicklungsexperten aus aller Welt sowie etwa 1500 Gäste zusammen. Als wesentliche Ergebnisse sind folgende Punkte festzuhalten: Die wichtigsten &#8211; mit dem Verbrauch natürlicher Ressourcen verbundenen &#8211; Risiken und Chancen wurden identifiziert. Optionen zur Optimierung des Verbrauches, der Verteilung und der Konservierung natürlicher Ressourcen wurden unter dem Leitmotiv einer dauerhaft umweltgerechten Entwicklung vor-gestellt und diskutiert. Ökoeffiziente technologische Lösungen und Umweltinnovationen wurden präsentiert, mit dem Ziel, der steigenden Nachfrage nach natürlichen Ressourcen praxisnahe Lösungen gegenüberzustellen. Sogenannte best practice Fallbeispiele und erfolgreiche Umsetzungsmodelle nachhaltiger Entwicklung auf lokaler und regionaler Ebene wurden vorgestellt. Die Ergebnisse der Veranstaltung fließen in die Vorbereitungen des World Summit for Sustainable Development in Johannesburg (August/September 2002) ein. Dies geschieht im Rahmen der Vorbereitungstreffen des Weltgipfels (Prep-Com-Meetings) der CSD. (Mehrere Teilnehmer und Partner des vorliegenden Projektes sind in diesen wichtigen &#8211; von den Vereinten Nationen einberufenen &#8211; Treffen vertreten).</p>
<p>Öffentlichkeitsarbeit und Präsentation</p>
<p>Während der Veranstaltung wurde eine Ausstellung mit konventioneller Ausstellungstechnik und Multi-media Elementen mit folgenden Partnerinstitutionen organisiert: SEI, eco2000, UNEP, Tschechisches Umweltministerium, World Commission on Forests and Sustainable Development, Volvo, Welt Forum Wald, Earth Council, Global Environment Facility, WWF, Natural Resources Institute, International Institute for Sustainable Development, World Resources Institute, IUCN, International Herald Tribune.<br />
Die International Herald Tribune brachte eine Sonderbeilage über die Veranstaltung &#8211; zudem berichtete die lokale Presse ausführlich (HAZ, 20. Juni und 22. Juni 2000). Täglich wurden Nachrichtenbulletins und Zusammenfassungen der einzelnen Veranstaltungstage im Internet veröffentlicht (diese Berichte sind archiviert unter www.sei.se/gdarchive). Drei Plenarveranstaltungen &#8211; davon eine moderiert durch Sabine Christiansen &#8211; wurden live im Fernsehen übertragen. Alle 15 Workshop-Veranstaltungen sind auf der oben angegebenen Internetseite dokumentiert. Die Präsentation ist nach folgenden fünf Kriterien gegliedert: Ökosysteme, Wasser, Energie, Wald und Märkte. Ein ausführlicher schriftlicher Abschlussbericht wurde der Umweltstiftung im August 2001 übergeben.</p>
<p>Fazit</p>
<p>Die schwierige Kooperation mit der EXPO-Geschäftsführung (unklare und lange Entscheidungswege, wenig inhaltliche Kompetenz bei gleichzeitig hohem kommerziellen Interesse) und den &#8211; ständig wechselnden &#8211; Ansprechpartnern für die Global Dialogue Veranstaltung beeinflusste das Projekt negativ. Bis heute ist &#8211; trotz vollmundiger Ankündigungen der EXPO-Leitung &#8211; unklar, ob und wie die Gesamtergebnisse der Global Dialogues in die Gestaltung zukünftiger Weltausstellungen einfließen können. Gleichzei-tig entwickelte sich allerdings ein hervorragender und bis heute andauernder Dialog zwischen den Projektpartnern, der zu einer fruchtbaren inhaltlichen Kooperation führte. Als ein Beispiel sei genannt, dass aus diesem Projekt die Grundlagen für ein &#8211; vom Bellagio Forum koordiniertes &#8211; internationales Forschungsvorhaben zum Thema Environment and Security hervorgegangen ist. Auch eine von der UN-Umweltorganisation UNEP im Vorfeld des Global Dialogs organisierte Weltjugendkonferenz war erfolgreich und verabschiedete ein konkretes Aktionsprogramm.<br />
Als Fazit lässt sich festhalten, dass das Projekt &#8211; trotz schwieriger institutioneller Rahmenbedingungen &#8211; seine Ziele erreicht hat und &#8211; wichtig für jede Kommunikationsveranstaltung &#8211; einige der wesentlichen Projektergebnisse auch in Folgeinitiativen umgesetzt werden.</p>

<p>Zielsetzung und Anlass des Vorhabens Bei der Veranstaltung handelte es sich um die erste von insgesamt 10 Veranstaltungen der Reihe Global Dialogue, die anlässlich der Weltausstellung EXPO 2000 stattfand. Im Mittelpunkt der Veranstaltung standen die wachsenden Konflikte und Auseinandersetzungen um die Verteilung natürlicher Ressourcen auf globaler, regionaler und lokaler Ebene. Folgende Zielsetzungen standen dabei im [&hellip;]</p>

Osnabrück
