{"id":21531,"date":"2023-07-13T15:20:16","date_gmt":"2023-07-13T13:20:16","guid":{"rendered":"https:\/\/www.dbu.de\/projektdatenbank\/17164-01\/"},"modified":"2023-07-13T15:20:17","modified_gmt":"2023-07-13T13:20:17","slug":"17164-01","status":"publish","type":"projektdatenbank","link":"https:\/\/www.dbu.de\/en\/projektdatenbank\/17164-01\/","title":{"rendered":"Baumtorso &#8211; Eingriff in die Natur &#8211; Umweltinformationsvermittlung mit k\u00fcnstlerischen Mitteln"},"content":{"rendered":"<p>Zielsetzung und Anlass des Vorhabens<\/p>\n<p>Im Rahmen des Ausstellungsprojektes arte regionale II sollten sich regionale K\u00fcnstlerinnen mit der eigenen Lebensumwelt auseinandersetzen und im Bereich des inneren Rings der Stadt Osnabr\u00fcck &#8211; am Natruper-Tor-Wall gegen\u00fcber dem Stadthaus &#8211; ein signifikantes Zeichen schaffen, das unter dem Motto Baumtorso &#8211; Eingriff in die Natur die Aufmerksamkeit der B\u00fcrger auf Umweltprobleme lenkt. Der Osnabr\u00fcck K\u00fcnstler Volker Johannes Trieb bekam den Auftrag.<\/p>\n<p>Darstellung der Arbeitsschritte und der angewandten MethodenDie Platzsituation gegen\u00fcber dem Stadthaus wurde als besonders geeignet empfunden, da sich hier mit dem Stadthaus, dem Remarque-Hotel, dem Haus der Jugend, sowie der Kunsthalle Dominikanerkirche eine sowohl von B\u00fcrgern der Stadt als auch von ausw\u00e4rtigen G\u00e4sten besonders hoch frequentierte Stadtmarke Osnabr\u00fccks befindet. Hinzu kommt, dass sich am innerst\u00e4dtischen Ring weitere zeitgen\u00f6ssische Skulpturen befinden, die sich mit Umweltproblemen der Industriegesellschaft auseinandersetzen. Der Fachbereich Gr\u00fcn und Umwelt hatte f\u00fcr das Projekt den etwa 6 Meter hohen Torso einer abgestorbenen Ulme zur Verf\u00fcgung gestellt.<br \/>\nDie Konfrontation des Baumtorsos mit einer Stahlplatte markiert den Konflikt zwischen globaler Technisierung und Industrialisierung und der damit verbundenen Zuspitzung und Komplikation \u00f6kologischer Verh\u00e4ltnisse. Die Skulptur signalisiert dar\u00fcber hinaus, dass die zunehmend komplizierten Technologien als auch die damit verbundene geographische Ausbreitung der Zivilisation und Umweltverschmutzung von der Natur einen immer gr\u00f6\u00dferen Tribut erzwingen, der weitreichende Folgen nach sich zieht. Von zeichenhafter Bedeutung sind auch die ausgebrannten Aussparungen in den Stahlplatten, aus denen die Skulptur gefertigt worden ist. Sie betragen alle 90 Grad.<br \/>\nDie H\u00e4rte, Sch\u00e4rfe und Schroffheit des Stahls sowie die Formsymbolik des rechten Winkels wirken aggressiv. Material und Gestaltung bilden einen spannungsvollen gegens\u00e4tzlichen Kontrast gegen\u00fcber der Naturform des Baumstammes.<\/p>\n<p>Ergebnisse und Diskussion<\/p>\n<p>Bei der Er\u00f6ffnung der arte regionale II las Harff-Peter Sch\u00f6nherr einen Text vor, der in eindrucksvoller Weise auf die Skulptur Baumtorsi von Volker Johannes Trieb einging. Dieser Vortrag l\u00f6ste eine Diskussion aus, in der man zu dem Schluss kam, dass es zwingend notwendig sei, die Ver\u00e4nderungen, denen die Skulptur in den kommenden Jahrzehnten ausgesetzt sein wird, in einem begleitenden Zeitdokument in Form eines Faltblattes mit dem Text von Harff Peter Sch\u00f6nherr festzuhalten.<\/p>\n<p>\u00d6ffentlichkeitsarbeit und Pr\u00e4sentation<\/p>\n<p>In einigen Jahren wird der Baumstrunk &#8211; br\u00fcchig geworden &#8211; gef\u00e4llt werden m\u00fcssen. Dann steht der Stahlrahmen erst einmal leer da &#8211; viele Menschen werden dann nicht damit anzufangen wissen. In den leeren Rahmen wird ein neuer, junger Baum gepflanzt werden. Er wird wachsen und vielleicht &#8211; bei entsprechender Pflege und einigerma\u00dfen g\u00fcnstigen Umweltbedingungen &#8211; eine \u00e4hnliche Gr\u00f6\u00dfe und Pracht entfalten wie sein Vorg\u00e4nger. Irgendwann werden sich Baum und Stahlrahmen arrangieren m\u00fcssen, der Baum wird einen Weg finden m\u00fcssen, das enge Korsett des Stahlrahmens zu \u00fcberwinden oder zumindest mit ihm zu kooperieren.<\/p>\n<p>Das Faltblatt mit der kleinen CD mit dem Text von Harff-Peter Sch\u00f6nherr soll an allen wichtigen Stellen der Stadt angeboten werden. Es wurde bewusst in der Gr\u00f6\u00dfe eines langen Briefumschlages konzipiert, um es leicht, gewisserma\u00dfen als das etwas andere Erinnerungsgeschenk aus der Umweltstadt Osnabr\u00fcck auf dem Postweg verschicken zu k\u00f6nnen.<\/p>\n<p>Fazit<\/p>\n<p>Das Faltblatt und die Mini-CD werden als Bindeglied der Gegenwart in die Zukunft in den n\u00e4chsten Jahren und Jahrzehnten die Skulptur begleiten, \u00fcber die Stadtgrenzen hinaus auf sie aufmerksam machen und sie erkl\u00e4ren, da wo Erkl\u00e4rungsbedarf besteht. Auf diese Weise soll die Mahnung die von Baumtorso &#8211; Eingriffe in die Natur ausgeht, in die Zukunft vermittelt werden und zum Nachdenken anregen.<\/p>\n","protected":false},"excerpt":{"rendered":"<p>Zielsetzung und Anlass des Vorhabens Im Rahmen des Ausstellungsprojektes arte regionale II sollten sich regionale K\u00fcnstlerinnen mit der eigenen Lebensumwelt auseinandersetzen und im Bereich des inneren Rings der Stadt Osnabr\u00fcck &#8211; am Natruper-Tor-Wall gegen\u00fcber dem Stadthaus &#8211; ein signifikantes Zeichen schaffen, das unter dem Motto Baumtorso &#8211; Eingriff in die Natur die Aufmerksamkeit der B\u00fcrger [&hellip;]<\/p>\n","protected":false},"author":1,"featured_media":0,"template":"","meta":{"footnotes":""},"categories":[],"tags":[64,2423],"class_list":["post-21531","projektdatenbank","type-projektdatenbank","status-publish","hentry","tag-niedersachsen","tag-umweltkommunikation"],"meta_box":{"dbu_projektdatenbank_az_ges":"17164\/01","dbu_projektdatenbank_medien":"","dbu_projektdatenbank_pdfdatei":"A-17164-ki.pdf","dbu_projektdatenbank_bsumme":"3.579,04","dbu_projektdatenbank_firma":"Kunsthalle Osnabr\u00fcck","dbu_projektdatenbank_strasse":"","dbu_projektdatenbank_plz_str":"49074","dbu_projektdatenbank_ort_str":"Osnabr\u00fcck","dbu_projektdatenbank_p_von":"1999-10-05 00:00:00","dbu_projektdatenbank_p_bis":"2000-08-09 00:00:00","dbu_projektdatenbank_laufzeit":"10 Monate","dbu_projektdatenbank_telefon":"","dbu_projektdatenbank_inet":"www.osnabrueck.de\/kunsthalle\/6687.asp","dbu_projektdatenbank_bundesland":"Niedersachsen","dbu_projektdatenbank_foerderber":"53","dbu_projektdatenbank_ab_bericht":"","dbu_projektdatenbank_ist_nachbewilligung_von":"","dbu_projektdatenbank_hat_nachbewilligung":"","dbu_headerimage_cover":"","dbu_submenu":"","dbu_submenu_position":"","dbu_submenu_entry":[]},"_links":{"self":[{"href":"https:\/\/www.dbu.de\/en\/wp-json\/wp\/v2\/projektdatenbank\/21531","targetHints":{"allow":["GET"]}}],"collection":[{"href":"https:\/\/www.dbu.de\/en\/wp-json\/wp\/v2\/projektdatenbank"}],"about":[{"href":"https:\/\/www.dbu.de\/en\/wp-json\/wp\/v2\/types\/projektdatenbank"}],"author":[{"embeddable":true,"href":"https:\/\/www.dbu.de\/en\/wp-json\/wp\/v2\/users\/1"}],"version-history":[{"count":1,"href":"https:\/\/www.dbu.de\/en\/wp-json\/wp\/v2\/projektdatenbank\/21531\/revisions"}],"predecessor-version":[{"id":34534,"href":"https:\/\/www.dbu.de\/en\/wp-json\/wp\/v2\/projektdatenbank\/21531\/revisions\/34534"}],"wp:attachment":[{"href":"https:\/\/www.dbu.de\/en\/wp-json\/wp\/v2\/media?parent=21531"}],"wp:term":[{"taxonomy":"category","embeddable":true,"href":"https:\/\/www.dbu.de\/en\/wp-json\/wp\/v2\/categories?post=21531"},{"taxonomy":"post_tag","embeddable":true,"href":"https:\/\/www.dbu.de\/en\/wp-json\/wp\/v2\/tags?post=21531"}],"curies":[{"name":"wp","href":"https:\/\/api.w.org\/{rel}","templated":true}]}}

Baumtorso &#8211; Eingriff in die Natur &#8211; Umweltinformationsvermittlung mit künstlerischen Mitteln

<p>Zielsetzung und Anlass des Vorhabens</p>
<p>Im Rahmen des Ausstellungsprojektes arte regionale II sollten sich regionale Künstlerinnen mit der eigenen Lebensumwelt auseinandersetzen und im Bereich des inneren Rings der Stadt Osnabrück &#8211; am Natruper-Tor-Wall gegenüber dem Stadthaus &#8211; ein signifikantes Zeichen schaffen, das unter dem Motto Baumtorso &#8211; Eingriff in die Natur die Aufmerksamkeit der Bürger auf Umweltprobleme lenkt. Der Osnabrück Künstler Volker Johannes Trieb bekam den Auftrag.</p>
<p>Darstellung der Arbeitsschritte und der angewandten MethodenDie Platzsituation gegenüber dem Stadthaus wurde als besonders geeignet empfunden, da sich hier mit dem Stadthaus, dem Remarque-Hotel, dem Haus der Jugend, sowie der Kunsthalle Dominikanerkirche eine sowohl von Bürgern der Stadt als auch von auswärtigen Gästen besonders hoch frequentierte Stadtmarke Osnabrücks befindet. Hinzu kommt, dass sich am innerstädtischen Ring weitere zeitgenössische Skulpturen befinden, die sich mit Umweltproblemen der Industriegesellschaft auseinandersetzen. Der Fachbereich Grün und Umwelt hatte für das Projekt den etwa 6 Meter hohen Torso einer abgestorbenen Ulme zur Verfügung gestellt.<br />
Die Konfrontation des Baumtorsos mit einer Stahlplatte markiert den Konflikt zwischen globaler Technisierung und Industrialisierung und der damit verbundenen Zuspitzung und Komplikation ökologischer Verhältnisse. Die Skulptur signalisiert darüber hinaus, dass die zunehmend komplizierten Technologien als auch die damit verbundene geographische Ausbreitung der Zivilisation und Umweltverschmutzung von der Natur einen immer größeren Tribut erzwingen, der weitreichende Folgen nach sich zieht. Von zeichenhafter Bedeutung sind auch die ausgebrannten Aussparungen in den Stahlplatten, aus denen die Skulptur gefertigt worden ist. Sie betragen alle 90 Grad.<br />
Die Härte, Schärfe und Schroffheit des Stahls sowie die Formsymbolik des rechten Winkels wirken aggressiv. Material und Gestaltung bilden einen spannungsvollen gegensätzlichen Kontrast gegenüber der Naturform des Baumstammes.</p>
<p>Ergebnisse und Diskussion</p>
<p>Bei der Eröffnung der arte regionale II las Harff-Peter Schönherr einen Text vor, der in eindrucksvoller Weise auf die Skulptur Baumtorsi von Volker Johannes Trieb einging. Dieser Vortrag löste eine Diskussion aus, in der man zu dem Schluss kam, dass es zwingend notwendig sei, die Veränderungen, denen die Skulptur in den kommenden Jahrzehnten ausgesetzt sein wird, in einem begleitenden Zeitdokument in Form eines Faltblattes mit dem Text von Harff Peter Schönherr festzuhalten.</p>
<p>Öffentlichkeitsarbeit und Präsentation</p>
<p>In einigen Jahren wird der Baumstrunk &#8211; brüchig geworden &#8211; gefällt werden müssen. Dann steht der Stahlrahmen erst einmal leer da &#8211; viele Menschen werden dann nicht damit anzufangen wissen. In den leeren Rahmen wird ein neuer, junger Baum gepflanzt werden. Er wird wachsen und vielleicht &#8211; bei entsprechender Pflege und einigermaßen günstigen Umweltbedingungen &#8211; eine ähnliche Größe und Pracht entfalten wie sein Vorgänger. Irgendwann werden sich Baum und Stahlrahmen arrangieren müssen, der Baum wird einen Weg finden müssen, das enge Korsett des Stahlrahmens zu überwinden oder zumindest mit ihm zu kooperieren.</p>
<p>Das Faltblatt mit der kleinen CD mit dem Text von Harff-Peter Schönherr soll an allen wichtigen Stellen der Stadt angeboten werden. Es wurde bewusst in der Größe eines langen Briefumschlages konzipiert, um es leicht, gewissermaßen als das etwas andere Erinnerungsgeschenk aus der Umweltstadt Osnabrück auf dem Postweg verschicken zu können.</p>
<p>Fazit</p>
<p>Das Faltblatt und die Mini-CD werden als Bindeglied der Gegenwart in die Zukunft in den nächsten Jahren und Jahrzehnten die Skulptur begleiten, über die Stadtgrenzen hinaus auf sie aufmerksam machen und sie erklären, da wo Erklärungsbedarf besteht. Auf diese Weise soll die Mahnung die von Baumtorso &#8211; Eingriffe in die Natur ausgeht, in die Zukunft vermittelt werden und zum Nachdenken anregen.</p>

<p>Zielsetzung und Anlass des Vorhabens Im Rahmen des Ausstellungsprojektes arte regionale II sollten sich regionale Künstlerinnen mit der eigenen Lebensumwelt auseinandersetzen und im Bereich des inneren Rings der Stadt Osnabrück &#8211; am Natruper-Tor-Wall gegenüber dem Stadthaus &#8211; ein signifikantes Zeichen schaffen, das unter dem Motto Baumtorso &#8211; Eingriff in die Natur die Aufmerksamkeit der Bürger [&hellip;]</p>

Kunsthalle Osnabrück

Osnabrück
