{"id":21409,"date":"2023-07-13T15:20:06","date_gmt":"2023-07-13T13:20:06","guid":{"rendered":"https:\/\/www.dbu.de\/projektdatenbank\/16856-01\/"},"modified":"2023-07-13T15:20:06","modified_gmt":"2023-07-13T13:20:06","slug":"16856-01","status":"publish","type":"projektdatenbank","link":"https:\/\/www.dbu.de\/en\/projektdatenbank\/16856-01\/","title":{"rendered":"Stoffliche Nutzung von Produktionsreststoffen aus naturfaserverst\u00e4rkten Kunststoffen"},"content":{"rendered":"<p>Zielsetzung und Anlass des Vorhabens<\/p>\n<p>Ziel des Vorhabens ist die Nutzung von Produktionsreststoffen bei der Herstellung von Transportkoffern f\u00fcr Musikinstrumente (Greenline-Kofferserie) aus naturfaserverst\u00e4rktem Polypropylen (NF\/PP). Diese Reststoffe sollen zu einem spritzgie\u00df- bzw. flie\u00dfpressf\u00e4higen Vorprodukt aufbereitet und wiederum zur Herstellung von Kofferschalen und Einlagen genutzt werden. Bei diesem Produkt werden die bisherigen ABS-Kofferschalen (Acrylnitril-Butadien-Styron) und die bisher verwendeten Einlegeteile aus Schaumpolystyrol vollst\u00e4ndig durch flachsfaserverst\u00e4rktes Polypropylen ersetzt.<\/p>\n<p>Darstellung der Arbeitsschritte und der angewandten MethodenEs wurden verschiedene verfahrenstechnische Ans\u00e4tze im Labor- und Technikumma\u00dfstab verfolgt:<br \/>\n&#8211;\tVorzerkleinerung;<br \/>\n&#8211;\tSpritzgie\u00dfen;<br \/>\n&#8211;\tSpritzpressen;<br \/>\n&#8211;\tTransferintegralpressen;<br \/>\n&#8211;\tGranulierung;<br \/>\n&#8211;\tSch\u00e4umversuche mit NF\/PP-Granulat.<br \/>\nBeispielhaft wurde ein Verfahren (grobe Vorzerkleinerung, Aufschmelzen in einer Agglomerator\/Extruder-Kombination, Granulierung) f\u00fcr Kofferschalen entwickelt. Erste Muster wurden hergestellt und bzgl. der mechanischen Eigenschaften, der Funktionalit\u00e4t und der Oberfl\u00e4cheng\u00fcte gepr\u00fcft.<br \/>\nF\u00fcr das Spritzgie\u00dfen sind die grundlegenden Anforderungen an die Granulatherstellung folgende:<br \/>\n&#8211;\tgeringe Verk\u00fcrzung der Fasern,<br \/>\n&#8211;\tgeringe thermische Belastung der Fasern.<br \/>\nBei der groben Zerkleinerung der Reststoffe in einem Schredder werden die Fasern nur wenig verk\u00fcrzt. Um die thermische Belastung der Fasern gering zu halten, werden die Reststoffe bei der Aufbereitung nur einmal aufgeschmolzen. Weiterhin ist der Zusatz von Haftvermittler erforderlich, um die Verst\u00e4rkung- und Versteifungswirkung der Fasern zur Geltung zu bringen. Bei der kombinierten Agglomeration\/Extrusion ist die thermische Belastung gering und Additive k\u00f6nnen im Extruder sehr pr\u00e4zise zudosiert werden. Zur Herstellung von spritzgie\u00dff\u00e4higem Material ist der Extrusion ein Granulator nachgeschaltet.<\/p>\n<p>Ergebnisse und Diskussion<\/p>\n<p>Im Rahmen des Forschungsprojektes konnte erfolgreich nachgewiesen werden, dass Produktionsreststoffe aus Naturfaser-Polypropylen-Vliesstoffen einer wirtschaftlichen Weiterverwendung auf gleichem qualitativen Niveau zugef\u00fchrt werden k\u00f6nnen. Die Aufbereitung der Reststoffe zum spritzgie\u00dff\u00e4higem Granulat kann mit verschiedenen Verfahren erreicht werden. Die Verfahrenskombination aus grober Vorzerkleinerung und Aufschmelzen in einer Agglomerator\/Extruder-Kombination mit anschlie\u00dfender Granulierung wird am erfolgversprechendsten eingesch\u00e4tzt. Die Verarbeitung des Granulates erfordert keine Modifikation an der Spritzgie\u00dfmaschinen bzw. dem entsprechenden Formwerkzeug.<br \/>\nDie \u00f6kologische Relevanz ergibt sich daraus, dass allein bei der Jakob Winter GmbH j\u00e4hrlich ca. 10t biologisch schwer abbaubare Abfallstoffe vermieden werden. Durch die aufbereiteten Reststoffe wird Neumaterial in gleicher Menge eingespart. Dieser \u00f6kologische Effekt potenziert sich, wenn durch die Vorbildwirkung dieses Projektes weitere Verarbeiter von Naturfaserverst\u00e4rkten Polypropylen-Vliesstoffen eine vergleichbare Verwertungsstrategie umsetzen.<br \/>\nIm Vergleich zwischen bisher eingesetzter ABS-Neuware und den NF\/PP-Recyclinggranulat ergibt sich ein Kostenvorteil f\u00fcr das Rezyklat von \u00fcber 20 ct\/kg Spritzgussgranulat. Nicht einbezogen in den Vergleich sind die Einsparungen, die sich aus dem Wegfall der Entsorgungskosten ergeben. Aus dem Erfolg der Greenline-Kofferserie kann eingesch\u00e4tzt werden, dass die Verwendung von Recyclingmaterial am Markt ein positives Entscheidungskriterium f\u00fcr den Kunden darstellt.<\/p>\n<p>\u00d6ffentlichkeitsarbeit und Pr\u00e4sentation<\/p>\n<p>Die Ergebnisse des Projektes werden zun\u00e4chst anl\u00e4sslich der 10. Internationalen Tagung Stoffliche Nutzung nachwachsender Rohstoffe am 09.\/10. Oktober in Chemnitz der Fachwelt pr\u00e4sentiert und im Tagungsband ver\u00f6ffentlicht. Weitere Ver\u00f6ffentlichungen in Fachzeitschriften sind geplant.<\/p>\n<p>Fazit<\/p>\n<p>Dieses Projekt ist ein sehr gutes Beispiel f\u00fcr werkstoffliches Recycling produktionsbedingter Abf\u00e4lle mit positiven Auswirkungen auf die Kosten- und Umsatzentwicklung in einem kleinen, handwerklich gepr\u00e4gten Unternehmen. Entwicklungspotentiale ergeben sich aus diesem Beispiel auch f\u00fcr die Verwertung von Produktionsabf\u00e4lle aus nachwachsenden Rohstoffen im Bereich des Automobilbaus mit wesentlich gr\u00f6\u00dferen Stoffums\u00e4tzen und Einsatzm\u00f6glichkeiten spritzgie\u00df- und flie\u00dfpressf\u00e4higer Vorprodukte aus Naturfaser\/PP-Rezyklaten.<\/p>\n","protected":false},"excerpt":{"rendered":"<p>Zielsetzung und Anlass des Vorhabens Ziel des Vorhabens ist die Nutzung von Produktionsreststoffen bei der Herstellung von Transportkoffern f\u00fcr Musikinstrumente (Greenline-Kofferserie) aus naturfaserverst\u00e4rktem Polypropylen (NF\/PP). Diese Reststoffe sollen zu einem spritzgie\u00df- bzw. flie\u00dfpressf\u00e4higen Vorprodukt aufbereitet und wiederum zur Herstellung von Kofferschalen und Einlagen genutzt werden. Bei diesem Produkt werden die bisherigen ABS-Kofferschalen (Acrylnitril-Butadien-Styron) und die [&hellip;]<\/p>\n","protected":false},"author":1,"featured_media":0,"template":"","meta":{"footnotes":""},"categories":[],"tags":[47,51,68,52,53],"class_list":["post-21409","projektdatenbank","type-projektdatenbank","status-publish","hentry","tag-klimaschutz","tag-ressourcenschonung","tag-sachsen","tag-umweltforschung","tag-umwelttechnik"],"meta_box":{"dbu_projektdatenbank_az_ges":"16856\/01","dbu_projektdatenbank_medien":"","dbu_projektdatenbank_pdfdatei":"A-16856.pdf","dbu_projektdatenbank_bsumme":"62.501,85","dbu_projektdatenbank_firma":"Jakob Winter GmbH","dbu_projektdatenbank_strasse":"Hauptstr. 1","dbu_projektdatenbank_plz_str":"09496","dbu_projektdatenbank_ort_str":"Satzung","dbu_projektdatenbank_p_von":"2000-10-01 00:00:00","dbu_projektdatenbank_p_bis":"2002-07-31 00:00:00","dbu_projektdatenbank_laufzeit":"1 Jahr und 10 Monate","dbu_projektdatenbank_telefon":"037364\/8232","dbu_projektdatenbank_inet":"","dbu_projektdatenbank_bundesland":"Sachsen","dbu_projektdatenbank_foerderber":"27","dbu_projektdatenbank_ab_bericht":"","dbu_projektdatenbank_ist_nachbewilligung_von":"","dbu_projektdatenbank_hat_nachbewilligung":"","dbu_headerimage_cover":"","dbu_submenu":"","dbu_submenu_position":"","dbu_submenu_entry":[]},"_links":{"self":[{"href":"https:\/\/www.dbu.de\/en\/wp-json\/wp\/v2\/projektdatenbank\/21409","targetHints":{"allow":["GET"]}}],"collection":[{"href":"https:\/\/www.dbu.de\/en\/wp-json\/wp\/v2\/projektdatenbank"}],"about":[{"href":"https:\/\/www.dbu.de\/en\/wp-json\/wp\/v2\/types\/projektdatenbank"}],"author":[{"embeddable":true,"href":"https:\/\/www.dbu.de\/en\/wp-json\/wp\/v2\/users\/1"}],"version-history":[{"count":1,"href":"https:\/\/www.dbu.de\/en\/wp-json\/wp\/v2\/projektdatenbank\/21409\/revisions"}],"predecessor-version":[{"id":34412,"href":"https:\/\/www.dbu.de\/en\/wp-json\/wp\/v2\/projektdatenbank\/21409\/revisions\/34412"}],"wp:attachment":[{"href":"https:\/\/www.dbu.de\/en\/wp-json\/wp\/v2\/media?parent=21409"}],"wp:term":[{"taxonomy":"category","embeddable":true,"href":"https:\/\/www.dbu.de\/en\/wp-json\/wp\/v2\/categories?post=21409"},{"taxonomy":"post_tag","embeddable":true,"href":"https:\/\/www.dbu.de\/en\/wp-json\/wp\/v2\/tags?post=21409"}],"curies":[{"name":"wp","href":"https:\/\/api.w.org\/{rel}","templated":true}]}}

Stoffliche Nutzung von Produktionsreststoffen aus naturfaserverstärkten Kunststoffen

<p>Zielsetzung und Anlass des Vorhabens</p>
<p>Ziel des Vorhabens ist die Nutzung von Produktionsreststoffen bei der Herstellung von Transportkoffern für Musikinstrumente (Greenline-Kofferserie) aus naturfaserverstärktem Polypropylen (NF/PP). Diese Reststoffe sollen zu einem spritzgieß- bzw. fließpressfähigen Vorprodukt aufbereitet und wiederum zur Herstellung von Kofferschalen und Einlagen genutzt werden. Bei diesem Produkt werden die bisherigen ABS-Kofferschalen (Acrylnitril-Butadien-Styron) und die bisher verwendeten Einlegeteile aus Schaumpolystyrol vollständig durch flachsfaserverstärktes Polypropylen ersetzt.</p>
<p>Darstellung der Arbeitsschritte und der angewandten MethodenEs wurden verschiedene verfahrenstechnische Ansätze im Labor- und Technikummaßstab verfolgt:<br />
&#8211;	Vorzerkleinerung;<br />
&#8211;	Spritzgießen;<br />
&#8211;	Spritzpressen;<br />
&#8211;	Transferintegralpressen;<br />
&#8211;	Granulierung;<br />
&#8211;	Schäumversuche mit NF/PP-Granulat.<br />
Beispielhaft wurde ein Verfahren (grobe Vorzerkleinerung, Aufschmelzen in einer Agglomerator/Extruder-Kombination, Granulierung) für Kofferschalen entwickelt. Erste Muster wurden hergestellt und bzgl. der mechanischen Eigenschaften, der Funktionalität und der Oberflächengüte geprüft.<br />
Für das Spritzgießen sind die grundlegenden Anforderungen an die Granulatherstellung folgende:<br />
&#8211;	geringe Verkürzung der Fasern,<br />
&#8211;	geringe thermische Belastung der Fasern.<br />
Bei der groben Zerkleinerung der Reststoffe in einem Schredder werden die Fasern nur wenig verkürzt. Um die thermische Belastung der Fasern gering zu halten, werden die Reststoffe bei der Aufbereitung nur einmal aufgeschmolzen. Weiterhin ist der Zusatz von Haftvermittler erforderlich, um die Verstärkung- und Versteifungswirkung der Fasern zur Geltung zu bringen. Bei der kombinierten Agglomeration/Extrusion ist die thermische Belastung gering und Additive können im Extruder sehr präzise zudosiert werden. Zur Herstellung von spritzgießfähigem Material ist der Extrusion ein Granulator nachgeschaltet.</p>
<p>Ergebnisse und Diskussion</p>
<p>Im Rahmen des Forschungsprojektes konnte erfolgreich nachgewiesen werden, dass Produktionsreststoffe aus Naturfaser-Polypropylen-Vliesstoffen einer wirtschaftlichen Weiterverwendung auf gleichem qualitativen Niveau zugeführt werden können. Die Aufbereitung der Reststoffe zum spritzgießfähigem Granulat kann mit verschiedenen Verfahren erreicht werden. Die Verfahrenskombination aus grober Vorzerkleinerung und Aufschmelzen in einer Agglomerator/Extruder-Kombination mit anschließender Granulierung wird am erfolgversprechendsten eingeschätzt. Die Verarbeitung des Granulates erfordert keine Modifikation an der Spritzgießmaschinen bzw. dem entsprechenden Formwerkzeug.<br />
Die ökologische Relevanz ergibt sich daraus, dass allein bei der Jakob Winter GmbH jährlich ca. 10t biologisch schwer abbaubare Abfallstoffe vermieden werden. Durch die aufbereiteten Reststoffe wird Neumaterial in gleicher Menge eingespart. Dieser ökologische Effekt potenziert sich, wenn durch die Vorbildwirkung dieses Projektes weitere Verarbeiter von Naturfaserverstärkten Polypropylen-Vliesstoffen eine vergleichbare Verwertungsstrategie umsetzen.<br />
Im Vergleich zwischen bisher eingesetzter ABS-Neuware und den NF/PP-Recyclinggranulat ergibt sich ein Kostenvorteil für das Rezyklat von über 20 ct/kg Spritzgussgranulat. Nicht einbezogen in den Vergleich sind die Einsparungen, die sich aus dem Wegfall der Entsorgungskosten ergeben. Aus dem Erfolg der Greenline-Kofferserie kann eingeschätzt werden, dass die Verwendung von Recyclingmaterial am Markt ein positives Entscheidungskriterium für den Kunden darstellt.</p>
<p>Öffentlichkeitsarbeit und Präsentation</p>
<p>Die Ergebnisse des Projektes werden zunächst anlässlich der 10. Internationalen Tagung Stoffliche Nutzung nachwachsender Rohstoffe am 09./10. Oktober in Chemnitz der Fachwelt präsentiert und im Tagungsband veröffentlicht. Weitere Veröffentlichungen in Fachzeitschriften sind geplant.</p>
<p>Fazit</p>
<p>Dieses Projekt ist ein sehr gutes Beispiel für werkstoffliches Recycling produktionsbedingter Abfälle mit positiven Auswirkungen auf die Kosten- und Umsatzentwicklung in einem kleinen, handwerklich geprägten Unternehmen. Entwicklungspotentiale ergeben sich aus diesem Beispiel auch für die Verwertung von Produktionsabfälle aus nachwachsenden Rohstoffen im Bereich des Automobilbaus mit wesentlich größeren Stoffumsätzen und Einsatzmöglichkeiten spritzgieß- und fließpressfähiger Vorprodukte aus Naturfaser/PP-Rezyklaten.</p>

<p>Zielsetzung und Anlass des Vorhabens Ziel des Vorhabens ist die Nutzung von Produktionsreststoffen bei der Herstellung von Transportkoffern für Musikinstrumente (Greenline-Kofferserie) aus naturfaserverstärktem Polypropylen (NF/PP). Diese Reststoffe sollen zu einem spritzgieß- bzw. fließpressfähigen Vorprodukt aufbereitet und wiederum zur Herstellung von Kofferschalen und Einlagen genutzt werden. Bei diesem Produkt werden die bisherigen ABS-Kofferschalen (Acrylnitril-Butadien-Styron) und die [&hellip;]</p>
