{"id":21118,"date":"2023-07-13T15:19:26","date_gmt":"2023-07-13T13:19:26","guid":{"rendered":"https:\/\/www.dbu.de\/projektdatenbank\/15868-01\/"},"modified":"2023-07-13T15:19:27","modified_gmt":"2023-07-13T13:19:27","slug":"15868-01","status":"publish","type":"projektdatenbank","link":"https:\/\/www.dbu.de\/en\/projektdatenbank\/15868-01\/","title":{"rendered":"F\u00fcr ein nachhaltiges Verh\u00e4ltnis zur Umwelt &#8211; Philosophie und Fachdisziplinen im Gespr\u00e4ch"},"content":{"rendered":"<p>Zielsetzung und Anlass des Vorhabens<\/p>\n<p>Interdisziplin\u00e4re Vortragsreihe zur Umweltkrise im Rahmen der EXPO 2000 Hannover mit dem Schwerpunktthema Nachhaltigkeit, bestehend aus acht Einzelvortr\u00e4gen mit anschlie\u00dfender Diskussion und einer Abschlusstagung mit vier Einzelvortr\u00e4gen, Publikums- und Podiumsdiskussion.<br \/>\nDas Umweltproblem wird unter verschiedenen Aspekten betrachtet (Politik, Wirtschaft, Wirtschaftsethik, Biologie, \u00d6kologie, Rechtswissenschaften, Geschichtswissenschaften, P\u00e4dagogik, Psychologie, Philosophie, Theologie). Gegen die Tendenz der zunehmenden Autonomisierung der einzelnen gesellschaftlichen Systeme und der fortschreitenden Spezialisierung der Einzelwissenschaften wird es darauf ankommen, vor allem den Zusammenhang der unterschiedlichen Perspektiven deutlich zu machen und im interdisziplin\u00e4ren Gespr\u00e4ch insbesondere die geistigen Voraussetzung f\u00fcr ein nachhaltiges Verh\u00e4ltnis zur Umwelt zu er\u00f6rtern.<\/p>\n<p>Darstellung der Arbeitsschritte und der angewandten MethodenDas Projekt gliedert sich in drei Teile:<br \/>\n1.\tin die Organisation und Durchf\u00fchrung einer Reihe von drei einf\u00fchrenden und f\u00fcnf vertiefenden \u00f6ffentlichen und frei zug\u00e4nglichen Vortr\u00e4gen, die vom 17.5.2000 bis zum 5.7. 2000 jeweils mittwochs um 19:00h im Vorlesungssaal F 303 des Hauptgeb\u00e4udes der Universit\u00e4t Hannover (Welfenschlo\u00df) stattfinden.<br \/>\n2.\tin die Organisation und Durchf\u00fchrung einer \u00f6ffentlichen und frei zug\u00e4nglichen Tagung mit f\u00fcnf Referenten, die am Samstag, dem 15.7., von 10:00 h bis 18:00 h im OG des EXPO-Caf\u00e9s Hannover stattfindet.<br \/>\n3.\tin die Ver\u00f6ffentlichung s\u00e4mtlicher Vortr\u00e4ge in Form eines voraussichtlich im Verlag C.H. Beck erscheinenden Buches.<\/p>\n<p>Ergebnisse und Diskussion<\/p>\n<p>Die praktischen Ergebnisse unserer Veranstaltungsreihe kann man unterscheiden 1. in eine unmittelbare Motivation zu einem \u00f6kologisch sinnvolleren Verhalten und 2. in einen Beitrag zur Umweltbildung und damit langfristig zu einer Verhaltens\u00e4nderung. <\/p>\n<p>1.\tVor allem von den \u00fcber 8 Wochen hinweg regelm\u00e4\u00dfig stattfindenden Einzelvortr\u00e4gen ging, wie etwa die au\u00dfergew\u00f6hnlich langen und intensiven Publikumsdiskussionen bewiesen, f\u00fcr alle Beteiligten ein starker motivatorischer Impuls zu einem bewussteren Umweltverhaltens aus. Frau Dipl.-Geol. M. Huch schrieb dazu im Imformationsforum der Gesellschaft f\u00fcr UmweltGeowissenschaften GUG (Heft 3.\/2000): Den Initiatoren der Vorlesungsreihe und hier insbesondere Prof. Vittorio H\u00f6sle kann (&#8230;) nur noch einmal ganz herzlich gedankt werden. Das Interesse der Bev\u00f6lkerung an das Thema zeigte sich vor allem darin, dass \u00fcber einen Zeitraum von mehreren Monaten regelm\u00e4\u00dfig die selben Zuh\u00f6rer kamen und engagiert diskutierten. Die au\u00dfergew\u00f6hnlich intensive und kompetente Beteiligung des Publikums wurde auch von Referenten wiederholt festgestellt.<br \/>\n2.\tDas zentrale Thema der Vortragsreihe und der Abschlusstagung war der Begriff der Nachhaltigkeit. Trotz seiner Bedeutung sp\u00e4testens seit dem Erdgipfel 1992 ist dieser Schl\u00fcsselbegriff im Bewusstsein weiter Bev\u00f6lkerungskreise weithin unbestimmt geblieben. Unsere Vortragsreihe erlaubte es einem gr\u00f6\u00dferen Publikum, das Thema der Nachhaltigkeit aus verschiedenen Perspektiven zu begreifen. Bei einem Besucherdurchschnitt von ca. 100 Personen kann dieses Ziel als erreicht angesehen werden. Die mediale Begleitung der Veranstaltung durch Presse (u.a. die Hannoversche Allgemeine Zeitung und Hannovers gr\u00f6\u00dftes Stadtmagazin) und Rundfunk (z.B. zwei Sendungen im Norddeutschen Rundfunk) sowie die Publikation der Vortr\u00e4ge in einem renommierten Verlag zu einem erschwinglichen Preis tragen dazu bei, das wichtige Zukunftsthema einer nachhaltigen Entwicklung st\u00e4rker in das Bewusstsein der Bev\u00f6lkerung zu verankern.<br \/>\nDie theoretischen Ergebnisse liegen zun\u00e4chst in einer wissenschaftlichen Vertiefung des Themas Nachhaltigkeit und werden im Form der unseres Wissens ersten interdisziplin\u00e4ren Ver\u00f6ffentlichung dieser Art im Beck-Verlag der Fachwelt zur Verf\u00fcgung stehen. Zwei inhaltliche Ergebnisse k\u00f6nnen genannt werden:<br \/>\n1.\tProblematisierung der Bezeichnung nachhaltige Entwicklung, die im Vergleich zur englischen Be-zeichnung sustainable development enger ist.<br \/>\n2.\tBetonung der Bedeutung gerade der Umweltbildung f\u00fcr eine nachhaltige Entwicklung.<br \/>\nDar\u00fcber hinaus wurde ein Impuls zum h\u00e4ufig geforderten aber noch zu selten praktizierten interdisziplin\u00e4re Diskurs gelegt. Dies konnte v.a. durch die Abschlusstagung erreicht werden, wo prominente Vertreter der Politik (M. Hustedt), des Umweltrechts (Prof. Dr. M. Kloepfer), der Naturphilosophie (Prof. Dr. K. M. Meyer-Abich) und der Umweltbildung (Prof. Dr. G. de Haan) miteinander das Thema der Nachhaltigkeit aus verschiedenen Perspektiven diskutierten.<\/p>\n<p>\u00d6ffentlichkeitsarbeit und Pr\u00e4sentation<\/p>\n<p>Zur \u00d6ffentlichkeitsarbeit z\u00e4hlten Pressemitteilungen an regionale und \u00fcberregionale Zeitungen und Zeitschriften, an Rundfunk und Fernsehen sowie an diverse \u00f6ffentliche Einrichtungen. Daneben wurden Einladungen an eine gro\u00dfe Zahl von potentiellen Interessenten bundesweit versandt. Eine gro\u00dfe Anzahl von Plakaten und Brosch\u00fcren wurden gedruckt und v.a. im Raum Hannover aufgeh\u00e4ngt bzw. ausgelegt. Herr Prof. Dr. V. H\u00f6sle stand f\u00fcr verschiedene Interviews und Gespr\u00e4che zu diesem Thema zur Verf\u00fcgung. Die Ergebnisse der Veranstaltungsreihe werden in Buchform ver\u00f6ffentlicht.<\/p>\n<p>Fazit<\/p>\n<p>Der Erfolg der Veranstaltungsreihe F\u00fcr ein nachhaltiges Verh\u00e4ltnis zur Umwelt. Philosophie und Fachdisziplinen im Gespr\u00e4ch zeigt, dass auch in Zeiten massenmedialer Vernachl\u00e4ssigung sehr wohl gen\u00fcgend Interesse f\u00fcr das Thema Umwelt erregt werden kann. Das formale Konzept, &#8211; Einzelvortr\u00e4ge, die an acht Wochen hintereinander jeweils zur gleichen Zeit und am gleichen Werktag stattfinden und eine Abschlusstagung, &#8211; hat sich in unseren Augen weitgehend be-w\u00e4hrt, wobei das gegen Ende allm\u00e4hlich abflauende Publikumsinteresse zeigte, dass der Dauer einer solcher Vortragsreihe Grenzen gesetzt sind.<br \/>\nEin Problem zeigte sich darin, dass es uns trotz betr\u00e4chtlicher Anstrengungen nur begrenzt gelang, j\u00fcngere Leute f\u00fcr die Vortr\u00e4ge zu interessieren.<br \/>\nDer interdisziplin\u00e4re Austausch wurde von den Beteiligten einhellig begr\u00fc\u00dft und es zeigte sich, dass die Philosophie insbesondere als Moderatorin f\u00e4cher\u00fcbergreifend gesch\u00e4tzt und anerkannt wird.<\/p>\n","protected":false},"excerpt":{"rendered":"<p>Zielsetzung und Anlass des Vorhabens Interdisziplin\u00e4re Vortragsreihe zur Umweltkrise im Rahmen der EXPO 2000 Hannover mit dem Schwerpunktthema Nachhaltigkeit, bestehend aus acht Einzelvortr\u00e4gen mit anschlie\u00dfender Diskussion und einer Abschlusstagung mit vier Einzelvortr\u00e4gen, Publikums- und Podiumsdiskussion. Das Umweltproblem wird unter verschiedenen Aspekten betrachtet (Politik, Wirtschaft, Wirtschaftsethik, Biologie, \u00d6kologie, Rechtswissenschaften, Geschichtswissenschaften, P\u00e4dagogik, Psychologie, Philosophie, Theologie). Gegen die [&hellip;]<\/p>\n","protected":false},"author":1,"featured_media":0,"template":"","meta":{"footnotes":""},"categories":[],"tags":[64,2423],"class_list":["post-21118","projektdatenbank","type-projektdatenbank","status-publish","hentry","tag-niedersachsen","tag-umweltkommunikation"],"meta_box":{"dbu_projektdatenbank_az_ges":"15868\/01","dbu_projektdatenbank_medien":"","dbu_projektdatenbank_pdfdatei":"A-15868.pdf","dbu_projektdatenbank_bsumme":"53.353,31","dbu_projektdatenbank_firma":"Forschungsinstitut f\u00fcr Philosophie Hannover","dbu_projektdatenbank_strasse":"Gerberstr. 26","dbu_projektdatenbank_plz_str":"30169","dbu_projektdatenbank_ort_str":"Hannover","dbu_projektdatenbank_p_von":"2000-01-03 00:00:00","dbu_projektdatenbank_p_bis":"2000-12-31 00:00:00","dbu_projektdatenbank_laufzeit":"12 Monate","dbu_projektdatenbank_telefon":"0511\/1640921","dbu_projektdatenbank_inet":"","dbu_projektdatenbank_bundesland":"Niedersachsen","dbu_projektdatenbank_foerderber":"55","dbu_projektdatenbank_ab_bericht":"","dbu_projektdatenbank_ist_nachbewilligung_von":"","dbu_projektdatenbank_hat_nachbewilligung":"","dbu_headerimage_cover":"","dbu_submenu":"","dbu_submenu_position":"","dbu_submenu_entry":[]},"_links":{"self":[{"href":"https:\/\/www.dbu.de\/en\/wp-json\/wp\/v2\/projektdatenbank\/21118","targetHints":{"allow":["GET"]}}],"collection":[{"href":"https:\/\/www.dbu.de\/en\/wp-json\/wp\/v2\/projektdatenbank"}],"about":[{"href":"https:\/\/www.dbu.de\/en\/wp-json\/wp\/v2\/types\/projektdatenbank"}],"author":[{"embeddable":true,"href":"https:\/\/www.dbu.de\/en\/wp-json\/wp\/v2\/users\/1"}],"version-history":[{"count":1,"href":"https:\/\/www.dbu.de\/en\/wp-json\/wp\/v2\/projektdatenbank\/21118\/revisions"}],"predecessor-version":[{"id":34121,"href":"https:\/\/www.dbu.de\/en\/wp-json\/wp\/v2\/projektdatenbank\/21118\/revisions\/34121"}],"wp:attachment":[{"href":"https:\/\/www.dbu.de\/en\/wp-json\/wp\/v2\/media?parent=21118"}],"wp:term":[{"taxonomy":"category","embeddable":true,"href":"https:\/\/www.dbu.de\/en\/wp-json\/wp\/v2\/categories?post=21118"},{"taxonomy":"post_tag","embeddable":true,"href":"https:\/\/www.dbu.de\/en\/wp-json\/wp\/v2\/tags?post=21118"}],"curies":[{"name":"wp","href":"https:\/\/api.w.org\/{rel}","templated":true}]}}

Für ein nachhaltiges Verhältnis zur Umwelt &#8211; Philosophie und Fachdisziplinen im Gespräch

<p>Zielsetzung und Anlass des Vorhabens</p>
<p>Interdisziplinäre Vortragsreihe zur Umweltkrise im Rahmen der EXPO 2000 Hannover mit dem Schwerpunktthema Nachhaltigkeit, bestehend aus acht Einzelvorträgen mit anschließender Diskussion und einer Abschlusstagung mit vier Einzelvorträgen, Publikums- und Podiumsdiskussion.<br />
Das Umweltproblem wird unter verschiedenen Aspekten betrachtet (Politik, Wirtschaft, Wirtschaftsethik, Biologie, Ökologie, Rechtswissenschaften, Geschichtswissenschaften, Pädagogik, Psychologie, Philosophie, Theologie). Gegen die Tendenz der zunehmenden Autonomisierung der einzelnen gesellschaftlichen Systeme und der fortschreitenden Spezialisierung der Einzelwissenschaften wird es darauf ankommen, vor allem den Zusammenhang der unterschiedlichen Perspektiven deutlich zu machen und im interdisziplinären Gespräch insbesondere die geistigen Voraussetzung für ein nachhaltiges Verhältnis zur Umwelt zu erörtern.</p>
<p>Darstellung der Arbeitsschritte und der angewandten MethodenDas Projekt gliedert sich in drei Teile:<br />
1.	in die Organisation und Durchführung einer Reihe von drei einführenden und fünf vertiefenden öffentlichen und frei zugänglichen Vorträgen, die vom 17.5.2000 bis zum 5.7. 2000 jeweils mittwochs um 19:00h im Vorlesungssaal F 303 des Hauptgebäudes der Universität Hannover (Welfenschloß) stattfinden.<br />
2.	in die Organisation und Durchführung einer öffentlichen und frei zugänglichen Tagung mit fünf Referenten, die am Samstag, dem 15.7., von 10:00 h bis 18:00 h im OG des EXPO-Cafés Hannover stattfindet.<br />
3.	in die Veröffentlichung sämtlicher Vorträge in Form eines voraussichtlich im Verlag C.H. Beck erscheinenden Buches.</p>
<p>Ergebnisse und Diskussion</p>
<p>Die praktischen Ergebnisse unserer Veranstaltungsreihe kann man unterscheiden 1. in eine unmittelbare Motivation zu einem ökologisch sinnvolleren Verhalten und 2. in einen Beitrag zur Umweltbildung und damit langfristig zu einer Verhaltensänderung. </p>
<p>1.	Vor allem von den über 8 Wochen hinweg regelmäßig stattfindenden Einzelvorträgen ging, wie etwa die außergewöhnlich langen und intensiven Publikumsdiskussionen bewiesen, für alle Beteiligten ein starker motivatorischer Impuls zu einem bewussteren Umweltverhaltens aus. Frau Dipl.-Geol. M. Huch schrieb dazu im Imformationsforum der Gesellschaft für UmweltGeowissenschaften GUG (Heft 3./2000): Den Initiatoren der Vorlesungsreihe und hier insbesondere Prof. Vittorio Hösle kann (&#8230;) nur noch einmal ganz herzlich gedankt werden. Das Interesse der Bevölkerung an das Thema zeigte sich vor allem darin, dass über einen Zeitraum von mehreren Monaten regelmäßig die selben Zuhörer kamen und engagiert diskutierten. Die außergewöhnlich intensive und kompetente Beteiligung des Publikums wurde auch von Referenten wiederholt festgestellt.<br />
2.	Das zentrale Thema der Vortragsreihe und der Abschlusstagung war der Begriff der Nachhaltigkeit. Trotz seiner Bedeutung spätestens seit dem Erdgipfel 1992 ist dieser Schlüsselbegriff im Bewusstsein weiter Bevölkerungskreise weithin unbestimmt geblieben. Unsere Vortragsreihe erlaubte es einem größeren Publikum, das Thema der Nachhaltigkeit aus verschiedenen Perspektiven zu begreifen. Bei einem Besucherdurchschnitt von ca. 100 Personen kann dieses Ziel als erreicht angesehen werden. Die mediale Begleitung der Veranstaltung durch Presse (u.a. die Hannoversche Allgemeine Zeitung und Hannovers größtes Stadtmagazin) und Rundfunk (z.B. zwei Sendungen im Norddeutschen Rundfunk) sowie die Publikation der Vorträge in einem renommierten Verlag zu einem erschwinglichen Preis tragen dazu bei, das wichtige Zukunftsthema einer nachhaltigen Entwicklung stärker in das Bewusstsein der Bevölkerung zu verankern.<br />
Die theoretischen Ergebnisse liegen zunächst in einer wissenschaftlichen Vertiefung des Themas Nachhaltigkeit und werden im Form der unseres Wissens ersten interdisziplinären Veröffentlichung dieser Art im Beck-Verlag der Fachwelt zur Verfügung stehen. Zwei inhaltliche Ergebnisse können genannt werden:<br />
1.	Problematisierung der Bezeichnung nachhaltige Entwicklung, die im Vergleich zur englischen Be-zeichnung sustainable development enger ist.<br />
2.	Betonung der Bedeutung gerade der Umweltbildung für eine nachhaltige Entwicklung.<br />
Darüber hinaus wurde ein Impuls zum häufig geforderten aber noch zu selten praktizierten interdisziplinäre Diskurs gelegt. Dies konnte v.a. durch die Abschlusstagung erreicht werden, wo prominente Vertreter der Politik (M. Hustedt), des Umweltrechts (Prof. Dr. M. Kloepfer), der Naturphilosophie (Prof. Dr. K. M. Meyer-Abich) und der Umweltbildung (Prof. Dr. G. de Haan) miteinander das Thema der Nachhaltigkeit aus verschiedenen Perspektiven diskutierten.</p>
<p>Öffentlichkeitsarbeit und Präsentation</p>
<p>Zur Öffentlichkeitsarbeit zählten Pressemitteilungen an regionale und überregionale Zeitungen und Zeitschriften, an Rundfunk und Fernsehen sowie an diverse öffentliche Einrichtungen. Daneben wurden Einladungen an eine große Zahl von potentiellen Interessenten bundesweit versandt. Eine große Anzahl von Plakaten und Broschüren wurden gedruckt und v.a. im Raum Hannover aufgehängt bzw. ausgelegt. Herr Prof. Dr. V. Hösle stand für verschiedene Interviews und Gespräche zu diesem Thema zur Verfügung. Die Ergebnisse der Veranstaltungsreihe werden in Buchform veröffentlicht.</p>
<p>Fazit</p>
<p>Der Erfolg der Veranstaltungsreihe Für ein nachhaltiges Verhältnis zur Umwelt. Philosophie und Fachdisziplinen im Gespräch zeigt, dass auch in Zeiten massenmedialer Vernachlässigung sehr wohl genügend Interesse für das Thema Umwelt erregt werden kann. Das formale Konzept, &#8211; Einzelvorträge, die an acht Wochen hintereinander jeweils zur gleichen Zeit und am gleichen Werktag stattfinden und eine Abschlusstagung, &#8211; hat sich in unseren Augen weitgehend be-währt, wobei das gegen Ende allmählich abflauende Publikumsinteresse zeigte, dass der Dauer einer solcher Vortragsreihe Grenzen gesetzt sind.<br />
Ein Problem zeigte sich darin, dass es uns trotz beträchtlicher Anstrengungen nur begrenzt gelang, jüngere Leute für die Vorträge zu interessieren.<br />
Der interdisziplinäre Austausch wurde von den Beteiligten einhellig begrüßt und es zeigte sich, dass die Philosophie insbesondere als Moderatorin fächerübergreifend geschätzt und anerkannt wird.</p>

<p>Zielsetzung und Anlass des Vorhabens Interdisziplinäre Vortragsreihe zur Umweltkrise im Rahmen der EXPO 2000 Hannover mit dem Schwerpunktthema Nachhaltigkeit, bestehend aus acht Einzelvorträgen mit anschließender Diskussion und einer Abschlusstagung mit vier Einzelvorträgen, Publikums- und Podiumsdiskussion. Das Umweltproblem wird unter verschiedenen Aspekten betrachtet (Politik, Wirtschaft, Wirtschaftsethik, Biologie, Ökologie, Rechtswissenschaften, Geschichtswissenschaften, Pädagogik, Psychologie, Philosophie, Theologie). Gegen die [&hellip;]</p>

Forschungsinstitut für Philosophie Hannover
