{"id":21110,"date":"2023-07-13T15:19:21","date_gmt":"2023-07-13T13:19:21","guid":{"rendered":"https:\/\/www.dbu.de\/projektdatenbank\/15842-01\/"},"modified":"2023-07-13T15:19:24","modified_gmt":"2023-07-13T13:19:24","slug":"15842-01","status":"publish","type":"projektdatenbank","link":"https:\/\/www.dbu.de\/en\/projektdatenbank\/15842-01\/","title":{"rendered":"Standardisierte Solar-Vorhangfassade f\u00fcr Neubau und Sanierung"},"content":{"rendered":"<p>Zielsetzung und Anlass des Vorhabens<\/p>\n<p>Das Familienheim Freiburg beabsichtigte bei der Sanierung von 2 Mehrfamilienh\u00e4usern aus den Jahren 1969\/70, die in der damals charakteristischen Betonplatten-Optik ausgef\u00fchrt wurden, regenerative Energien einzusetzen. Die Fassade dieser beiden H\u00e4user sollte als geschlossene Wandfl\u00e4che dargestellt werden und zus\u00e4tzlich der Niedrigenergiebauweise entsprechen. In Zusammenarbeit mit dem f\u00fcr die Planung und Abwicklung beauftragtem Architekturb\u00fcro Rolf + Hotz wurde die Fassade so gestaltet, das die Photovoltaikmodule im Einklang zu den restlichen Erneuerungen, wie Verglasung der Balkone zu Winterg\u00e4rten stehen. Angestrebt war eine Kaltfassade, die unabh\u00e4ngig vom verwendeten PV-Solarmodul \u00fcberall einsetzbar ist.<br \/>\nBesonderheit dieser Fassadenl\u00f6sung:<br \/>\nSie wird unabh\u00e4ngig vom Modultyp (d.h. der Gr\u00f6\u00dfe bzw. Gewicht) einsetzbar sein.<br \/>\nDie Verwendung von ressourcensparenden, rahmenlosen ModulenEin sp\u00e4terer Austausch einzelner Komponenten soll unkompliziert und schnellrealisierbar sein.<br \/>\nDie Unterkonstruktion soll praktikabel zu installieren sein und ein H\u00f6chstma\u00df anTransparenz besitzen.<br \/>\nDurch die Planung\/Realisierung dieser Solarstromanlagen wird die Montagetechnik f\u00fcr Solarfassaden wesentlich vereinfacht, so dass k\u00fcnftige Fassadenl\u00f6sungen bei Neu- und Altbauten ohne gr\u00f6\u00dferen Planungsaufwand realisiert werden k\u00f6nnen.<\/p>\n<p>Darstellung der Arbeitsschritte und der angewandten MethodenIm ersten Schritt wurde von einem Freiburger Ingenieurb\u00fcro, Sunna &#8211; B\u00fcro f\u00fcr Sonnenenergie, ein Gutachten f\u00fcr die Ertragssituation an der s\u00fcdlichen Fassade der beiden Geb\u00e4ude erstellt. Zus\u00e4tzlich wurde die W\u00e4rmed\u00e4mmung berechnet und optimiert um den Energiebedarf an den Standard der Niedrig-Energie-Bauweise in Freiburg anzupassen.<br \/>\nMit diesen Vorgaben entwickelte ein bundesweit t\u00e4tiges Fassadenbau-Unternehmen eine Befestigungs-Technik, die den Anforderungen der DIN-Normen und den Vorgaben f\u00fcr eine leichte Montage sowie der sp\u00e4teren Austauschbarkeit von Modulen entsprach.<br \/>\nDie Solar-Fabrik entwickelte ein Standard-Fassadenmodul mit der Bezeichnung SF 140 F mit einer Nennleistung von 133,5 Wp. Das Modul besteht aus einer spezial geh\u00e4rteten Glasscheibe, die Zellen sind in ein EVA (Ethylen-Vinyl-Acetat) eingebettet.<br \/>\nDie Montage der PV-Anlage war einer der letzten Schritte des gesamten Sanierungsvorhabens. Die beiden Wohnh\u00e4user waren vollst\u00e4ndig einger\u00fcstet. Dadurch konnte die Unterkonstruktion der Fassade und die W\u00e4rmed\u00e4mmung ohne Probleme angebracht werden. Im Zuge des R\u00fcckbaus der Ger\u00fcste wurden die PV-Module angebracht.<\/p>\n<p>Ergebnisse und Diskussion<\/p>\n<p>Die Zielsetzung, eine technisch einfache und praktische Fassade mit PV-Modulen zu best\u00fccken, wurde erreicht. Sowohl in der Planung und Entwicklung der technischen Komponenten, als auch dem Bau der Anlage traten keine Probleme auf. Aus finanzieller Sicht ist der Ertrag eine Fassadenanlage zwar um ca. 25 &#8211; 30 % geringer gegen\u00fcber der Schr\u00e4gdach- oder Flachdachmontage mit einem Winkel von 30\u00b0, demgegen\u00fcber ist der Nutzen aus der Fassade als Witterungsschutz und geringerem W\u00e4rmeverlust fast gleichzusetzen. Mit der Einf\u00fchrung des EEG (Erneuerbare-Enerigen-Gesetz) und der damit verbundenen h\u00f6heren Einspeiseverg\u00fctung amorti-siert sich eine solche Anlage in wesentlich k\u00fcrzerer Zeit.<br \/>\nZwischenzeitlich wurden zwei weitere Projekte mit dem gleichen Standard erfolgreich erstellt. Die bei diesem Projekt entwickelten Konstruktionen und Module werden nun europaweit durch die Firma OKALUX als Standardl\u00f6sung angeboten.<\/p>\n<p>\u00d6ffentlichkeitsarbeit und Pr\u00e4sentation<\/p>\n<p>Nach der Fertigstellung des Gesamtprojektes wurde im Juli 2001 eine Projekteinweihungs- und Informationsveranstaltung f\u00fcr die Bewohner und interessierte \u00d6ffentlichkeit durchgef\u00fchrt. Ein Prospekt mit den wesentlichen Daten wurde erstellt und wird den Mitgliedern der Baugenossenschaft zur Verf\u00fcgung gestellt. Durch die exponierte Lage an der wichtigen Zufahrtsstrasse f\u00fcr das Messegel\u00e4nde der Stadt Freiburg, ist sichergestellt, das nicht nur einheimische B\u00fcrger dieses Projekt erleben und wahrnehmen.<\/p>\n<p>Fazit<\/p>\n<p>Mit der Unterst\u00fctzung durch die DBU wurde ein Projekt erstellt, dass aufzeigt, dass auch im Bereich der Sanierung von Hochh\u00e4usern durchaus sinnvolle Energieeinsparmassnahmen mit nicht zu gro\u00dfen Aufwand zu erzielen sind. Das gesteckte Ziel, den Nachweis, eine Standardl\u00f6sung f\u00fcr rahmenlose Module und Befestigung an einer Fassade  mit geringerem und ressourceschonenden Aufwand, wurde erreicht. Der positive Nutzen durch die Einsparung von herk\u00f6mmlicher Energie durch die Photovoltaikanlage darf dabei nicht vergessen werden.<\/p>\n","protected":false},"excerpt":{"rendered":"<p>Zielsetzung und Anlass des Vorhabens Das Familienheim Freiburg beabsichtigte bei der Sanierung von 2 Mehrfamilienh\u00e4usern aus den Jahren 1969\/70, die in der damals charakteristischen Betonplatten-Optik ausgef\u00fchrt wurden, regenerative Energien einzusetzen. Die Fassade dieser beiden H\u00e4user sollte als geschlossene Wandfl\u00e4che dargestellt werden und zus\u00e4tzlich der Niedrigenergiebauweise entsprechen. In Zusammenarbeit mit dem f\u00fcr die Planung und Abwicklung [&hellip;]<\/p>\n","protected":false},"author":1,"featured_media":0,"template":"","meta":{"footnotes":""},"categories":[],"tags":[56,47,51,52],"class_list":["post-21110","projektdatenbank","type-projektdatenbank","status-publish","hentry","tag-baden-wuerttemberg","tag-klimaschutz","tag-ressourcenschonung","tag-umweltforschung"],"meta_box":{"dbu_projektdatenbank_az_ges":"15842\/01","dbu_projektdatenbank_medien":"","dbu_projektdatenbank_pdfdatei":"A-15842.pdf","dbu_projektdatenbank_bsumme":"102.258,38","dbu_projektdatenbank_firma":"Familienheim FreiburgBaugenossenschaft e. G.","dbu_projektdatenbank_strasse":"Gau\u00dfstr. 5","dbu_projektdatenbank_plz_str":"79114","dbu_projektdatenbank_ort_str":"Freiburg","dbu_projektdatenbank_p_von":"1999-05-14 00:00:00","dbu_projektdatenbank_p_bis":"2002-02-14 00:00:00","dbu_projektdatenbank_laufzeit":"2 Jahre und 9 Monate","dbu_projektdatenbank_telefon":"0761\/88887-0","dbu_projektdatenbank_inet":"","dbu_projektdatenbank_bundesland":"Baden-W\u00fcrttemberg","dbu_projektdatenbank_foerderber":"5","dbu_projektdatenbank_ab_bericht":"","dbu_projektdatenbank_ist_nachbewilligung_von":"","dbu_projektdatenbank_hat_nachbewilligung":"","dbu_headerimage_cover":"","dbu_submenu":"","dbu_submenu_position":"","dbu_submenu_entry":[]},"_links":{"self":[{"href":"https:\/\/www.dbu.de\/en\/wp-json\/wp\/v2\/projektdatenbank\/21110","targetHints":{"allow":["GET"]}}],"collection":[{"href":"https:\/\/www.dbu.de\/en\/wp-json\/wp\/v2\/projektdatenbank"}],"about":[{"href":"https:\/\/www.dbu.de\/en\/wp-json\/wp\/v2\/types\/projektdatenbank"}],"author":[{"embeddable":true,"href":"https:\/\/www.dbu.de\/en\/wp-json\/wp\/v2\/users\/1"}],"version-history":[{"count":1,"href":"https:\/\/www.dbu.de\/en\/wp-json\/wp\/v2\/projektdatenbank\/21110\/revisions"}],"predecessor-version":[{"id":34113,"href":"https:\/\/www.dbu.de\/en\/wp-json\/wp\/v2\/projektdatenbank\/21110\/revisions\/34113"}],"wp:attachment":[{"href":"https:\/\/www.dbu.de\/en\/wp-json\/wp\/v2\/media?parent=21110"}],"wp:term":[{"taxonomy":"category","embeddable":true,"href":"https:\/\/www.dbu.de\/en\/wp-json\/wp\/v2\/categories?post=21110"},{"taxonomy":"post_tag","embeddable":true,"href":"https:\/\/www.dbu.de\/en\/wp-json\/wp\/v2\/tags?post=21110"}],"curies":[{"name":"wp","href":"https:\/\/api.w.org\/{rel}","templated":true}]}}

Standardisierte Solar-Vorhangfassade für Neubau und Sanierung

<p>Zielsetzung und Anlass des Vorhabens</p>
<p>Das Familienheim Freiburg beabsichtigte bei der Sanierung von 2 Mehrfamilienhäusern aus den Jahren 1969/70, die in der damals charakteristischen Betonplatten-Optik ausgeführt wurden, regenerative Energien einzusetzen. Die Fassade dieser beiden Häuser sollte als geschlossene Wandfläche dargestellt werden und zusätzlich der Niedrigenergiebauweise entsprechen. In Zusammenarbeit mit dem für die Planung und Abwicklung beauftragtem Architekturbüro Rolf + Hotz wurde die Fassade so gestaltet, das die Photovoltaikmodule im Einklang zu den restlichen Erneuerungen, wie Verglasung der Balkone zu Wintergärten stehen. Angestrebt war eine Kaltfassade, die unabhängig vom verwendeten PV-Solarmodul überall einsetzbar ist.<br />
Besonderheit dieser Fassadenlösung:<br />
Sie wird unabhängig vom Modultyp (d.h. der Größe bzw. Gewicht) einsetzbar sein.<br />
Die Verwendung von ressourcensparenden, rahmenlosen ModulenEin späterer Austausch einzelner Komponenten soll unkompliziert und schnellrealisierbar sein.<br />
Die Unterkonstruktion soll praktikabel zu installieren sein und ein Höchstmaß anTransparenz besitzen.<br />
Durch die Planung/Realisierung dieser Solarstromanlagen wird die Montagetechnik für Solarfassaden wesentlich vereinfacht, so dass künftige Fassadenlösungen bei Neu- und Altbauten ohne größeren Planungsaufwand realisiert werden können.</p>
<p>Darstellung der Arbeitsschritte und der angewandten MethodenIm ersten Schritt wurde von einem Freiburger Ingenieurbüro, Sunna &#8211; Büro für Sonnenenergie, ein Gutachten für die Ertragssituation an der südlichen Fassade der beiden Gebäude erstellt. Zusätzlich wurde die Wärmedämmung berechnet und optimiert um den Energiebedarf an den Standard der Niedrig-Energie-Bauweise in Freiburg anzupassen.<br />
Mit diesen Vorgaben entwickelte ein bundesweit tätiges Fassadenbau-Unternehmen eine Befestigungs-Technik, die den Anforderungen der DIN-Normen und den Vorgaben für eine leichte Montage sowie der späteren Austauschbarkeit von Modulen entsprach.<br />
Die Solar-Fabrik entwickelte ein Standard-Fassadenmodul mit der Bezeichnung SF 140 F mit einer Nennleistung von 133,5 Wp. Das Modul besteht aus einer spezial gehärteten Glasscheibe, die Zellen sind in ein EVA (Ethylen-Vinyl-Acetat) eingebettet.<br />
Die Montage der PV-Anlage war einer der letzten Schritte des gesamten Sanierungsvorhabens. Die beiden Wohnhäuser waren vollständig eingerüstet. Dadurch konnte die Unterkonstruktion der Fassade und die Wärmedämmung ohne Probleme angebracht werden. Im Zuge des Rückbaus der Gerüste wurden die PV-Module angebracht.</p>
<p>Ergebnisse und Diskussion</p>
<p>Die Zielsetzung, eine technisch einfache und praktische Fassade mit PV-Modulen zu bestücken, wurde erreicht. Sowohl in der Planung und Entwicklung der technischen Komponenten, als auch dem Bau der Anlage traten keine Probleme auf. Aus finanzieller Sicht ist der Ertrag eine Fassadenanlage zwar um ca. 25 &#8211; 30 % geringer gegenüber der Schrägdach- oder Flachdachmontage mit einem Winkel von 30°, demgegenüber ist der Nutzen aus der Fassade als Witterungsschutz und geringerem Wärmeverlust fast gleichzusetzen. Mit der Einführung des EEG (Erneuerbare-Enerigen-Gesetz) und der damit verbundenen höheren Einspeisevergütung amorti-siert sich eine solche Anlage in wesentlich kürzerer Zeit.<br />
Zwischenzeitlich wurden zwei weitere Projekte mit dem gleichen Standard erfolgreich erstellt. Die bei diesem Projekt entwickelten Konstruktionen und Module werden nun europaweit durch die Firma OKALUX als Standardlösung angeboten.</p>
<p>Öffentlichkeitsarbeit und Präsentation</p>
<p>Nach der Fertigstellung des Gesamtprojektes wurde im Juli 2001 eine Projekteinweihungs- und Informationsveranstaltung für die Bewohner und interessierte Öffentlichkeit durchgeführt. Ein Prospekt mit den wesentlichen Daten wurde erstellt und wird den Mitgliedern der Baugenossenschaft zur Verfügung gestellt. Durch die exponierte Lage an der wichtigen Zufahrtsstrasse für das Messegelände der Stadt Freiburg, ist sichergestellt, das nicht nur einheimische Bürger dieses Projekt erleben und wahrnehmen.</p>
<p>Fazit</p>
<p>Mit der Unterstützung durch die DBU wurde ein Projekt erstellt, dass aufzeigt, dass auch im Bereich der Sanierung von Hochhäusern durchaus sinnvolle Energieeinsparmassnahmen mit nicht zu großen Aufwand zu erzielen sind. Das gesteckte Ziel, den Nachweis, eine Standardlösung für rahmenlose Module und Befestigung an einer Fassade  mit geringerem und ressourceschonenden Aufwand, wurde erreicht. Der positive Nutzen durch die Einsparung von herkömmlicher Energie durch die Photovoltaikanlage darf dabei nicht vergessen werden.</p>

<p>Zielsetzung und Anlass des Vorhabens Das Familienheim Freiburg beabsichtigte bei der Sanierung von 2 Mehrfamilienhäusern aus den Jahren 1969/70, die in der damals charakteristischen Betonplatten-Optik ausgeführt wurden, regenerative Energien einzusetzen. Die Fassade dieser beiden Häuser sollte als geschlossene Wandfläche dargestellt werden und zusätzlich der Niedrigenergiebauweise entsprechen. In Zusammenarbeit mit dem für die Planung und Abwicklung [&hellip;]</p>

Gaußstr. 5

Baden-Württemberg
