{"id":5129,"date":"2023-03-07T10:56:01","date_gmt":"2023-03-07T09:56:01","guid":{"rendered":"https:\/\/www.dbu.de\/?post_type=naturerbeflaechen&#038;p=5129"},"modified":"2025-07-01T09:51:01","modified_gmt":"2025-07-01T07:51:01","slug":"andernachhof","status":"publish","type":"naturerbeflaechen","link":"https:\/\/www.dbu.de\/en\/naturerbeflaechen\/andernachhof\/","title":{"rendered":"Andernachhof"},"content":{"rendered":"<header id='dbu_header_mb-block-8c7871c1-b7ac-4b86-858d-a9f62ef2edcc'><div class='dbu-header dbu-header_fixedheight  '><div class='swiper-wrapper'><div id='dbu_header_mb-block-8c7871c1-b7ac-4b86-858d-a9f62ef2edcc' class='dbu-header dbu-header_fixedheight  swiper-slide' style='background-image: url(https:\/\/www.dbu.de\/app\/uploads\/phpThumb_generated_thumbnail-3.jpg)'><div class='dbu-header__content'><h1 class='dbu-header__content-headline'>Andernachhof<\/h1><\/div><\/div><\/div><\/div><\/header>\n\n\n<div class=\"wp-block-wordpress-dbu-dbu-container\">\n<p>Seit 2016 ist die DBU Naturerbe GmbH Eigent\u00fcmerin der Fl\u00e4che Andernachhof. Die DBU-Naturerbefl\u00e4che ist 58 Hektar gro\u00df und befindet sich s\u00fcdlich von Landsberg nahe Dornstetten. Sie besteht \u00fcberwiegend aus extensiv genutztem Gr\u00fcnland, in das Waldfl\u00e4chen eingebettet sind.<\/p>\n<\/div>\n\n\n\n<div class=\"wp-block-wordpress-dbu-dbu-container\">\n<h2 class=\"wp-block-heading\">Gebietsbeschreibung und Entwicklungsziele<\/h2>\n\n\n\n<p>Die DBU-Naturerbefl\u00e4che Andernachhof besteht \u00fcberwiegend aus Gr\u00fcnland. Sie bietet potenziellen Lebensraum f\u00fcr Heuschrecken- und Tagfalterarten. In das auf drei Terrassenstufen liegende Gr\u00fcnland sind verschiedene Waldfl\u00e4chen eingebettet. Das Offenland wird auch weiterhin durch zweij\u00e4hrige Mahd optimiert und als arten- und strukturreiches Gr\u00fcnland weiterentwickelt. \u00dcber den s\u00fcdlichen Teil der Fl\u00e4che verl\u00e4uft der Wiesenbach. Mit der naturnahen Entwicklung des Baches und dem Anlegen von weiteren Kleingew\u00e4ssern werden f\u00fcr die typischen Arten der Lechaue weitere Lebensr\u00e4ume gewonnen. Den Waldbereichen werden nach und nach die jungen Nadelh\u00f6lzer entnommen, damit standorttypische Laubb\u00e4ume nachwachsen k\u00f6nnen. Der strukturreiche \u00dcbergang zwischen dem Wald und dem Offenland wird als wertvoller Lebensraum erhalten und in seiner Entwicklung gef\u00f6rdert.<\/p>\n\n\n\n<h2 class=\"wp-block-heading\">Historisches<\/h2>\n\n\n\n<p>Seit dem Mittelalter war die heutige DBU-Naturerbefl\u00e4che Andernachhof Teil des Gutes Mittelstetten und seit Ende des 18. Jahrhunderts bis 1985 des Andernachhofs. In dieser Zeit fand auf der Fl\u00e4che eine zum Teil intensive landwirtschaftliche Nutzung statt. Von 1985 bis 2001 geh\u00f6rte die Liegenschaft zum Standort\u00fcbungsplatz Landsberg der Bundeswehr. Die Teilfl\u00e4che wurde kaum milit\u00e4risch, sondern extensiv landwirtschaftlich genutzt und \u00fcber viele Jahre mit Schafen beweidet.<\/p>\n\n\n\n<figure class=\"wp-block-gallery has-nested-images columns-default is-cropped wp-block-gallery-1 is-layout-flex wp-block-gallery-is-layout-flex\">\n<figure class=\"wp-block-image size-large\"><a href=\"https:\/\/www.dbu.de\/app\/uploads\/phpThumb_generated_thumbnail-4.jpg\"><img loading=\"lazy\" decoding=\"async\" width=\"1200\" height=\"812\" data-id=\"5117\" src=\"https:\/\/www.dbu.de\/app\/uploads\/phpThumb_generated_thumbnail-4.jpg\" alt=\"\" class=\"wp-image-5117\" srcset=\"https:\/\/www.dbu.de\/app\/uploads\/phpThumb_generated_thumbnail-4.jpg 1200w, https:\/\/www.dbu.de\/app\/uploads\/phpThumb_generated_thumbnail-4-800x541.jpg 800w, https:\/\/www.dbu.de\/app\/uploads\/phpThumb_generated_thumbnail-4-400x271.jpg 400w\" sizes=\"auto, (max-width: 1200px) 100vw, 1200px\" \/><\/a><figcaption class=\"wp-element-caption\">Der Heidegrash\u00fcpfer (Stenobothrus lineatus) geh\u00f6rt zur Familie der Feldheuschrecken. Man kann sie sehr gut an den auff\u00e4llig kurzen F\u00fchlern erkennen. Typisch ist ihr leiser Gesang im Sommer auf nicht zu intensiv genutzten Wiesen. Foto: \u00a9 Joachim Holstein \/ piclease<\/figcaption><\/figure>\n\n\n\n<figure class=\"wp-block-image size-large\"><a href=\"https:\/\/www.dbu.de\/app\/uploads\/phpThumb_generated_thumbnail-5.jpg\"><img loading=\"lazy\" decoding=\"async\" width=\"1200\" height=\"803\" data-id=\"5115\" src=\"https:\/\/www.dbu.de\/app\/uploads\/phpThumb_generated_thumbnail-5.jpg\" alt=\"\" class=\"wp-image-5115\" srcset=\"https:\/\/www.dbu.de\/app\/uploads\/phpThumb_generated_thumbnail-5.jpg 1200w, https:\/\/www.dbu.de\/app\/uploads\/phpThumb_generated_thumbnail-5-800x535.jpg 800w, https:\/\/www.dbu.de\/app\/uploads\/phpThumb_generated_thumbnail-5-400x268.jpg 400w\" sizes=\"auto, (max-width: 1200px) 100vw, 1200px\" \/><\/a><figcaption class=\"wp-element-caption\">Die Raupen der Goldenen Acht (Colias hyale) ern\u00e4hren sich von Luzernen und Klee und ben\u00f6tigen zur Entwicklung naturnahe Wiesen und Weiden. Mit der Intensivierung der Landwirtschaft schwindet jedoch der Lebensraum der Goldenen Acht. \u00a9 Tim Laussmann \/ piclease<\/figcaption><\/figure>\n\n\n\n<figure class=\"wp-block-image size-large\"><a href=\"https:\/\/www.dbu.de\/app\/uploads\/phpThumb_generated_thumbnail-3.jpg\"><img loading=\"lazy\" decoding=\"async\" width=\"1200\" height=\"800\" data-id=\"5113\" src=\"https:\/\/www.dbu.de\/app\/uploads\/phpThumb_generated_thumbnail-3.jpg\" alt=\"\" class=\"wp-image-5113\" srcset=\"https:\/\/www.dbu.de\/app\/uploads\/phpThumb_generated_thumbnail-3.jpg 1200w, https:\/\/www.dbu.de\/app\/uploads\/phpThumb_generated_thumbnail-3-800x533.jpg 800w, https:\/\/www.dbu.de\/app\/uploads\/phpThumb_generated_thumbnail-3-400x267.jpg 400w\" sizes=\"auto, (max-width: 1200px) 100vw, 1200px\" \/><\/a><figcaption class=\"wp-element-caption\">Die DBU-Naturerbefl\u00e4che Andernachhof geh\u00f6rt zum Lechtal. Das Lechtal ist eine bedeutsame Artenbr\u00fccke. Verschiedene offene Lebensr\u00e4ume sind so miteinander vernetzt, dass sie Trittsteine f\u00fcr seltene Arten sind. Das Lechtal verbindet die offenen Lebensr\u00e4ume der Alpen und des Jura miteinander. \u00a9 Heike Culmsee \/ DBU Naturerbe GmbH<\/figcaption><\/figure>\n<\/figure>\n<\/div>\n","protected":false},"excerpt":{"rendered":"","protected":false},"author":1,"featured_media":5113,"parent":0,"template":"","meta":{"footnotes":""},"categories":[],"tags":[57],"class_list":["post-5129","naturerbeflaechen","type-naturerbeflaechen","status-publish","has-post-thumbnail","hentry","tag-bayern"],"meta_box":{"dbu_naturerbeflaechen_ansprechpartner":"","dbu_naturerbeflaechen_ansprechpartner_email":"bf-hf@bundesimmobilien.de","dbu_naturerbeflaechen_leitbild":[{"sizes":{"full":{"file":"271016023722_280355-pdf.jpg","width":1058,"height":1497,"mime-type":"image\/jpeg","filesize":188728},"medium":{"file":"271016023722_280355-pdf-565x800.jpg","width":565,"height":800,"mime-type":"image\/jpeg","filesize":74284},"thumbnail":{"file":"271016023722_280355-pdf-283x400.jpg","width":283,"height":400,"mime-type":"image\/jpeg","filesize":24037}},"filesize":140431,"ID":"5119","name":"271016023722_280355.pdf","path":"\/var\/www\/vhosts\/dbu.de\/httpdocs\/web\/app\/uploads\/271016023722_280355.pdf","url":"https:\/\/www.dbu.de\/app\/uploads\/271016023722_280355.pdf","title":"Leitbild Andernachhof"}],"dbu_naturerbeflaechen_steckbrief":[{"sizes":{"full":{"file":"161018042139_519357-pdf.jpg","width":1058,"height":1497,"mime-type":"image\/jpeg","filesize":223919},"medium":{"file":"161018042139_519357-pdf-565x800.jpg","width":565,"height":800,"mime-type":"image\/jpeg","filesize":89156},"thumbnail":{"file":"161018042139_519357-pdf-283x400.jpg","width":283,"height":400,"mime-type":"image\/jpeg","filesize":30404}},"filesize":579842,"ID":"5121","name":"161018042139_519357.pdf","path":"\/var\/www\/vhosts\/dbu.de\/httpdocs\/web\/app\/uploads\/161018042139_519357.pdf","url":"https:\/\/www.dbu.de\/app\/uploads\/161018042139_519357.pdf","title":"Steckbrief Andernachhof"}],"karte_im_gis":"https:\/\/portal.namis-dbu.de\/arcgis\/apps\/experiencebuilder\/experience\/?id=a5158a464cbd485fabfd3006b982d839&find=Andernachhof","dbu_naturerbeflaechen_groesse":"58"},"_links":{"self":[{"href":"https:\/\/www.dbu.de\/en\/wp-json\/wp\/v2\/naturerbeflaechen\/5129","targetHints":{"allow":["GET"]}}],"collection":[{"href":"https:\/\/www.dbu.de\/en\/wp-json\/wp\/v2\/naturerbeflaechen"}],"about":[{"href":"https:\/\/www.dbu.de\/en\/wp-json\/wp\/v2\/types\/naturerbeflaechen"}],"author":[{"embeddable":true,"href":"https:\/\/www.dbu.de\/en\/wp-json\/wp\/v2\/users\/1"}],"version-history":[{"count":13,"href":"https:\/\/www.dbu.de\/en\/wp-json\/wp\/v2\/naturerbeflaechen\/5129\/revisions"}],"predecessor-version":[{"id":69956,"href":"https:\/\/www.dbu.de\/en\/wp-json\/wp\/v2\/naturerbeflaechen\/5129\/revisions\/69956"}],"wp:featuredmedia":[{"embeddable":true,"href":"https:\/\/www.dbu.de\/en\/wp-json\/wp\/v2\/media\/5113"}],"wp:attachment":[{"href":"https:\/\/www.dbu.de\/en\/wp-json\/wp\/v2\/media?parent=5129"}],"wp:term":[{"taxonomy":"category","embeddable":true,"href":"https:\/\/www.dbu.de\/en\/wp-json\/wp\/v2\/categories?post=5129"},{"taxonomy":"post_tag","embeddable":true,"href":"https:\/\/www.dbu.de\/en\/wp-json\/wp\/v2\/tags?post=5129"}],"curies":[{"name":"wp","href":"https:\/\/api.w.org\/{rel}","templated":true}]}}

<header id='dbu_header_mb-block-8c7871c1-b7ac-4b86-858d-a9f62ef2edcc'><div class='dbu-header dbu-header_fixedheight  '><div class='swiper-wrapper'><div id='dbu_header_mb-block-8c7871c1-b7ac-4b86-858d-a9f62ef2edcc' class='dbu-header dbu-header_fixedheight  swiper-slide' style='background-image: url(https://www.dbu.de/app/uploads/phpThumb_generated_thumbnail-3.jpg)'><div class='dbu-header__content'><h1 class='dbu-header__content-headline'>Andernachhof</h1></div></div></div></div></header>


<div class="wp-block-wordpress-dbu-dbu-container">
<p>Seit 2016 ist die DBU Naturerbe GmbH Eigentümerin der Fläche Andernachhof. Die DBU-Naturerbefläche ist 58 Hektar groß und befindet sich südlich von Landsberg nahe Dornstetten. Sie besteht überwiegend aus extensiv genutztem Grünland, in das Waldflächen eingebettet sind.</p>
</div>



<div class="wp-block-wordpress-dbu-dbu-container">
<h2 class="wp-block-heading">Gebietsbeschreibung und Entwicklungsziele</h2>



<p>Die DBU-Naturerbefläche Andernachhof besteht überwiegend aus Grünland. Sie bietet potenziellen Lebensraum für Heuschrecken- und Tagfalterarten. In das auf drei Terrassenstufen liegende Grünland sind verschiedene Waldflächen eingebettet. Das Offenland wird auch weiterhin durch zweijährige Mahd optimiert und als arten- und strukturreiches Grünland weiterentwickelt. Über den südlichen Teil der Fläche verläuft der Wiesenbach. Mit der naturnahen Entwicklung des Baches und dem Anlegen von weiteren Kleingewässern werden für die typischen Arten der Lechaue weitere Lebensräume gewonnen. Den Waldbereichen werden nach und nach die jungen Nadelhölzer entnommen, damit standorttypische Laubbäume nachwachsen können. Der strukturreiche Übergang zwischen dem Wald und dem Offenland wird als wertvoller Lebensraum erhalten und in seiner Entwicklung gefördert.</p>



<h2 class="wp-block-heading">Historisches</h2>



<p>Seit dem Mittelalter war die heutige DBU-Naturerbefläche Andernachhof Teil des Gutes Mittelstetten und seit Ende des 18. Jahrhunderts bis 1985 des Andernachhofs. In dieser Zeit fand auf der Fläche eine zum Teil intensive landwirtschaftliche Nutzung statt. Von 1985 bis 2001 gehörte die Liegenschaft zum Standortübungsplatz Landsberg der Bundeswehr. Die Teilfläche wurde kaum militärisch, sondern extensiv landwirtschaftlich genutzt und über viele Jahre mit Schafen beweidet.</p>



<figure class="wp-block-gallery has-nested-images columns-default is-cropped wp-block-gallery-1 is-layout-flex wp-block-gallery-is-layout-flex">
<figure class="wp-block-image size-large"><a href="https://www.dbu.de/app/uploads/phpThumb_generated_thumbnail-4.jpg"><img loading="lazy" decoding="async" width="1200" height="812" data-id="5117" src="https://www.dbu.de/app/uploads/phpThumb_generated_thumbnail-4.jpg" alt="" class="wp-image-5117" srcset="https://www.dbu.de/app/uploads/phpThumb_generated_thumbnail-4.jpg 1200w, https://www.dbu.de/app/uploads/phpThumb_generated_thumbnail-4-800x541.jpg 800w, https://www.dbu.de/app/uploads/phpThumb_generated_thumbnail-4-400x271.jpg 400w" sizes="auto, (max-width: 1200px) 100vw, 1200px" /></a><figcaption class="wp-element-caption">Der Heidegrashüpfer (Stenobothrus lineatus) gehört zur Familie der Feldheuschrecken. Man kann sie sehr gut an den auffällig kurzen Fühlern erkennen. Typisch ist ihr leiser Gesang im Sommer auf nicht zu intensiv genutzten Wiesen. Foto: © Joachim Holstein / piclease</figcaption></figure>



<figure class="wp-block-image size-large"><a href="https://www.dbu.de/app/uploads/phpThumb_generated_thumbnail-5.jpg"><img loading="lazy" decoding="async" width="1200" height="803" data-id="5115" src="https://www.dbu.de/app/uploads/phpThumb_generated_thumbnail-5.jpg" alt="" class="wp-image-5115" srcset="https://www.dbu.de/app/uploads/phpThumb_generated_thumbnail-5.jpg 1200w, https://www.dbu.de/app/uploads/phpThumb_generated_thumbnail-5-800x535.jpg 800w, https://www.dbu.de/app/uploads/phpThumb_generated_thumbnail-5-400x268.jpg 400w" sizes="auto, (max-width: 1200px) 100vw, 1200px" /></a><figcaption class="wp-element-caption">Die Raupen der Goldenen Acht (Colias hyale) ernähren sich von Luzernen und Klee und benötigen zur Entwicklung naturnahe Wiesen und Weiden. Mit der Intensivierung der Landwirtschaft schwindet jedoch der Lebensraum der Goldenen Acht. © Tim Laussmann / piclease</figcaption></figure>



<figure class="wp-block-image size-large"><a href="https://www.dbu.de/app/uploads/phpThumb_generated_thumbnail-3.jpg"><img loading="lazy" decoding="async" width="1200" height="800" data-id="5113" src="https://www.dbu.de/app/uploads/phpThumb_generated_thumbnail-3.jpg" alt="" class="wp-image-5113" srcset="https://www.dbu.de/app/uploads/phpThumb_generated_thumbnail-3.jpg 1200w, https://www.dbu.de/app/uploads/phpThumb_generated_thumbnail-3-800x533.jpg 800w, https://www.dbu.de/app/uploads/phpThumb_generated_thumbnail-3-400x267.jpg 400w" sizes="auto, (max-width: 1200px) 100vw, 1200px" /></a><figcaption class="wp-element-caption">Die DBU-Naturerbefläche Andernachhof gehört zum Lechtal. Das Lechtal ist eine bedeutsame Artenbrücke. Verschiedene offene Lebensräume sind so miteinander vernetzt, dass sie Trittsteine für seltene Arten sind. Das Lechtal verbindet die offenen Lebensräume der Alpen und des Jura miteinander. © Heike Culmsee / DBU Naturerbe GmbH</figcaption></figure>
</figure>
</div>
