{"id":66313,"date":"2024-02-22T09:00:24","date_gmt":"2024-02-22T08:00:24","guid":{"rendered":"https:\/\/www.dbu.de\/app\/uploads\/dbu_media-Schlauchturm_\u00a9Aron-Farr_TRION.jpg"},"modified":"2024-02-22T09:00:24","modified_gmt":"2024-02-22T08:00:24","slug":"media-media-schlauchturm-dbu-naturerbeflaeche-ruethnicker-heide","status":"inherit","type":"attachment","link":"https:\/\/www.dbu.de\/en\/media-media-schlauchturm-dbu-naturerbeflaeche-ruethnicker-heide\/","title":{"rendered":"Schlauchturm, DBU-Naturerbefl\u00e4che R\u00fcthnicker Heide"},"author":27,"featured_media":0,"comment_status":"closed","ping_status":"closed","template":"","meta":[],"class_list":["post-66313","attachment","type-attachment","status-inherit","hentry"],"meta_box":{"dbu_image_usage":"","dbu_image_download":"","dbu_image_copyright":""},"description":{"rendered":"<p class=\"attachment\"><a href='https:\/\/www.dbu.de\/app\/uploads\/dbu_media-Schlauchturm_\u00a9Aron-Farr_TRION-scaled.jpg'><img loading=\"lazy\" decoding=\"async\" width=\"800\" height=\"456\" src=\"https:\/\/www.dbu.de\/app\/uploads\/dbu_media-Schlauchturm_\u00a9Aron-Farr_TRION-800x456.jpg\" class=\"attachment-medium size-medium\" alt=\"\" srcset=\"https:\/\/www.dbu.de\/app\/uploads\/dbu_media-Schlauchturm_\u00a9Aron-Farr_TRION-800x456.jpg 800w, https:\/\/www.dbu.de\/app\/uploads\/dbu_media-Schlauchturm_\u00a9Aron-Farr_TRION-1920x1095.jpg 1920w, https:\/\/www.dbu.de\/app\/uploads\/dbu_media-Schlauchturm_\u00a9Aron-Farr_TRION-400x228.jpg 400w\" sizes=\"auto, (max-width: 800px) 100vw, 800px\" \/><\/a><\/p>\n"},"caption":{"rendered":"<p>F\u00fcr den Naturschutz erhalten: In dem ehemaligen Schlauchturm sollen Flederm\u00e4use und Zauneidechsen weiterhin geeigneten Unterschlupf finden.<\/p>\n"},"alt_text":"","media_type":"image","mime_type":"image\/jpeg","media_details":{"width":2560,"height":1459,"file":"dbu_media-Schlauchturm_\u00a9Aron-Farr_TRION-scaled.jpg","filesize":653405,"sizes":{"medium":{"file":"dbu_media-Schlauchturm_\u00a9Aron-Farr_TRION-800x456.jpg","width":800,"height":456,"filesize":98662,"mime_type":"image\/jpeg","source_url":"https:\/\/www.dbu.de\/app\/uploads\/dbu_media-Schlauchturm_\u00a9Aron-Farr_TRION-800x456.jpg"},"large":{"file":"dbu_media-Schlauchturm_\u00a9Aron-Farr_TRION-1920x1095.jpg","width":1920,"height":1095,"filesize":405259,"mime_type":"image\/jpeg","source_url":"https:\/\/www.dbu.de\/app\/uploads\/dbu_media-Schlauchturm_\u00a9Aron-Farr_TRION-1920x1095.jpg"},"thumbnail":{"file":"dbu_media-Schlauchturm_\u00a9Aron-Farr_TRION-400x228.jpg","width":400,"height":228,"filesize":40484,"mime_type":"image\/jpeg","source_url":"https:\/\/www.dbu.de\/app\/uploads\/dbu_media-Schlauchturm_\u00a9Aron-Farr_TRION-400x228.jpg"},"full":{"file":"dbu_media-Schlauchturm_\u00a9Aron-Farr_TRION-scaled.jpg","width":2560,"height":1459,"mime_type":"image\/jpeg","source_url":"https:\/\/www.dbu.de\/app\/uploads\/dbu_media-Schlauchturm_\u00a9Aron-Farr_TRION-scaled.jpg"}},"image_meta":{"aperture":"9","credit":"","camera":"Canon EOS 500D","caption":"F\u00fcr den Naturschutz erhalten: In dem ehemaligen Schlauchturm sollen Flederm\u00e4use und Zauneidechsen weiterhin geeigneten Unterschlupf finden.","created_timestamp":"1666011640","copyright":"Aron Farr\/TRION\r\rRechtliches: \rDie Verwendung dieses Bildes ist ausschlie\u00dflich im Rahmen redaktioneller Berichterstattung mit i","focal_length":"10","iso":"100","shutter_speed":"0.005","title":"Schlauchturm, DBU-Naturerbefl\u00e4che R\u00fcthnicker Heide","orientation":"1","keywords":["DBU Naturerbe","Nationales Naturerbe","DBU","Deutsche Bundesstiftung Umwelt","Naturerbefl\u00e4che","R\u00fcthnicker Heide","Schlauchturm","R\u00fcckbau","Naturschutz"]},"original_image":"dbu_media-Schlauchturm_\u00a9Aron-Farr_TRION.jpg"},"post":null,"source_url":"https:\/\/www.dbu.de\/app\/uploads\/dbu_media-Schlauchturm_\u00a9Aron-Farr_TRION-scaled.jpg","_links":{"self":[{"href":"https:\/\/www.dbu.de\/en\/wp-json\/wp\/v2\/media\/66313","targetHints":{"allow":["GET","POST","PUT","PATCH","DELETE"]}}],"collection":[{"href":"https:\/\/www.dbu.de\/en\/wp-json\/wp\/v2\/media"}],"about":[{"href":"https:\/\/www.dbu.de\/en\/wp-json\/wp\/v2\/types\/attachment"}],"author":[{"embeddable":true,"href":"https:\/\/www.dbu.de\/en\/wp-json\/wp\/v2\/users\/27"}],"replies":[{"embeddable":true,"href":"https:\/\/www.dbu.de\/en\/wp-json\/wp\/v2\/comments?post=66313"}]}}

Schlauchturm, DBU-Naturerbefläche Rüthnicker Heide

<p>Für den Naturschutz erhalten: In dem ehemaligen Schlauchturm sollen Fledermäuse und Zauneidechsen weiterhin geeigneten Unterschlupf finden.</p>

Für den Naturschutz erhalten: In dem ehemaligen Schlauchturm sollen Fledermäuse und Zauneidechsen weiterhin geeigneten Unterschlupf finden.

Aron Farr/TRIONRechtliches: Die Verwendung dieses Bildes ist ausschließlich im Rahmen redaktioneller Berichterstattung mit i

Naturerbefläche

Rüthnicker Heide

Rückbau
