{"id":66309,"date":"2024-02-22T09:00:06","date_gmt":"2024-02-22T08:00:06","guid":{"rendered":"https:\/\/www.dbu.de\/app\/uploads\/dbu_media-Militaerische-Gebaeude_\u00a9Aron-Farr_TRION.jpg"},"modified":"2024-02-22T09:00:06","modified_gmt":"2024-02-22T08:00:06","slug":"media-media-militaerische-gebaeude-dbu-naturerbeflaeche-ruethnicker-heide","status":"inherit","type":"attachment","link":"https:\/\/www.dbu.de\/en\/media-media-militaerische-gebaeude-dbu-naturerbeflaeche-ruethnicker-heide\/","title":{"rendered":"Milit\u00e4rische Geb\u00e4ude, DBU-Naturerbefl\u00e4che R\u00fcthnicker Heide"},"author":27,"featured_media":0,"comment_status":"closed","ping_status":"closed","template":"","meta":[],"class_list":["post-66309","attachment","type-attachment","status-inherit","hentry"],"meta_box":{"dbu_image_usage":"","dbu_image_download":"","dbu_image_copyright":""},"description":{"rendered":"<p class=\"attachment\"><a href='https:\/\/www.dbu.de\/app\/uploads\/dbu_media-Militaerische-Gebaeude_\u00a9Aron-Farr_TRION-scaled.jpg'><img loading=\"lazy\" decoding=\"async\" width=\"800\" height=\"490\" src=\"https:\/\/www.dbu.de\/app\/uploads\/dbu_media-Militaerische-Gebaeude_\u00a9Aron-Farr_TRION-800x490.jpg\" class=\"attachment-medium size-medium\" alt=\"\" srcset=\"https:\/\/www.dbu.de\/app\/uploads\/dbu_media-Militaerische-Gebaeude_\u00a9Aron-Farr_TRION-800x490.jpg 800w, https:\/\/www.dbu.de\/app\/uploads\/dbu_media-Militaerische-Gebaeude_\u00a9Aron-Farr_TRION-1920x1176.jpg 1920w, https:\/\/www.dbu.de\/app\/uploads\/dbu_media-Militaerische-Gebaeude_\u00a9Aron-Farr_TRION-400x245.jpg 400w\" sizes=\"auto, (max-width: 800px) 100vw, 800px\" \/><\/a><\/p>\n"},"caption":{"rendered":"<p>St\u00fcck f\u00fcr St\u00fcck werden auf 5,3 Hektar die Bagger rund 100 ehemals milit\u00e4rische Objekte abrei\u00dfen.<\/p>\n"},"alt_text":"","media_type":"image","mime_type":"image\/jpeg","media_details":{"width":2560,"height":1568,"file":"dbu_media-Militaerische-Gebaeude_\u00a9Aron-Farr_TRION-scaled.jpg","filesize":1654965,"sizes":{"medium":{"file":"dbu_media-Militaerische-Gebaeude_\u00a9Aron-Farr_TRION-800x490.jpg","width":800,"height":490,"filesize":220055,"mime_type":"image\/jpeg","source_url":"https:\/\/www.dbu.de\/app\/uploads\/dbu_media-Militaerische-Gebaeude_\u00a9Aron-Farr_TRION-800x490.jpg"},"large":{"file":"dbu_media-Militaerische-Gebaeude_\u00a9Aron-Farr_TRION-1920x1176.jpg","width":1920,"height":1176,"filesize":1041140,"mime_type":"image\/jpeg","source_url":"https:\/\/www.dbu.de\/app\/uploads\/dbu_media-Militaerische-Gebaeude_\u00a9Aron-Farr_TRION-1920x1176.jpg"},"thumbnail":{"file":"dbu_media-Militaerische-Gebaeude_\u00a9Aron-Farr_TRION-400x245.jpg","width":400,"height":245,"filesize":68826,"mime_type":"image\/jpeg","source_url":"https:\/\/www.dbu.de\/app\/uploads\/dbu_media-Militaerische-Gebaeude_\u00a9Aron-Farr_TRION-400x245.jpg"},"full":{"file":"dbu_media-Militaerische-Gebaeude_\u00a9Aron-Farr_TRION-scaled.jpg","width":2560,"height":1568,"mime_type":"image\/jpeg","source_url":"https:\/\/www.dbu.de\/app\/uploads\/dbu_media-Militaerische-Gebaeude_\u00a9Aron-Farr_TRION-scaled.jpg"}},"image_meta":{"aperture":"5.6","credit":"","camera":"Canon EOS 500D","caption":"St\u00fcck f\u00fcr St\u00fcck werden auf 5,3 Hektar die Bagger rund 100 ehemals milit\u00e4rische Objekte abrei\u00dfen.","created_timestamp":"1666009532","copyright":"Aron Farr\/TRION\r\rRechtliches: \rDie Verwendung dieses Bildes ist ausschlie\u00dflich im Rahmen redaktioneller Berichterstattung mit i","focal_length":"10","iso":"100","shutter_speed":"0.0125","title":"Milit\u00e4rische Geb\u00e4ude, DBU-Naturerbefl\u00e4che R\u00fcthnicker Heide","orientation":"1","keywords":["DBU Naturerbe","Nationales Naturerbe","DBU","Deutsche Bundesstiftung Umwelt","Naturerbefl\u00e4che","R\u00fcthnicker Heide","R\u00fcckbau","Naturschutz","Milit\u00e4rische Geb\u00e4ude"]},"original_image":"dbu_media-Militaerische-Gebaeude_\u00a9Aron-Farr_TRION.jpg"},"post":null,"source_url":"https:\/\/www.dbu.de\/app\/uploads\/dbu_media-Militaerische-Gebaeude_\u00a9Aron-Farr_TRION-scaled.jpg","_links":{"self":[{"href":"https:\/\/www.dbu.de\/en\/wp-json\/wp\/v2\/media\/66309","targetHints":{"allow":["GET","POST","PUT","PATCH","DELETE"]}}],"collection":[{"href":"https:\/\/www.dbu.de\/en\/wp-json\/wp\/v2\/media"}],"about":[{"href":"https:\/\/www.dbu.de\/en\/wp-json\/wp\/v2\/types\/attachment"}],"author":[{"embeddable":true,"href":"https:\/\/www.dbu.de\/en\/wp-json\/wp\/v2\/users\/27"}],"replies":[{"embeddable":true,"href":"https:\/\/www.dbu.de\/en\/wp-json\/wp\/v2\/comments?post=66309"}]}}

Militärische Gebäude, DBU-Naturerbefläche Rüthnicker Heide

<p>Stück für Stück werden auf 5,3 Hektar die Bagger rund 100 ehemals militärische Objekte abreißen.</p>

Stück für Stück werden auf 5,3 Hektar die Bagger rund 100 ehemals militärische Objekte abreißen.

Aron Farr/TRIONRechtliches: Die Verwendung dieses Bildes ist ausschließlich im Rahmen redaktioneller Berichterstattung mit i

Naturerbefläche

Rüthnicker Heide

Rückbau

Militärische Gebäude
