{"id":131714,"date":"2025-03-20T09:22:55","date_gmt":"2025-03-20T08:22:55","guid":{"rendered":"https:\/\/www.dbu.de\/app\/uploads\/dbu-media-2024-pm-039-2025-dbugoesbrussels-gs-keynote-moritzjuelich-dbu.jpg"},"modified":"2025-03-20T09:53:26","modified_gmt":"2025-03-20T08:53:26","slug":"alexander-bonde-steht-vor-monitorbild-von-florika-fink-hooijer-2","status":"inherit","type":"attachment","link":"https:\/\/www.dbu.de\/en\/alexander-bonde-steht-vor-monitorbild-von-florika-fink-hooijer-2\/","title":{"rendered":"Alexander Bonde steht vor Monitorbild von Florika Fink-Hooijer"},"author":9,"featured_media":0,"comment_status":"closed","ping_status":"closed","template":"","meta":[],"class_list":["post-131714","attachment","type-attachment","status-inherit","hentry"],"meta_box":{"dbu_image_usage":"","dbu_image_download":"","dbu_image_copyright":""},"description":{"rendered":"<p class=\"attachment\"><a href='https:\/\/www.dbu.de\/app\/uploads\/dbu-media-2024-pm-039-2025-dbugoesbrussels-gs-keynote-moritzjuelich-dbu-scaled.jpg'><img loading=\"lazy\" decoding=\"async\" width=\"800\" height=\"533\" src=\"https:\/\/www.dbu.de\/app\/uploads\/dbu-media-2024-pm-039-2025-dbugoesbrussels-gs-keynote-moritzjuelich-dbu-800x533.jpg\" class=\"attachment-medium size-medium\" alt=\"\" srcset=\"https:\/\/www.dbu.de\/app\/uploads\/dbu-media-2024-pm-039-2025-dbugoesbrussels-gs-keynote-moritzjuelich-dbu-800x533.jpg 800w, https:\/\/www.dbu.de\/app\/uploads\/dbu-media-2024-pm-039-2025-dbugoesbrussels-gs-keynote-moritzjuelich-dbu-1920x1280.jpg 1920w, https:\/\/www.dbu.de\/app\/uploads\/dbu-media-2024-pm-039-2025-dbugoesbrussels-gs-keynote-moritzjuelich-dbu-400x267.jpg 400w\" sizes=\"auto, (max-width: 800px) 100vw, 800px\" \/><\/a><\/p>\n"},"caption":{"rendered":"<p>DBU-Generalsekret\u00e4r Alexander Bonde (links) und die per Video-Botschaft zugeschaltete Generaldirektorin Florika Fink-Hooijer aus der Generaldirektion Umwelt der EU-Kommission auf der Veranstaltung DBUgoesBrussels der Deutschen Bundesstiftung Umwelt (DBU) am 19. M\u00e4rz 2025 zum Thema \u201cWege aus der Plastikflut\u201d in der Vertretung des Landes Baden-W\u00fcrttemberg bei der Europ\u00e4ischen Union in Br\u00fcssel.<\/p>\n"},"alt_text":"","media_type":"image","mime_type":"image\/jpeg","media_details":{"width":2560,"height":1707,"file":"dbu-media-2024-pm-039-2025-dbugoesbrussels-gs-keynote-moritzjuelich-dbu-scaled.jpg","filesize":391740,"sizes":{"medium":{"file":"dbu-media-2024-pm-039-2025-dbugoesbrussels-gs-keynote-moritzjuelich-dbu-800x533.jpg","width":800,"height":533,"filesize":93165,"mime_type":"image\/jpeg","source_url":"https:\/\/www.dbu.de\/app\/uploads\/dbu-media-2024-pm-039-2025-dbugoesbrussels-gs-keynote-moritzjuelich-dbu-800x533.jpg"},"large":{"file":"dbu-media-2024-pm-039-2025-dbugoesbrussels-gs-keynote-moritzjuelich-dbu-1920x1280.jpg","width":1920,"height":1280,"filesize":267922,"mime_type":"image\/jpeg","source_url":"https:\/\/www.dbu.de\/app\/uploads\/dbu-media-2024-pm-039-2025-dbugoesbrussels-gs-keynote-moritzjuelich-dbu-1920x1280.jpg"},"thumbnail":{"file":"dbu-media-2024-pm-039-2025-dbugoesbrussels-gs-keynote-moritzjuelich-dbu-400x267.jpg","width":400,"height":267,"filesize":46352,"mime_type":"image\/jpeg","source_url":"https:\/\/www.dbu.de\/app\/uploads\/dbu-media-2024-pm-039-2025-dbugoesbrussels-gs-keynote-moritzjuelich-dbu-400x267.jpg"},"full":{"file":"dbu-media-2024-pm-039-2025-dbugoesbrussels-gs-keynote-moritzjuelich-dbu-scaled.jpg","width":2560,"height":1707,"mime_type":"image\/jpeg","source_url":"https:\/\/www.dbu.de\/app\/uploads\/dbu-media-2024-pm-039-2025-dbugoesbrussels-gs-keynote-moritzjuelich-dbu-scaled.jpg"}},"image_meta":{"aperture":"2.8","credit":"DBU Zentrum fuer Umweltkommunika","camera":"Canon EOS R6","caption":"DBU-Generalsekret\u00e4r Alexander Bonde (links) und die per Video-Botschaft zugeschaltete Generaldirektorin Florika Fink-Hooijer aus der Generaldirektion Umwelt der EU-Kommission auf der Veranstaltung DBUgoesBrussels der Deutschen Bundesstiftung Umwelt (DBU) am 19. M\u00e4rz 2025 zum Thema \u201cWege aus der Plastikflut\u201d in der Vertretung des Landes Baden-W\u00fcrttemberg bei der Europ\u00e4ischen Union in Br\u00fcssel.","created_timestamp":"1742411416","copyright":"Moritz J\u00fclich\/DBU\r\rRechtliches:\rDie Verwendung dieses Bildes ist ausschlie\u00dflich im Rahmen redaktioneller Berichterstattung mit","focal_length":"28","iso":"400","shutter_speed":"0.0125","title":"Alexander Bonde steht vor Monitorbild von Florika Fink-Hooijer","orientation":"1","keywords":["Deutsche Bundesstiftung Umwelt","DBU","German Federal Environmental Foundation","Stiftung","Foundation","Umwelt","Environment","Innovation","innovative","Umweltentlastung","Environmental relief","environmentally-friendly","environmentally-sound","eco-friendly","modellhaft","exemplary","Umweltschutz","Environmental protection","Ecology","Environmentalism","Schutz der Umwelt","Protection of the environment","angewandte Umweltforschung","Applied environmental research","Architektur und Bauwesen","architecture and Building industry","Energietechnik","Energy management","Kreislauff\u00fchrung und Emissionsminderung","Circuitry and Emission reduction","Naturschutz","Nature conservation","Nature protection","Stipendienprogramm","Scholarship programme","Umwelt und Kulturg\u00fcter","Environment and cultural assets","umwelt- und gesundheitsfreundliche Verfahren und Produkte","Ecological and healthy procedures and products","Umweltbildung","Environmental education","umweltgerechte Landnutzung","Ecological land use","Umweltinformationsvermittlung","Provision of environmental information","Umweltkommunikation und Umweltmanagement in der mittelst\u00e4ndisch","Environmental communication and eco-management for small- and me","Deutscher Umweltpreis","German Environmental Award","Kunststoffe","Plastik","Plastikkrise"]},"original_image":"dbu-media-2024-pm-039-2025-dbugoesbrussels-gs-keynote-moritzjuelich-dbu.jpg"},"post":null,"source_url":"https:\/\/www.dbu.de\/app\/uploads\/dbu-media-2024-pm-039-2025-dbugoesbrussels-gs-keynote-moritzjuelich-dbu-scaled.jpg","_links":{"self":[{"href":"https:\/\/www.dbu.de\/en\/wp-json\/wp\/v2\/media\/131714","targetHints":{"allow":["GET","POST","PUT","PATCH","DELETE"]}}],"collection":[{"href":"https:\/\/www.dbu.de\/en\/wp-json\/wp\/v2\/media"}],"about":[{"href":"https:\/\/www.dbu.de\/en\/wp-json\/wp\/v2\/types\/attachment"}],"author":[{"embeddable":true,"href":"https:\/\/www.dbu.de\/en\/wp-json\/wp\/v2\/users\/9"}],"replies":[{"embeddable":true,"href":"https:\/\/www.dbu.de\/en\/wp-json\/wp\/v2\/comments?post=131714"}]}}

<p>DBU-Generalsekretär Alexander Bonde (links) und die per Video-Botschaft zugeschaltete Generaldirektorin Florika Fink-Hooijer aus der Generaldirektion Umwelt der EU-Kommission auf der Veranstaltung DBUgoesBrussels der Deutschen Bundesstiftung Umwelt (DBU) am 19. März 2025 zum Thema “Wege aus der Plastikflut” in der Vertretung des Landes Baden-Württemberg bei der Europäischen Union in Brüssel.</p>

DBU-Generalsekretär Alexander Bonde (links) und die per Video-Botschaft zugeschaltete Generaldirektorin Florika Fink-Hooijer aus der Generaldirektion Umwelt der EU-Kommission auf der Veranstaltung DBUgoesBrussels der Deutschen Bundesstiftung Umwelt (DBU) am 19. März 2025 zum Thema “Wege aus der Plastikflut” in der Vertretung des Landes Baden-Württemberg bei der Europäischen Union in Brüssel.

Moritz Jülich/DBURechtliches:Die Verwendung dieses Bildes ist ausschließlich im Rahmen redaktioneller Berichterstattung mit

Kreislaufführung und Emissionsminderung

Umwelt und Kulturgüter

Umweltkommunikation und Umweltmanagement in der mittelständisch
