{"id":130529,"date":"2025-02-03T14:12:45","date_gmt":"2025-02-03T13:12:45","guid":{"rendered":"https:\/\/www.dbu.de\/app\/uploads\/dbu-media-2025-koehler-am-redepult-peter-himsel-dbu.jpg"},"modified":"2025-02-03T14:12:45","modified_gmt":"2025-02-03T13:12:45","slug":"horst-koehler-am-redepult-2","status":"inherit","type":"attachment","link":"https:\/\/www.dbu.de\/en\/horst-koehler-am-redepult-2\/","title":{"rendered":"Horst K\u00f6hler am Redepult"},"author":6,"featured_media":0,"comment_status":"closed","ping_status":"closed","template":"","meta":[],"class_list":["post-130529","attachment","type-attachment","status-inherit","hentry"],"meta_box":{"dbu_image_usage":"","dbu_image_download":"","dbu_image_copyright":""},"description":{"rendered":"<p class=\"attachment\"><a href='https:\/\/www.dbu.de\/app\/uploads\/dbu-media-2025-koehler-am-redepult-peter-himsel-dbu.jpg'><img loading=\"lazy\" decoding=\"async\" width=\"800\" height=\"533\" src=\"https:\/\/www.dbu.de\/app\/uploads\/dbu-media-2025-koehler-am-redepult-peter-himsel-dbu-800x533.jpg\" class=\"attachment-medium size-medium\" alt=\"\" srcset=\"https:\/\/www.dbu.de\/app\/uploads\/dbu-media-2025-koehler-am-redepult-peter-himsel-dbu-800x533.jpg 800w, https:\/\/www.dbu.de\/app\/uploads\/dbu-media-2025-koehler-am-redepult-peter-himsel-dbu-400x267.jpg 400w, https:\/\/www.dbu.de\/app\/uploads\/dbu-media-2025-koehler-am-redepult-peter-himsel-dbu.jpg 1515w\" sizes=\"auto, (max-width: 800px) 100vw, 800px\" \/><\/a><\/p>\n"},"caption":{"rendered":"<p>Zum Nachruf auf Horst K\u00f6hler, der am 1. Februar 2025 verstorben ist: K\u00f6hler am Redepult mit DBU-Logo<\/p>\n"},"alt_text":"","media_type":"image","mime_type":"image\/jpeg","media_details":{"width":1515,"height":1010,"file":"dbu-media-2025-koehler-am-redepult-peter-himsel-dbu.jpg","filesize":372548,"sizes":{"medium":{"file":"dbu-media-2025-koehler-am-redepult-peter-himsel-dbu-800x533.jpg","width":800,"height":533,"filesize":65294,"mime_type":"image\/jpeg","source_url":"https:\/\/www.dbu.de\/app\/uploads\/dbu-media-2025-koehler-am-redepult-peter-himsel-dbu-800x533.jpg"},"thumbnail":{"file":"dbu-media-2025-koehler-am-redepult-peter-himsel-dbu-400x267.jpg","width":400,"height":267,"filesize":33338,"mime_type":"image\/jpeg","source_url":"https:\/\/www.dbu.de\/app\/uploads\/dbu-media-2025-koehler-am-redepult-peter-himsel-dbu-400x267.jpg"},"full":{"file":"dbu-media-2025-koehler-am-redepult-peter-himsel-dbu.jpg","width":1515,"height":1010,"mime_type":"image\/jpeg","source_url":"https:\/\/www.dbu.de\/app\/uploads\/dbu-media-2025-koehler-am-redepult-peter-himsel-dbu.jpg"}},"image_meta":{"aperture":"5","credit":"","camera":"NIKON D4S","caption":"Zum Nachruf auf Horst K\u00f6hler, der am 1. Februar 2025 verstorben ist: K\u00f6hler am Redepult mit DBU-Logo","created_timestamp":"1481231293","copyright":"Peter Himsel\/DBU\r\rRechtliches: Die Verwendung dieses Bildes ist ausschlie\u00dflich im Rahmen redaktioneller Berichterstattung mit i","focal_length":"200","iso":"1600","shutter_speed":"0.01","title":"Horst K\u00f6hler am Redepult","orientation":"1","keywords":["DBU","Deutsche Bundesstiftung Umwelt","Nachruf Horst K\u00f6hler","Ehemaliger Bundespr\u00e4sident","Deutschland","Naturschutz","Innovationen","Engagement","Umweltschutz","Umwelt"]}},"post":null,"source_url":"https:\/\/www.dbu.de\/app\/uploads\/dbu-media-2025-koehler-am-redepult-peter-himsel-dbu.jpg","_links":{"self":[{"href":"https:\/\/www.dbu.de\/en\/wp-json\/wp\/v2\/media\/130529","targetHints":{"allow":["GET","POST","PUT","PATCH","DELETE"]}}],"collection":[{"href":"https:\/\/www.dbu.de\/en\/wp-json\/wp\/v2\/media"}],"about":[{"href":"https:\/\/www.dbu.de\/en\/wp-json\/wp\/v2\/types\/attachment"}],"author":[{"embeddable":true,"href":"https:\/\/www.dbu.de\/en\/wp-json\/wp\/v2\/users\/6"}],"replies":[{"embeddable":true,"href":"https:\/\/www.dbu.de\/en\/wp-json\/wp\/v2\/comments?post=130529"}]}}

Horst Köhler am Redepult

<p>Zum Nachruf auf Horst Köhler, der am 1. Februar 2025 verstorben ist: Köhler am Redepult mit DBU-Logo</p>

Zum Nachruf auf Horst Köhler, der am 1. Februar 2025 verstorben ist: Köhler am Redepult mit DBU-Logo

Peter Himsel/DBURechtliches: Die Verwendung dieses Bildes ist ausschließlich im Rahmen redaktioneller Berichterstattung mit i

Nachruf Horst Köhler

Ehemaliger Bundespräsident
