{"id":128732,"date":"2024-11-12T15:44:12","date_gmt":"2024-11-12T14:44:12","guid":{"rendered":"https:\/\/www.dbu.de\/app\/uploads\/dbu-media-2024-20230927-phaeosynt-2313-p.jpg"},"modified":"2024-11-12T15:44:12","modified_gmt":"2024-11-12T14:44:12","slug":"team-phaeosynt-gmbh-herbst-2024-2","status":"inherit","type":"attachment","link":"https:\/\/www.dbu.de\/en\/team-phaeosynt-gmbh-herbst-2024-2\/","title":{"rendered":"Team Phaeosynt GmbH Herbst 2024"},"author":30,"featured_media":0,"comment_status":"closed","ping_status":"closed","template":"","meta":[],"class_list":["post-128732","attachment","type-attachment","status-inherit","hentry"],"meta_box":{"dbu_image_usage":"","dbu_image_download":"","dbu_image_copyright":""},"description":{"rendered":"<p class=\"attachment\"><a href='https:\/\/www.dbu.de\/app\/uploads\/dbu-media-2024-20230927-phaeosynt-2313-p-scaled.jpg'><img loading=\"lazy\" decoding=\"async\" width=\"800\" height=\"534\" src=\"https:\/\/www.dbu.de\/app\/uploads\/dbu-media-2024-20230927-phaeosynt-2313-p-800x534.jpg\" class=\"attachment-medium size-medium\" alt=\"\" srcset=\"https:\/\/www.dbu.de\/app\/uploads\/dbu-media-2024-20230927-phaeosynt-2313-p-800x534.jpg 800w, https:\/\/www.dbu.de\/app\/uploads\/dbu-media-2024-20230927-phaeosynt-2313-p-1920x1281.jpg 1920w, https:\/\/www.dbu.de\/app\/uploads\/dbu-media-2024-20230927-phaeosynt-2313-p-400x267.jpg 400w\" sizes=\"auto, (max-width: 800px) 100vw, 800px\" \/><\/a><\/p>\n"},"caption":{"rendered":"<p>Innovatives Phaeosynt-Team (v.l.): Eva-Maria Pl\u00f6nnigs, Ilka Kerren, Dr. Alina Eilers, Stas Hans, Stephanie Pfeil-Coenen, Dr. Maren Wichmann und Dr. Thomas Reinard wollen mit F\u00f6rderung durch die Deutsche Bundesstiftung Umwelt (DBU) den Antik\u00f6rper-Markt ver\u00e4ndern.<\/p>\n"},"alt_text":"","media_type":"image","mime_type":"image\/jpeg","media_details":{"width":2560,"height":1708,"file":"dbu-media-2024-20230927-phaeosynt-2313-p-scaled.jpg","filesize":1187984,"sizes":{"medium":{"file":"dbu-media-2024-20230927-phaeosynt-2313-p-800x534.jpg","width":800,"height":534,"filesize":180366,"mime_type":"image\/jpeg","source_url":"https:\/\/www.dbu.de\/app\/uploads\/dbu-media-2024-20230927-phaeosynt-2313-p-800x534.jpg"},"large":{"file":"dbu-media-2024-20230927-phaeosynt-2313-p-1920x1281.jpg","width":1920,"height":1281,"filesize":729266,"mime_type":"image\/jpeg","source_url":"https:\/\/www.dbu.de\/app\/uploads\/dbu-media-2024-20230927-phaeosynt-2313-p-1920x1281.jpg"},"thumbnail":{"file":"dbu-media-2024-20230927-phaeosynt-2313-p-400x267.jpg","width":400,"height":267,"filesize":65331,"mime_type":"image\/jpeg","source_url":"https:\/\/www.dbu.de\/app\/uploads\/dbu-media-2024-20230927-phaeosynt-2313-p-400x267.jpg"},"full":{"file":"dbu-media-2024-20230927-phaeosynt-2313-p-scaled.jpg","width":2560,"height":1708,"mime_type":"image\/jpeg","source_url":"https:\/\/www.dbu.de\/app\/uploads\/dbu-media-2024-20230927-phaeosynt-2313-p-scaled.jpg"}},"image_meta":{"aperture":"0","credit":"","camera":"","caption":"Innovatives Phaeosynt-Team (v.l.): Eva-Maria Pl\u00f6nnigs, Ilka Kerren, Dr. Alina Eilers, Stas Hans, Stephanie Pfeil-Coenen, Dr. Maren Wichmann und Dr. Thomas Reinard wollen mit F\u00f6rderung durch die Deutsche Bundesstiftung Umwelt (DBU) den Antik\u00f6rper-Markt ver\u00e4ndern.","created_timestamp":"0","copyright":"Kevin M\u00fcnkel\r\rRechtliches: Die Verwendung dieses Bildes ist ausschlie\u00dflich im Rahmen redaktioneller Berichterstattung mit inha","focal_length":"0","iso":"0","shutter_speed":"0","title":"Team Phaeosynt GmbH Herbst 2024","orientation":"1","keywords":["DBU","Deutsche Bundesstiftung Umwelt","Green Startup","F\u00f6rderung","Phaeosynt GmbH","Antik\u00f6rper","Biotechnologie","Medizinische Diagnostik","Labor","Kieselalgen","Nachhaltigkeit"]},"original_image":"dbu-media-2024-20230927-phaeosynt-2313-p.jpg"},"post":null,"source_url":"https:\/\/www.dbu.de\/app\/uploads\/dbu-media-2024-20230927-phaeosynt-2313-p-scaled.jpg","_links":{"self":[{"href":"https:\/\/www.dbu.de\/en\/wp-json\/wp\/v2\/media\/128732","targetHints":{"allow":["GET","POST","PUT","PATCH","DELETE"]}}],"collection":[{"href":"https:\/\/www.dbu.de\/en\/wp-json\/wp\/v2\/media"}],"about":[{"href":"https:\/\/www.dbu.de\/en\/wp-json\/wp\/v2\/types\/attachment"}],"author":[{"embeddable":true,"href":"https:\/\/www.dbu.de\/en\/wp-json\/wp\/v2\/users\/30"}],"replies":[{"embeddable":true,"href":"https:\/\/www.dbu.de\/en\/wp-json\/wp\/v2\/comments?post=128732"}]}}

<p>Innovatives Phaeosynt-Team (v.l.): Eva-Maria Plönnigs, Ilka Kerren, Dr. Alina Eilers, Stas Hans, Stephanie Pfeil-Coenen, Dr. Maren Wichmann und Dr. Thomas Reinard wollen mit Förderung durch die Deutsche Bundesstiftung Umwelt (DBU) den Antikörper-Markt verändern.</p>

Innovatives Phaeosynt-Team (v.l.): Eva-Maria Plönnigs, Ilka Kerren, Dr. Alina Eilers, Stas Hans, Stephanie Pfeil-Coenen, Dr. Maren Wichmann und Dr. Thomas Reinard wollen mit Förderung durch die Deutsche Bundesstiftung Umwelt (DBU) den Antikörper-Markt verändern.

Kevin MünkelRechtliches: Die Verwendung dieses Bildes ist ausschließlich im Rahmen redaktioneller Berichterstattung mit inha

Förderung

Antikörper
