{"id":103350,"date":"2024-09-19T15:57:29","date_gmt":"2024-09-19T13:57:29","guid":{"rendered":"https:\/\/www.dbu.de\/app\/uploads\/dbu_media-Pressekarte_Brenker-Mark_\u00a9DBU-Naturerbe.jpg"},"modified":"2024-09-19T15:57:29","modified_gmt":"2024-09-19T13:57:29","slug":"pressekarte_brenker-mark-2","status":"inherit","type":"attachment","link":"https:\/\/www.dbu.de\/en\/pressekarte_brenker-mark-2\/","title":{"rendered":"Pressekarte_Brenker Mark"},"author":6,"featured_media":0,"comment_status":"closed","ping_status":"closed","template":"","meta":[],"class_list":["post-103350","attachment","type-attachment","status-inherit","hentry"],"meta_box":{"dbu_image_usage":"","dbu_image_download":"","dbu_image_copyright":""},"description":{"rendered":"<p class=\"attachment\"><a href='https:\/\/www.dbu.de\/app\/uploads\/dbu_media-Pressekarte_Brenker-Mark_\u00a9DBU-Naturerbe.jpg'><img loading=\"lazy\" decoding=\"async\" width=\"800\" height=\"800\" src=\"https:\/\/www.dbu.de\/app\/uploads\/dbu_media-Pressekarte_Brenker-Mark_\u00a9DBU-Naturerbe-800x800.jpg\" class=\"attachment-medium size-medium\" alt=\"\" srcset=\"https:\/\/www.dbu.de\/app\/uploads\/dbu_media-Pressekarte_Brenker-Mark_\u00a9DBU-Naturerbe-800x800.jpg 800w, https:\/\/www.dbu.de\/app\/uploads\/dbu_media-Pressekarte_Brenker-Mark_\u00a9DBU-Naturerbe-1920x1917.jpg 1920w, https:\/\/www.dbu.de\/app\/uploads\/dbu_media-Pressekarte_Brenker-Mark_\u00a9DBU-Naturerbe-400x400.jpg 400w\" sizes=\"auto, (max-width: 800px) 100vw, 800px\" \/><\/a><\/p>\n"},"caption":{"rendered":"<p>Die Brenker Mark liegt \u00f6stlich von B\u00fcren, ist 224 Hektar gro\u00df und diente dem Milit\u00e4r ehemals als Standort\u00fcbungsplatz.<\/p>\n"},"alt_text":"","media_type":"image","mime_type":"image\/jpeg","media_details":{"width":2248,"height":2244,"file":"dbu_media-Pressekarte_Brenker-Mark_\u00a9DBU-Naturerbe.jpg","filesize":1492970,"sizes":{"medium":{"file":"dbu_media-Pressekarte_Brenker-Mark_\u00a9DBU-Naturerbe-800x800.jpg","width":800,"height":800,"filesize":181416,"mime_type":"image\/jpeg","source_url":"https:\/\/www.dbu.de\/app\/uploads\/dbu_media-Pressekarte_Brenker-Mark_\u00a9DBU-Naturerbe-800x800.jpg"},"large":{"file":"dbu_media-Pressekarte_Brenker-Mark_\u00a9DBU-Naturerbe-1920x1917.jpg","width":1920,"height":1917,"filesize":601969,"mime_type":"image\/jpeg","source_url":"https:\/\/www.dbu.de\/app\/uploads\/dbu_media-Pressekarte_Brenker-Mark_\u00a9DBU-Naturerbe-1920x1917.jpg"},"thumbnail":{"file":"dbu_media-Pressekarte_Brenker-Mark_\u00a9DBU-Naturerbe-400x400.jpg","width":400,"height":400,"filesize":67310,"mime_type":"image\/jpeg","source_url":"https:\/\/www.dbu.de\/app\/uploads\/dbu_media-Pressekarte_Brenker-Mark_\u00a9DBU-Naturerbe-400x400.jpg"},"full":{"file":"dbu_media-Pressekarte_Brenker-Mark_\u00a9DBU-Naturerbe.jpg","width":2248,"height":2244,"mime_type":"image\/jpeg","source_url":"https:\/\/www.dbu.de\/app\/uploads\/dbu_media-Pressekarte_Brenker-Mark_\u00a9DBU-Naturerbe.jpg"}},"image_meta":{"aperture":"0","credit":"DBU Naturerbe","camera":"","caption":"Die Brenker Mark liegt \u00f6stlich von B\u00fcren, ist 224 Hektar gro\u00df und diente dem Milit\u00e4r ehemals als Standort\u00fcbungsplatz.","created_timestamp":"0","copyright":"DBU Naturerbe\rRechtliches:\rDie Verwendung dieses Bildes ist ausschlie\u00dflich im Rahmen redaktioneller Berichterstattung mit inhal","focal_length":"0","iso":"0","shutter_speed":"0","title":"Pressekarte_Brenker Mark","orientation":"1","keywords":["Brenker Mark","DBU","DBU Naturerbe","Deutsche Bundesstiftung Umwelt","Nationales Naturerbe","Naturschutz"]}},"post":null,"source_url":"https:\/\/www.dbu.de\/app\/uploads\/dbu_media-Pressekarte_Brenker-Mark_\u00a9DBU-Naturerbe.jpg","_links":{"self":[{"href":"https:\/\/www.dbu.de\/en\/wp-json\/wp\/v2\/media\/103350","targetHints":{"allow":["GET","POST","PUT","PATCH","DELETE"]}}],"collection":[{"href":"https:\/\/www.dbu.de\/en\/wp-json\/wp\/v2\/media"}],"about":[{"href":"https:\/\/www.dbu.de\/en\/wp-json\/wp\/v2\/types\/attachment"}],"author":[{"embeddable":true,"href":"https:\/\/www.dbu.de\/en\/wp-json\/wp\/v2\/users\/6"}],"replies":[{"embeddable":true,"href":"https:\/\/www.dbu.de\/en\/wp-json\/wp\/v2\/comments?post=103350"}]}}

<p>Die Brenker Mark liegt östlich von Büren, ist 224 Hektar groß und diente dem Militär ehemals als Standortübungsplatz.</p>

Die Brenker Mark liegt östlich von Büren, ist 224 Hektar groß und diente dem Militär ehemals als Standortübungsplatz.

DBU NaturerbeRechtliches:Die Verwendung dieses Bildes ist ausschließlich im Rahmen redaktioneller Berichterstattung mit inhal
