{"id":101229,"date":"2024-07-19T17:22:02","date_gmt":"2024-07-19T15:22:02","guid":{"rendered":"https:\/\/www.dbu.de\/app\/uploads\/dbu_media-Wildnisvereinbarung_Daubaner-Wald_Gruppenfoto_Wannick.jpg"},"modified":"2024-07-19T17:22:02","modified_gmt":"2024-07-19T15:22:02","slug":"media-media-gruppenbild_wildnisvereinbarung","status":"inherit","type":"attachment","link":"https:\/\/www.dbu.de\/en\/media-media-gruppenbild_wildnisvereinbarung\/","title":{"rendered":"Gruppenbild_Wildnisvereinbarung"},"author":11,"featured_media":0,"comment_status":"closed","ping_status":"closed","template":"","meta":[],"class_list":["post-101229","attachment","type-attachment","status-inherit","hentry"],"meta_box":{"dbu_image_usage":"","dbu_image_download":"","dbu_image_copyright":""},"description":{"rendered":"<p class=\"attachment\"><a href='https:\/\/www.dbu.de\/app\/uploads\/dbu_media-Wildnisvereinbarung_Daubaner-Wald_Gruppenfoto_Wannick-scaled.jpg'><img loading=\"lazy\" decoding=\"async\" width=\"662\" height=\"800\" src=\"https:\/\/www.dbu.de\/app\/uploads\/dbu_media-Wildnisvereinbarung_Daubaner-Wald_Gruppenfoto_Wannick-662x800.jpg\" class=\"attachment-medium size-medium\" alt=\"\" srcset=\"https:\/\/www.dbu.de\/app\/uploads\/dbu_media-Wildnisvereinbarung_Daubaner-Wald_Gruppenfoto_Wannick-662x800.jpg 662w, https:\/\/www.dbu.de\/app\/uploads\/dbu_media-Wildnisvereinbarung_Daubaner-Wald_Gruppenfoto_Wannick-1589x1920.jpg 1589w, https:\/\/www.dbu.de\/app\/uploads\/dbu_media-Wildnisvereinbarung_Daubaner-Wald_Gruppenfoto_Wannick-331x400.jpg 331w\" sizes=\"auto, (max-width: 662px) 100vw, 662px\" \/><\/a><\/p>\n"},"caption":{"rendered":"<p>Haben sich gemeinsam ein Bild von der Wildnisfl\u00e4che im Daubaner Wald gemacht: (v.l.) DBU-Generalsekret\u00e4r Alexander Bonde, Bundesumweltministerin Steffi Lemke und Sachsens Umweltminister Wolfram G\u00fcnther.<\/p>\n"},"alt_text":"","media_type":"image","mime_type":"image\/jpeg","media_details":{"width":2118,"height":2560,"file":"dbu_media-Wildnisvereinbarung_Daubaner-Wald_Gruppenfoto_Wannick-scaled.jpg","filesize":2485374,"sizes":{"medium":{"file":"dbu_media-Wildnisvereinbarung_Daubaner-Wald_Gruppenfoto_Wannick-662x800.jpg","width":662,"height":800,"filesize":346060,"mime_type":"image\/jpeg","source_url":"https:\/\/www.dbu.de\/app\/uploads\/dbu_media-Wildnisvereinbarung_Daubaner-Wald_Gruppenfoto_Wannick-662x800.jpg"},"large":{"file":"dbu_media-Wildnisvereinbarung_Daubaner-Wald_Gruppenfoto_Wannick-1589x1920.jpg","width":1589,"height":1920,"filesize":1613967,"mime_type":"image\/jpeg","source_url":"https:\/\/www.dbu.de\/app\/uploads\/dbu_media-Wildnisvereinbarung_Daubaner-Wald_Gruppenfoto_Wannick-1589x1920.jpg"},"thumbnail":{"file":"dbu_media-Wildnisvereinbarung_Daubaner-Wald_Gruppenfoto_Wannick-331x400.jpg","width":331,"height":400,"filesize":101317,"mime_type":"image\/jpeg","source_url":"https:\/\/www.dbu.de\/app\/uploads\/dbu_media-Wildnisvereinbarung_Daubaner-Wald_Gruppenfoto_Wannick-331x400.jpg"},"full":{"file":"dbu_media-Wildnisvereinbarung_Daubaner-Wald_Gruppenfoto_Wannick-scaled.jpg","width":2118,"height":2560,"mime_type":"image\/jpeg","source_url":"https:\/\/www.dbu.de\/app\/uploads\/dbu_media-Wildnisvereinbarung_Daubaner-Wald_Gruppenfoto_Wannick-scaled.jpg"}},"image_meta":{"aperture":"2.4","credit":"Gesa Wannick\/DBU Naturerbe","camera":"SM-G973F","caption":"Haben sich gemeinsam ein Bild von der Wildnisfl\u00e4che im Daubaner Wald gemacht: (v.l.) DBU-Generalsekret\u00e4r Alexander Bonde, Bundesumweltministerin Steffi Lemke und Sachsens Umweltminister Wolfram G\u00fcnther.","created_timestamp":"1721389789","copyright":"","focal_length":"4.32","iso":"50","shutter_speed":"0.0019230769230769","title":"Gruppenbild_Wildnisvereinbarung","orientation":"1","keywords":[]},"original_image":"dbu_media-Wildnisvereinbarung_Daubaner-Wald_Gruppenfoto_Wannick.jpg"},"post":null,"source_url":"https:\/\/www.dbu.de\/app\/uploads\/dbu_media-Wildnisvereinbarung_Daubaner-Wald_Gruppenfoto_Wannick-scaled.jpg","_links":{"self":[{"href":"https:\/\/www.dbu.de\/en\/wp-json\/wp\/v2\/media\/101229","targetHints":{"allow":["GET","POST","PUT","PATCH","DELETE"]}}],"collection":[{"href":"https:\/\/www.dbu.de\/en\/wp-json\/wp\/v2\/media"}],"about":[{"href":"https:\/\/www.dbu.de\/en\/wp-json\/wp\/v2\/types\/attachment"}],"author":[{"embeddable":true,"href":"https:\/\/www.dbu.de\/en\/wp-json\/wp\/v2\/users\/11"}],"replies":[{"embeddable":true,"href":"https:\/\/www.dbu.de\/en\/wp-json\/wp\/v2\/comments?post=101229"}]}}

<p>Haben sich gemeinsam ein Bild von der Wildnisfläche im Daubaner Wald gemacht: (v.l.) DBU-Generalsekretär Alexander Bonde, Bundesumweltministerin Steffi Lemke und Sachsens Umweltminister Wolfram Günther.</p>

Haben sich gemeinsam ein Bild von der Wildnisfläche im Daubaner Wald gemacht: (v.l.) DBU-Generalsekretär Alexander Bonde, Bundesumweltministerin Steffi Lemke und Sachsens Umweltminister Wolfram Günther.
