{"version":"1.0","provider_name":"DBU","provider_url":"https:\/\/www.dbu.de\/en\/","title":"Gesch\u00e4ftsf\u00fchrungsduo Lars Baumg\u00fcrtel und Ingenieurin Dr. Birgitt Bendiek vom Stahlverzinkungsbetrieb ZINQ mit Stammsitz in Gelsenkirchen. Baumg\u00fcrtel und Bendiek erhalten 2025 den Deutschen Umweltpreis der Deutschen Bundesstiftung Umwelt (DBU), zusammen mit der Schweizer Klimaforscherin Prof. Dr. Sonia Seneviratne","type":"rich","width":600,"height":338,"html":"<blockquote class=\"wp-embedded-content\" data-secret=\"FnVEhCdMfL\"><a href=\"https:\/\/www.dbu.de\/en\/lars-baumguertel-und-dr-birgitt-bendiek-2\/\">Gesch\u00e4ftsf\u00fchrungsduo Lars Baumg\u00fcrtel und Ingenieurin Dr. Birgitt Bendiek vom Stahlverzinkungsbetrieb ZINQ mit Stammsitz in Gelsenkirchen. Baumg\u00fcrtel und Bendiek erhalten 2025 den Deutschen Umweltpreis der Deutschen Bundesstiftung Umwelt (DBU), zusammen mit der Schweizer Klimaforscherin Prof. Dr. Sonia Seneviratne<\/a><\/blockquote><iframe sandbox=\"allow-scripts\" security=\"restricted\" src=\"https:\/\/www.dbu.de\/en\/lars-baumguertel-und-dr-birgitt-bendiek-2\/embed\/#?secret=FnVEhCdMfL\" width=\"600\" height=\"338\" title=\"&#8220;Gesch\u00e4ftsf\u00fchrungsduo Lars Baumg\u00fcrtel und Ingenieurin Dr. Birgitt Bendiek vom Stahlverzinkungsbetrieb ZINQ mit Stammsitz in Gelsenkirchen. Baumg\u00fcrtel und Bendiek erhalten 2025 den Deutschen Umweltpreis der Deutschen Bundesstiftung Umwelt (DBU), zusammen mit der Schweizer Klimaforscherin Prof. Dr. Sonia Seneviratne&#8221; &#8212; DBU\" data-secret=\"FnVEhCdMfL\" frameborder=\"0\" marginwidth=\"0\" marginheight=\"0\" scrolling=\"no\" class=\"wp-embedded-content\"><\/iframe><script type=\"text\/javascript\">\n\/* <![CDATA[ *\/\n\/*! This file is auto-generated *\/\n!function(d,l){\"use strict\";l.querySelector&&d.addEventListener&&\"undefined\"!=typeof URL&&(d.wp=d.wp||{},d.wp.receiveEmbedMessage||(d.wp.receiveEmbedMessage=function(e){var t=e.data;if((t||t.secret||t.message||t.value)&&!\/[^a-zA-Z0-9]\/.test(t.secret)){for(var s,r,n,a=l.querySelectorAll('iframe[data-secret=\"'+t.secret+'\"]'),o=l.querySelectorAll('blockquote[data-secret=\"'+t.secret+'\"]'),c=new RegExp(\"^https?:$\",\"i\"),i=0;i<o.length;i++)o[i].style.display=\"none\";for(i=0;i<a.length;i++)s=a[i],e.source===s.contentWindow&&(s.removeAttribute(\"style\"),\"height\"===t.message?(1e3<(r=parseInt(t.value,10))?r=1e3:~~r<200&&(r=200),s.height=r):\"link\"===t.message&&(r=new URL(s.getAttribute(\"src\")),n=new URL(t.value),c.test(n.protocol))&&n.host===r.host&&l.activeElement===s&&(d.top.location.href=t.value))}},d.addEventListener(\"message\",d.wp.receiveEmbedMessage,!1),l.addEventListener(\"DOMContentLoaded\",function(){for(var e,t,s=l.querySelectorAll(\"iframe.wp-embedded-content\"),r=0;r<s.length;r++)(t=(e=s[r]).getAttribute(\"data-secret\"))||(t=Math.random().toString(36).substring(2,12),e.src+=\"#?secret=\"+t,e.setAttribute(\"data-secret\",t)),e.contentWindow.postMessage({message:\"ready\",secret:t},\"*\")},!1)))}(window,document);\n\/\/# sourceURL=https:\/\/www.dbu.de\/wp\/wp-includes\/js\/wp-embed.min.js\n\/* ]]> *\/\n<\/script>\n","thumbnail_url":"https:\/\/www.dbu.de\/app\/uploads\/dbu-media-uwp-2025-uwp25-baumguertel-bendiek-markus-grosse-ophoff-scaled.jpg","thumbnail_width":2560,"thumbnail_height":1707}

Geschäftsführungsduo Lars Baumgürtel und Ingenieurin Dr. Birgitt Bendiek vom Stahlverzinkungsbetrieb ZINQ mit Stammsitz in Gelsenkirchen. Baumgürtel und Bendiek erhalten 2025 den Deutschen Umweltpreis der Deutschen Bundesstiftung Umwelt (DBU), zusammen mit der Schweizer Klimaforscherin Prof. Dr. Sonia Seneviratne

<blockquote class="wp-embedded-content" data-secret="FnVEhCdMfL"><a href="https://www.dbu.de/en/lars-baumguertel-und-dr-birgitt-bendiek-2/">Geschäftsführungsduo Lars Baumgürtel und Ingenieurin Dr. Birgitt Bendiek vom Stahlverzinkungsbetrieb ZINQ mit Stammsitz in Gelsenkirchen. Baumgürtel und Bendiek erhalten 2025 den Deutschen Umweltpreis der Deutschen Bundesstiftung Umwelt (DBU), zusammen mit der Schweizer Klimaforscherin Prof. Dr. Sonia Seneviratne</a></blockquote><iframe sandbox="allow-scripts" security="restricted" src="https://www.dbu.de/en/lars-baumguertel-und-dr-birgitt-bendiek-2/embed/#?secret=FnVEhCdMfL" width="600" height="338" title="&#8220;Geschäftsführungsduo Lars Baumgürtel und Ingenieurin Dr. Birgitt Bendiek vom Stahlverzinkungsbetrieb ZINQ mit Stammsitz in Gelsenkirchen. Baumgürtel und Bendiek erhalten 2025 den Deutschen Umweltpreis der Deutschen Bundesstiftung Umwelt (DBU), zusammen mit der Schweizer Klimaforscherin Prof. Dr. Sonia Seneviratne&#8221; &#8212; DBU" data-secret="FnVEhCdMfL" frameborder="0" marginwidth="0" marginheight="0" scrolling="no" class="wp-embedded-content"></iframe><script type="text/javascript">
/* <![CDATA[ */
/*! This file is auto-generated */
!function(d,l){"use strict";l.querySelector&&d.addEventListener&&"undefined"!=typeof URL&&(d.wp=d.wp||{},d.wp.receiveEmbedMessage||(d.wp.receiveEmbedMessage=function(e){var t=e.data;if((t||t.secret||t.message||t.value)&&!/[^a-zA-Z0-9]/.test(t.secret)){for(var s,r,n,a=l.querySelectorAll('iframe[data-secret="'+t.secret+'"]'),o=l.querySelectorAll('blockquote[data-secret="'+t.secret+'"]'),c=new RegExp("^https?:$","i"),i=0;i<o.length;i++)o[i].style.display="none";for(i=0;i<a.length;i++)s=a[i],e.source===s.contentWindow&&(s.removeAttribute("style"),"height"===t.message?(1e3<(r=parseInt(t.value,10))?r=1e3:~~r<200&&(r=200),s.height=r):"link"===t.message&&(r=new URL(s.getAttribute("src")),n=new URL(t.value),c.test(n.protocol))&&n.host===r.host&&l.activeElement===s&&(d.top.location.href=t.value))}},d.addEventListener("message",d.wp.receiveEmbedMessage,!1),l.addEventListener("DOMContentLoaded",function(){for(var e,t,s=l.querySelectorAll("iframe.wp-embedded-content"),r=0;r<s.length;r++)(t=(e=s[r]).getAttribute("data-secret"))||(t=Math.random().toString(36).substring(2,12),e.src+="#?secret="+t,e.setAttribute("data-secret",t)),e.contentWindow.postMessage({message:"ready",secret:t},"*")},!1)))}(window,document);
//# sourceURL=https://www.dbu.de/wp/wp-includes/js/wp-embed.min.js
/* ]]> */
</script>
